000
CXUS51 KRNK 010543
CLSLYH
CLIMATE REPORT
NATIONAL WEATHER SERVICE BLACKSBURG, VA
1243 AM EST WED DEC 01 2021
...................................
...THE LYNCHBURG VA CLIMATE SUMMARY FOR THE SEASON, FROM
9/1/2021 TO 11/30/2021...
CLIMATE NORMAL PERIOD: 1991 TO 2020
CLIMATE RECORD PERIOD: 1893 TO 2021
WEATHER OBSERVED NORMAL DEPART LAST YEAR`S
VALUE DATE(S) VALUE FROM VALUE
NORMAL
..............................................................
TEMPERATURE (F)
RECORD
HIGH 102 09/01/1932
LOW 8 11/25/1970
HIGHEST 92 09/13 92
LOWEST 20 11/24 25
AVG. MAXIMUM 72.4 68.6 3.8 72.0
AVG. MINIMUM 47.7 45.6 2.1 49.4
MEAN 60.1 57.1 3.0 60.7
DAYS MAX >= 90 5 2.8 2.2 2
DAYS MAX <= 32 0 0.0 0.0 0
DAYS MIN <= 32 16 15.4 0.6 3
DAYS MIN <= 0 0 0.0 0.0 0
PRECIPITATION (INCHES)
RECORD
MAXIMUM 21.42 2020
MINIMUM 1.85 1931
TOTALS 6.33 10.47 -4.14 21.42
DAYS >= .01 20 24.3 -4.3 24
DAYS >= .10 8 14.9 -6.9 17
DAYS >= .50 6 7.0 -1.0 13
DAYS >= 1.00 2 3.4 -1.4 8
GREATEST
24 HR. TOTAL 1.47 3.74
SNOWFALL (INCHES)
TOTALS 0.0 0.0 0.0 0.0
DAYS >= TRACE 0 0
DAYS >= 1.0 0 0
GREATEST
24 HR TOTAL 0.0 MM
DEGREE DAYS
HEATING TOTAL 662 869 -207 564
COOLING TOTAL 260 156 104 196
..............................................................
WIND (MPH)
AVERAGE WIND SPEED 4.0
RESULTANT WIND SPEED/DIRECTION 1/180
HIGHEST WIND SPEED/DIRECTION 24/170 DATE 09/22
HIGHEST GUST SPEED/DIRECTION 33/330 DATE 09/22
SKY COVER
AVERAGE SKY COVER 0.28
AVERAGE RH (PERCENT) 65
WEATHER CONDITIONS. NUMBER OF DAYS WITH
THUNDERSTORM 3 MIXED PRECIP 0
HEAVY RAIN 7 RAIN 8
LIGHT RAIN 32 FREEZING RAIN 0
LT FREEZING RAIN 0 HAIL 0
HEAVY SNOW 0 SNOW 0
LIGHT SNOW 0 SLEET 0
FOG 35 FOG W/VIS <= 1/4 MILE 5
HAZE 0
- INDICATES NEGATIVE NUMBERS.
R INDICATES RECORD WAS SET OR TIED.
MM INDICATES DATA IS MISSING.
T INDICATES TRACE AMOUNT.
REMARKS:
DUE TO AN EQUIPMENT FAILURE ON NOVEMBER 4, 2021, ALL TEMPERATURE
AND HEATING DEGREE DAY INFORMATION WILL BE CALCULATED WITHOUT DATA
FROM THIS DATE.
$$