000
CXUS51 KRNK 010840
CLSLYH
CLIMATE REPORT
NATIONAL WEATHER SERVICE BLACKSBURG, VA
340 AM EST MON MAR 01 2021
...................................
...THE LYNCHBURG VA CLIMATE SUMMARY FOR THE SEASON, FROM
12/1/2020 TO 2/28/2021...
CLIMATE NORMAL PERIOD: 1981 TO 2010
CLIMATE RECORD PERIOD: 1893 TO 2021
WEATHER OBSERVED NORMAL DEPART LAST YEAR`S
VALUE DATE(S) VALUE FROM VALUE
NORMAL
..............................................................
TEMPERATURE (F)
RECORD
HIGH 82 02/11/1932
LOW -11 02/20/2015
HIGHEST 69 02/24 71
LOWEST 15 01/29 16
AVG. MAXIMUM 48.4 47.4 1.0 52.9
AVG. MINIMUM 28.9 26.4 2.5 32.2
MEAN 38.6 36.9 1.7 42.6
DAYS MAX >= 90 0 0.0 0.0 0
DAYS MAX <= 32 2 6.1 -4.1 0
DAYS MIN <= 32 64 67.0 -3.0 50
DAYS MIN <= 0 0 0.4 -0.4 0
PRECIPITATION (INCHES)
RECORD
MAXIMUM 18.30 1901
MINIMUM 4.69 1906
TOTALS 13.40 9.31 4.09 12.20
DAYS >= .01 31 28.2 2.8 34
DAYS >= .10 22 17.6 4.4 23
DAYS >= .50 11 6.5 4.5 8
DAYS >= 1.00 4 1.9 2.1 2
GREATEST
24 HR. TOTAL 2.23 2.43
SNOWFALL (INCHES)
TOTALS 8.9 T
DAYS >= TRACE 15 4
DAYS >= 1.0 3 0
GREATEST
24 HR TOTAL 4.7 T
DEGREE DAYS
HEATING TOTAL 2348 2529 -181 2023
COOLING TOTAL 0 0 0 0
..............................................................
WIND (MPH)
AVERAGE WIND SPEED 5.0
RESULTANT WIND SPEED/DIRECTION 0/320
HIGHEST WIND SPEED/DIRECTION 24/290 DATE 02/23
HIGHEST GUST SPEED/DIRECTION 38/300 DATE 02/23
SKY COVER
AVERAGE SKY COVER 0.43
AVERAGE RH (PERCENT) 65
WEATHER CONDITIONS. NUMBER OF DAYS WITH
THUNDERSTORM 0 MIXED PRECIP 0
HEAVY RAIN 9 RAIN 13
LIGHT RAIN 31 FREEZING RAIN 4
LT FREEZING RAIN 9 HAIL 0
HEAVY SNOW 0 SNOW 1
LIGHT SNOW 12 SLEET 6
FOG 35 FOG W/VIS <= 1/4 MILE 11
HAZE 0
- INDICATES NEGATIVE NUMBERS.
R INDICATES RECORD WAS SET OR TIED.
MM INDICATES DATA IS MISSING.
T INDICATES TRACE AMOUNT.
$$
PW