000
CXUS54 KLZK 011330
CF6LZK
PRELIMINARY LOCAL CLIMATOLOGICAL DATA (WS FORM: F-6)
STATION: NORTH LITTLE ROCK
MONTH: DECEMBER
YEAR: 2023
LATITUDE: 34 50 N
LONGITUDE: 92 16 W
TEMPERATURE IN F: :PCPN: SNOW: WIND :SUNSHINE: SKY :PK WND
================================================================================
1 2 3 4 5 6A 6B 7 8 9 10 11 12 13 14 15 16 17 18
12Z AVG MX 2MIN
DY MAX MIN AVG DEP HDD CDD WTR SNW DPTH SPD SPD DIR MIN PSBL S-S WX SPD DR
================================================================================
1 66 45 56 10 9 0 0.02 0.0 0 M M M M M M 12 M M
2 57 42 50 4 15 0 0.00 0.0 0 M M M M M M M M
3 62 44 53 7 12 0 0.00 0.0 0 M M M M M M M M
4 54 40 47 1 18 0 0.00 0.0 0 M M M M M M M M
5 61 36 49 4 16 0 0.00 0.0 0 M M M M M M M M
6 54 35 45 0 20 0 0.00 0.0 0 M M M M M M M M
7 60 39 50 5 15 0 0.00 0.0 0 M M M M M M M M
8 63 47 55 10 10 0 0.00 0.0 0 M M M M M M M M
9 64 47 56 12 9 0 0.06 0.0 0 M M M M M M 3 M M
10 51 36 44 0 21 0 0.00 0.0 0 M M M M M M M M
11 55 32 44 0 21 0 0.00 0.0 0 M M M M M M M M
12 62 37 50 6 15 0 0.00 0.0 0 M M M M M M M M
13 58 41 50 6 15 0 0.00 0.0 0 M M M M M M M M
14 62 40 51 8 14 0 0.00 0.0 0 M M M M M M M M
15 59 40 50 7 15 0 0.04 0.0 0 M M M M M M M M
16 54 40 47 4 18 0 0.15 0.0 0 M M M M M M M M
17 55 36 46 3 19 0 0.00 0.0 0 M M M M M M M M
18 53 36 45 2 20 0 0.00 0.0 0 M M M M M M M M
19 45 29 37 -5 28 0 0.00 0.0 0 M M M M M M M M
20 53 33 43 1 22 0 0.00 0.0 0 M M M M M M M M
21 58 38 48 6 17 0 0.00 0.0 0 M M M M M M M M
22 59 46 53 11 12 0 T 0.0 0 M M M M M M M M
23 63 50 57 15 8 0 T 0.0 0 M M M M M M 12 M M
24 60 54 57 15 8 0 0.90 0.0 0 M M M M M M 1 M M
25 56 32 44 2 21 0 0.28 0.0 0 M M M M M M M M
26 51 31 41 0 24 0 0.00 0.0 0 M M M M M M M M
27 47 36 42 1 23 0 0.00 0.0 0 M M M M M M M M
28 42 32 37 -4 28 0 T 0.0 0 M M M M M M M M
29 38 33 36 -5 29 0 0.00 0.0 0 M M M M M M M M
30 57 28 43 2 22 0 0.00 0.0 0 M M M M M M M M
31 60 34 47 6 18 0 0.00 0.0 0 M M M M M M M M
================================================================================
SM 1739 1189 542 0 1.45 0.0 M M M
================================================================================
AV 56.1 38.4 M FASTST M M M MAX(MPH)
MISC ----> M M M M
================================================================================
NOTES:
# LAST OF SEVERAL OCCURRENCES
COLUMN 17 PEAK WIND IN M.P.H.
PRELIMINARY LOCAL CLIMATOLOGICAL DATA (WS FORM: F-6) , PAGE 2
STATION: NORTH LITTLE ROCK
MONTH: DECEMBER
YEAR: 2023
LATITUDE: 34 50 N
LONGITUDE: 92 16 W
[TEMPERATURE DATA] [PRECIPITATION DATA] SYMBOLS USED IN COLUMN 16
AVERAGE MONTHLY: 47.2 TOTAL FOR MONTH: 1.45 1 = FOG OR MIST
DPTR FM NORMAL: 4.0 DPTR FM NORMAL: -3.65 2 = FOG REDUCING VISIBILITY
HIGHEST: 66 ON 1 GRTST 24HR 0.90 ON 24-24 TO 1/4 MILE OR LESS
LOWEST: 28 ON 30 3 = THUNDER
SNOW, ICE PELLETS, HAIL 4 = ICE PELLETS
TOTAL MONTH: 0.0 INCH 5 = HAIL
GRTST 24HR 0.0 6 = FREEZING RAIN OR DRIZZLE
GRTST DEPTH: 0 7 = DUSTSTORM OR SANDSTORM:
VSBY 1/2 MILE OR LESS
8 = SMOKE OR HAZE
[NO. OF DAYS WITH] [WEATHER - DAYS WITH] 9 = BLOWING SNOW
X = TORNADO
MAX 32 OR BELOW: 0 0.01 INCH OR MORE: 6
MAX 90 OR ABOVE: 0 0.10 INCH OR MORE: 3
MIN 32 OR BELOW: 6 0.50 INCH OR MORE: 1
MIN 0 OR BELOW: 0 1.00 INCH OR MORE: 0
[HDD (BASE 65) ]
TOTAL THIS MO. 542 CLEAR (SCALE 0-3) 0
DPTR FM NORMAL -134 PTCLDY (SCALE 4-7) 0
TOTAL FM JUL 1 1015 CLOUDY (SCALE 8-10) 31
DPTR FM NORMAL -233
[CDD (BASE 65) ]
TOTAL THIS MO. 0
DPTR FM NORMAL -1 [PRESSURE DATA]
TOTAL FM JAN 1 2347 HIGHEST SLP M ON M
DPTR FM NORMAL 338 LOWEST SLP M ON M
[REMARKS]
#FINAL-12-23#