000
CXUS54 KLZK 011331
CF6M19
PRELIMINARY LOCAL CLIMATOLOGICAL DATA (WS FORM: F-6)
STATION: NEWPORT AIRPORT
MONTH: DECEMBER
YEAR: 2023
LATITUDE: 35 35 N
LONGITUDE: 91 16 W
TEMPERATURE IN F: :PCPN: SNOW: WIND :SUNSHINE: SKY :PK WND
================================================================================
1 2 3 4 5 6A 6B 7 8 9 10 11 12 13 14 15 16 17 18
12Z AVG MX 2MIN
DY MAX MIN AVG DEP HDD CDD WTR SNW DPTH SPD SPD DIR MIN PSBL S-S WX SPD DR
================================================================================
1 62 43 53 9 12 0 0.11 M M 8.6 14 230 M M 8 1 M M
2 51 40 46 2 19 0 0.00 M M 6.9 13 20 M M 3 1 M M
3 59 37 48 5 17 0 0.00 M M 6.8 13 150 M M 2 12 M M
4 56 37 47 4 18 0 0.00 M M 10.2 21 300 M M 2 21 330
5 61 34 48 5 17 0 0.00 M M 11.6 24 320 M M 1 36 300
6 49 29 39 -3 26 0 0.00 M M 6.0 9 330 M M 0 8 M M
7 60 35 48 6 17 0 0.00 M M 13.8 20 190 M M 0 M M
8 60 44 52 10 13 0 T M M 13.5 24 160 M M 8 29 160
9 63 45 54 13 11 0 0.26 M M 12.9 28 190 M M 6 13 35 190
10 51 35 43 2 22 0 0.00 M M 10.0 20 330 M M 0 M M
11 53 29 41 0 24 0 0.00 M M 5.9 15 210 M M 0 M M
12 58 30 44 4 21 0 0.00 M M 4.1 9 180 M M 0 18 M M
13 56 33 45 5 20 0 0.00 M M 6.0 10 40 M M 0 8 M M
14 60 33 47 7 18 0 0.00 M M 6.5 9 20 M M 0 8 M M
15 60 35 48 8 17 0 0.00 M M 6.3 10 150 M M 2 M M
16 55 42 49 10 16 0 0.09 M M 11.1 16 300 M M 7 1 22 260
17 55 35 45 6 20 0 0.00 M M 7.3 10 280 M M 0 M M
18 51 28 40 1 25 0 0.00 M M 12.2 20 330 M M 0 29 330
19 45 25 35 -4 30 0 0.00 M M 5.0 8 150 M M 0 M M
20 53 30 42 3 23 0 0.00 M M 6.4 14 180 M M 0 M M
21 55 33 44 6 21 0 0.00 M M 5.8 10 190 M M 0 M M
22 62 42 52 14 13 0 0.01 M M 7.3 13 180 M M 7 1 M M
23 64 50 57 19 8 0 0.00 M M 5.1 10 120 M M 10 1 M M
24 65 52 59 21 6 0 0.52 M M 11.8 24 150 M M 9 30 140
25 57 41 49 11 16 0 0.53 M M 12.8 18 250 M M 9 1 24 250
26 49 30 40 2 25 0 0.00 M M 9.3 15 200 M M 2 M M
27 50 35 43 5 22 0 0.00 M M 10.4 18 300 M M 6 M M
28 44 37 41 4 24 0 T M M 9.2 14 300 M M 9 M M
29 40 35 38 1 27 0 0.02 M M 10.8 17 290 M M 9 1 M M
30 54 28 41 4 24 0 0.00 M M 8.8 16 190 M M 0 M M
31 55 30 43 6 22 0 M M M 8.5 16 360 M M 0 M M
================================================================================
SM 1713 1112 594 0 1.54 M 270.9 M 100
================================================================================
AV 55.3 35.9 8.7 FASTST M M 3 MAX(MPH)
MISC ----> 28 190 36 300
================================================================================
NOTES:
# LAST OF SEVERAL OCCURRENCES
COLUMN 17 PEAK WIND IN M.P.H.
PRELIMINARY LOCAL CLIMATOLOGICAL DATA (WS FORM: F-6) , PAGE 2
STATION: NEWPORT AIRPORT
MONTH: DECEMBER
YEAR: 2023
LATITUDE: 35 35 N
LONGITUDE: 91 16 W
[TEMPERATURE DATA] [PRECIPITATION DATA] SYMBOLS USED IN COLUMN 16
AVERAGE MONTHLY: 45.6 TOTAL FOR MONTH: 1.54 1 = FOG OR MIST
DPTR FM NORMAL: 5.8 DPTR FM NORMAL: -3.67 2 = FOG REDUCING VISIBILITY
HIGHEST: 65 ON 24 GRTST 24HR 0.53 ON 25-25 TO 1/4 MILE OR LESS
LOWEST: 25 ON 19 3 = THUNDER
SNOW, ICE PELLETS, HAIL 4 = ICE PELLETS
TOTAL MONTH: M 5 = HAIL
GRTST 24HR M ON M 6 = FREEZING RAIN OR DRIZZLE
GRTST DEPTH: M ON M 7 = DUSTSTORM OR SANDSTORM:
VSBY 1/2 MILE OR LESS
8 = SMOKE OR HAZE
[NO. OF DAYS WITH] [WEATHER - DAYS WITH] 9 = BLOWING SNOW
X = TORNADO
MAX 32 OR BELOW: 0 0.01 INCH OR MORE: 7
MAX 90 OR ABOVE: 0 0.10 INCH OR MORE: 4
MIN 32 OR BELOW: 9 0.50 INCH OR MORE: 2
MIN 0 OR BELOW: 0 1.00 INCH OR MORE: 0
[HDD (BASE 65) ]
TOTAL THIS MO. 594 CLEAR (SCALE 0-3) 20
DPTR FM NORMAL -187 PTCLDY (SCALE 4-7) 6
TOTAL FM JUL 1 1122 CLOUDY (SCALE 8-10) 5
DPTR FM NORMAL -302
[CDD (BASE 65) ]
TOTAL THIS MO. 0
DPTR FM NORMAL 0 [PRESSURE DATA]
TOTAL FM JAN 1 1966 HIGHEST SLP M ON M
DPTR FM NORMAL 85 LOWEST SLP M ON M
[REMARKS]
#FINAL-12-23#