000
CXUS56 KHNX 120759 CCA
CF6MAE
PRELIMINARY LOCAL CLIMATOLOGICAL DATA (WS FORM: F-6)
STATION: MADERA CA AIRPORT
MONTH: JANUARY
YEAR: 2023
LATITUDE: 36 58 N
LONGITUDE: 120 7 W
TEMPERATURE IN F: :PCPN: SNOW: WIND :SUNSHINE: SKY :PK WND
================================================================================
1 2 3 4 5 6A 6B 7 8 9 10 11 12 13 14 15 16 17 18
12Z AVG MX 2MIN
DY MAX MIN AVG DEP HDD CDD WTR SNW DPTH SPD SPD DIR MIN PSBL S-S WX SPD DR
================================================================================
1 57 40 49 3 16 0 0.01 0.0 0 10.7 23 290 M M 4 1 34 300
2 49 36 43 -4 22 0 0.14 0.0 0 9.3 21 120 M M 5 1 26 120
3 59 44 52 5 13 0 0.00 0.0 0 6.4 13 120 M M 3 15 120
4 66 44 55 8 10 0 0.10 0.0 0 13.0 32 140 M M 7 41 130
5 59 46 53 6 12 0 0.18 0.0 0 11.2 31 120 M M 8 13 38 140
6 59 39 49 2 16 0 0.00 0.0 0 5.1 14 110 M M 0 1 17 120
7 64 46 55 8 10 0 0.06 0.0 0 11.0 28 160 M M 3 43 130
8 61 50 56 9 9 0 0.14 0.0 0 12.9 37 130 M M 8 1 47 130
9 59 54 57 10 8 0 0.46 0.0 0 16.0 31 120 M M 10 1 39 140
10 60 48 54 7 11 0 0.12 0.0 0 10.8 24 120 M M 4 13 32 120
11 56 48 52 5 13 0 T 0.0 0 10.2 18 130 M M 6 23 140
12 64 46 55 8 10 0 0.00 0.0 0 8.1 16 120 M M 0 19 120
13 64 54 59 12 6 0 0.01 0.0 0 10.7 18 130 M M 3 23 120
14 57 49 53 5 12 0 0.32 0.0 0 11.5 29 120 M M 9 13 35 120
15 54 47 51 3 14 0 0.03 0.0 0 9.7 24 110 M M 8 1 31 110
16 57 42 50 2 15 0 0.13 0.0 0 10.6 31 150 M M 8 1 43 140
17 52 38 45 -3 20 0 T 0.0 0 2.4 12 330 M M 5 1 15 330
18 56 36 46 -2 19 0 0.00 0.0 0 3.7 7 100 M M 1 1 M M
19 54 39 47 -1 18 0 T 0.0 0 8.1 18 290 M M 7 1 23 300
20 54 33 44 -4 21 0 0.00 0.0 0 1.9 7 70 M M 2 1 9 50
21 56 31 44 -4 21 0 0.00 0.0 0 1.9 8 320 M M 1 128 11 300
22 54 33 44 -4 21 0 0.00 0.0 0 5.7 20 330 M M 1 12 25 320
23 55 30 43 -5 22 0 0.00 0.0 0 2.0 9 100 M M 1 128 10 100
24 59 32 46 -2 19 0 0.00 0.0 0 1.9 8 100 M M 0 18 10 90
25 59 33 46 -3 19 0 0.00 0.0 0 2.1 23 210 M M 0 128 46 100
26 63 34 49 0 16 0 0.00 0.0 0 2.3 9 80 M M 0 18 10 80
27 62 34 48 -1 17 0 0.00 0.0 0 2.0 8 130 M M 0 18 9 130
28 60 33 47 -2 18 0 0.00 0.0 0 2.4 9 330 M M 2 128 11 300
29 51 37 44 -5 21 0 0.27 0.0 0 4.8 22 120 M M 8 18 26 110
30 51 33 42 -7 23 0 0.00 0.0 0 6.7 15 330 M M 2 1 20 320
31 54 32 43 -6 22 0 0.00 0.0 0 4.6 9 160 M M 3 128 14 170
================================================================================
SM 1785 1241 494 0 1.97 0.0 219.7 M 119
================================================================================
AV 57.6 40.0 7.1 FASTST M M 4 MAX(MPH)
MISC ----> 37 130 47 130
================================================================================
NOTES:
# LAST OF SEVERAL OCCURRENCES
COLUMN 17 PEAK WIND IN M.P.H.
PRELIMINARY LOCAL CLIMATOLOGICAL DATA (WS FORM: F-6) , PAGE 2
STATION: MADERA CA AIRPORT
MONTH: JANUARY
YEAR: 2023
LATITUDE: 36 58 N
LONGITUDE: 120 7 W
[TEMPERATURE DATA] [PRECIPITATION DATA] SYMBOLS USED IN COLUMN 16
AVERAGE MONTHLY: 48.8 TOTAL FOR MONTH: 1.97 1 = FOG OR MIST
DPTR FM NORMAL: 1.0 DPTR FM NORMAL: -0.11 2 = FOG REDUCING VISIBILITY
HIGHEST: 66 ON 4 GRTST 24HR 0.46 ON 9- 9 TO 1/4 MILE OR LESS
LOWEST: 30 ON 23 3 = THUNDER
SNOW, ICE PELLETS, HAIL 4 = ICE PELLETS
TOTAL MONTH: 0.0 INCH 5 = HAIL
GRTST 24HR 0.0 6 = FREEZING RAIN OR DRIZZLE
GRTST DEPTH: 0 7 = DUSTSTORM OR SANDSTORM:
VSBY 1/2 MILE OR LESS
8 = SMOKE OR HAZE
[NO. OF DAYS WITH] [WEATHER - DAYS WITH] 9 = BLOWING SNOW
X = TORNADO
MAX 32 OR BELOW: 0 0.01 INCH OR MORE: 13
MAX 90 OR ABOVE: 0 0.10 INCH OR MORE: 9
MIN 32 OR BELOW: 4 0.50 INCH OR MORE: 0
MIN 0 OR BELOW: 0 1.00 INCH OR MORE: 0
[HDD (BASE 65) ]
TOTAL THIS MO. 494 CLEAR (SCALE 0-3) 17
DPTR FM NORMAL -41 PTCLDY (SCALE 4-7) 9
TOTAL FM JUL 1 1586 CLOUDY (SCALE 8-10) 5
DPTR FM NORMAL 84
[CDD (BASE 65) ]
TOTAL THIS MO. 0
DPTR FM NORMAL 0 [PRESSURE DATA]
TOTAL FM JAN 1 0 HIGHEST SLP 30.51 ON 26
DPTR FM NORMAL 0 LOWEST SLP 29.34 ON 16
[REMARKS]
#FINAL-01-23#