000
CXUS56 KHNX 011146
CF6MAE
PRELIMINARY LOCAL CLIMATOLOGICAL DATA (WS FORM: F-6)
STATION: MADERA CA AIRPORT
MONTH: SEPTEMBER
YEAR: 2020
LATITUDE: 36 58 N
LONGITUDE: 120 7 W
TEMPERATURE IN F: :PCPN: SNOW: WIND :SUNSHINE: SKY :PK WND
================================================================================
1 2 3 4 5 6A 6B 7 8 9 10 11 12 13 14 15 16 17 18
12Z AVG MX 2MIN
DY MAX MIN AVG DEP HDD CDD WTR SNW DPTH SPD SPD DIR MIN PSBL S-S WX SPD DR
================================================================================
1 95 60 78 3 0 13 0.00 0.0 0 5.6 12 300 M M 0 18 14 300
2 93 59 76 1 0 11 0.00 0.0 0 6.6 10 280 M M 0 18 15 290
3 95 58 77 2 0 12 0.00 0.0 0 5.4 12 310 M M 0 18 14 300
4 97 61 79 4 0 14 0.00 0.0 0 5.5 12 290 M M 0 8 15 290
5 104 64 84 9 0 19 0.00 0.0 0 4.2 12 340 M M 1 8 15 350
6 107 67 87 12 0 22 0.00 0.0 0 2.8 9 280 M M 2 8 12 200
7 107 67 87 13 0 22 0.00 0.0 0 4.3 12 300 M M 1 18 15 300
8 96 66 81 7 0 16 0.00 0.0 0 6.6 18 320 M M 3 8 22 330
9 93 55 74 0 0 9 0.00 0.0 0 3.3 8 310 M M 0 8 11 320
10 82 57 70 -4 0 5 0.00 0.0 0 2.8 9 290 M M 0 18 12 290
11 82 54 68 -6 0 3 0.00 0.0 0 0.9 6 80 M M 0 18 7 20
12 89 57 73 -1 0 8 0.00 0.0 0 2.1 7 130 M M 0 18 11 270
13 90 59 75 2 0 10 0.00 0.0 0 2.3 8 70 M M 1 18 10 70
14 93 54 74 1 0 9 0.00 0.0 0 3.9 9 300 M M 1 18 12 300
15 88 56 72 -1 0 7 0.00 0.0 0 2.8 8 280 M M 0 18 10 260
16 92 55 74 1 0 9 0.00 0.0 0 2.5 7 280 M M 0 18 10 290
17 88 53 71 -2 0 6 0.00 0.0 0 3.4 10 280 M M 0 18 13 280
18 86 64 75 3 0 10 T 0.0 0 8.7 15 320 M M 1 23 320
19 87 58 73 1 0 8 0.00 0.0 0 6.7 15 320 M M 0 20 330
20 88 56 72 0 0 7 0.00 0.0 0 2.5 10 280 M M 0 18 13 320
21 95 55 75 3 0 10 0.00 0.0 0 3.7 9 310 M M 0 8 12 310
22 95 57 76 5 0 11 0.00 0.0 0 5.9 15 320 M M 0 8 19 340
23 94 50 72 1 0 7 0.00 0.0 0 5.8 12 310 M M 0 17 320
24 91 54 73 2 0 8 0.00 0.0 0 8.2 15 320 M M 0 21 10
25 87 57 72 1 0 7 0.00 0.0 0 7.4 13 270 M M 0 20 320
26 91 53 72 2 0 7 0.00 0.0 0 7.2 17 330 M M 0 1 22 340
27 91 58 75 5 0 10 0.00 0.0 0 2.3 8 260 M M 0 10 240
28 94 60 77 7 0 12 0.00 0.0 0 2.6 9 250 M M 0 12 240
29 102 62 82 12 0 17 0.00 0.0 0 4.1 7 340 M M 0 8 M M
30 94 58 76 7 0 11 0.00 0.0 0 3.1 8 270 M M 0 18 11 290
================================================================================
SM 2786 1744 0 320 T 0.0 133.2 M 10
================================================================================
AV 92.9 58.1 4.4 FASTST M M 0 MAX(MPH)
MISC ----> # 18 320 # 23 320
================================================================================
NOTES:
# LAST OF SEVERAL OCCURRENCES
COLUMN 17 PEAK WIND IN M.P.H.
PRELIMINARY LOCAL CLIMATOLOGICAL DATA (WS FORM: F-6) , PAGE 2
STATION: MADERA CA AIRPORT
MONTH: SEPTEMBER
YEAR: 2020
LATITUDE: 36 58 N
LONGITUDE: 120 7 W
[TEMPERATURE DATA] [PRECIPITATION DATA] SYMBOLS USED IN COLUMN 16
AVERAGE MONTHLY: 75.5 TOTAL FOR MONTH: T 1 = FOG OR MIST
DPTR FM NORMAL: 2.8 DPTR FM NORMAL: -0.25 2 = FOG REDUCING VISIBILITY
HIGHEST: 107 ON 7, 6 GRTST 24HR T ON 18-18 TO 1/4 MILE OR LESS
LOWEST: 50 ON 23 3 = THUNDER
SNOW, ICE PELLETS, HAIL 4 = ICE PELLETS
TOTAL MONTH: 0.0 INCH 5 = HAIL
GRTST 24HR 0.0 6 = FREEZING RAIN OR DRIZZLE
GRTST DEPTH: 0 7 = DUSTSTORM OR SANDSTORM:
VSBY 1/2 MILE OR LESS
8 = SMOKE OR HAZE
[NO. OF DAYS WITH] [WEATHER - DAYS WITH] 9 = BLOWING SNOW
X = TORNADO
MAX 32 OR BELOW: 0 0.01 INCH OR MORE: 0
MAX 90 OR ABOVE: 21 0.10 INCH OR MORE: 0
MIN 32 OR BELOW: 0 0.50 INCH OR MORE: 0
MIN 0 OR BELOW: 0 1.00 INCH OR MORE: 0
[HDD (BASE 65) ]
TOTAL THIS MO. 0 CLEAR (SCALE 0-3) 30
DPTR FM NORMAL -7 PTCLDY (SCALE 4-7) 0
TOTAL FM JUL 1 0 CLOUDY (SCALE 8-10) 0
DPTR FM NORMAL -7
[CDD (BASE 65) ]
TOTAL THIS MO. 320
DPTR FM NORMAL 82 [PRESSURE DATA]
TOTAL FM JAN 1 1799 HIGHEST SLP M ON M
DPTR FM NORMAL 337 LOWEST SLP 29.56 ON 8
[REMARKS]
#FINAL-09-20#