000
CXUS54 KMAF 011535
CF6MAF
PRELIMINARY LOCAL CLIMATOLOGICAL DATA (WS FORM: F-6)
STATION: MIDLAND INTERNATIONAL AIRPORT
MONTH: JUNE
YEAR: 2022
LATITUDE: 31 57 N
LONGITUDE: 102 11 W
TEMPERATURE IN F: :PCPN: SNOW: WIND :SUNSHINE: SKY :PK WND
================================================================================
1 2 3 4 5 6A 6B 7 8 9 10 11 12 13 14 15 16 17 18
12Z AVG MX 2MIN
DY MAX MIN AVG DEP HDD CDD WTR SNW DPTH SPD SPD DIR MIN PSBL S-S WX SPD DR
================================================================================
1 94 62 78 -2 0 13 0.81 0.0 0 17.0 51 350 M M 4 13 61 360
2 73 60 67 -14 0 2 0.00 0.0 0 11.1 20 50 M M 6 1 23 50
3 85 59 72 -9 0 7 0.84 0.0 0 14.3 36 170 M M 4 13 44 160
4 92 62 77 -4 0 12 0.02 0.0 0 11.3 32 330 M M 0 41 340
5 100 70 85 4 0 20 0.00 0.0 0 11.3 23 240 M M 0 27 260
6 103 72 88 6 0 23 0.00 0.0 0 8.3 16 230 M M 0 19 220
7 103 74 89 7 0 24 0.00 0.0 0 10.2 18 140 M M 0 3 25 40
8 92 77 85 3 0 20 T 0.0 0 17.6 40 40 M M 2 78 52 50
9 97 70 84 2 0 19 0.00 0.0 0 12.7 23 160 M M 0 34 160
10 100 71 86 4 0 21 0.00 0.0 0 9.5 21 200 M M 0 27 140
11 105 74 90 8 0 25 0.00 0.0 0 12.2 21 150 M M 0 28 140
12 104 79 92 9 0 27 0.00 0.0 0 15.8 25 160 M M 0 30 160
13 101 77 89 6 0 24 0.00 0.0 0 20.8 31 160 M M 0 8 44 180
14 100 75 88 5 0 23 0.00 0.0 0 17.3 31 160 M M 0 8 41 160
15 98 75 87 4 0 22 0.00 0.0 0 18.4 26 180 M M 0 8 34 180
16 97 75 86 3 0 21 0.00 0.0 0 17.7 30 160 M M 0 8 36 170
17 97 69 83 0 0 18 0.00 0.0 0 13.0 24 120 M M 0 8 31 140
18 96 72 84 1 0 19 0.00 0.0 0 12.9 23 160 M M 0 29 150
19 95 74 85 2 0 20 0.00 0.0 0 15.3 26 160 M M 1 34 160
20 95 72 84 1 0 19 0.00 0.0 0 13.7 26 160 M M 0 35 170
21 95 73 84 1 0 19 0.00 0.0 0 11.9 23 150 M M 1 31 150
22 96 72 84 1 0 19 0.00 0.0 0 11.4 22 160 M M 1 28 160
23 98 74 86 2 0 21 0.00 0.0 0 10.5 23 160 M M 0 29 150
24 99 73 86 2 0 21 0.00 0.0 0 12.0 21 170 M M 0 27 160
25 98 75 87 3 0 22 0.00 0.0 0 11.6 21 160 M M 0 26 100
26 94 69 82 -2 0 17 0.00 0.0 0 11.3 36 60 M M 2 78 42 60
27 90 66 78 -6 0 13 0.00 0.0 0 12.2 25 80 M M 1 32 80
28 92 68 80 -4 0 15 0.05 0.0 0 10.0 40 140 M M 4 138 47 140
29 90 68 79 -5 0 14 0.00 0.0 0 6.6 24 140 M M 1 28 130
30 95 70 83 -1 0 18 0.00 0.0 0 7.3 16 180 M M 0 26 160
================================================================================
SM 2874 2127 0 558 1.72 0.0 385.2 M 27
================================================================================
AV 95.8 70.9 12.8 FASTST M M 1 MAX(MPH)
MISC ----> 51 350 61 360
================================================================================
NOTES:
# LAST OF SEVERAL OCCURRENCES
COLUMN 17 PEAK WIND IN M.P.H.
PRELIMINARY LOCAL CLIMATOLOGICAL DATA (WS FORM: F-6) , PAGE 2
STATION: MIDLAND INTERNATIONAL AIRPORT
MONTH: JUNE
YEAR: 2022
LATITUDE: 31 57 N
LONGITUDE: 102 11 W
[TEMPERATURE DATA] [PRECIPITATION DATA] SYMBOLS USED IN COLUMN 16
AVERAGE MONTHLY: 83.4 TOTAL FOR MONTH: 1.72 1 = FOG OR MIST
DPTR FM NORMAL: 0.8 DPTR FM NORMAL: -0.08 2 = FOG REDUCING VISIBILITY
HIGHEST: 105 ON 11 GRTST 24HR 0.86 ON 3- 4 TO 1/4 MILE OR LESS
LOWEST: 59 ON 3 3 = THUNDER
SNOW, ICE PELLETS, HAIL 4 = ICE PELLETS
TOTAL MONTH: 0.0 INCH 5 = HAIL
GRTST 24HR 0.0 6 = FREEZING RAIN OR DRIZZLE
GRTST DEPTH: 0 7 = DUSTSTORM OR SANDSTORM:
VSBY 1/2 MILE OR LESS
8 = SMOKE OR HAZE
[NO. OF DAYS WITH] [WEATHER - DAYS WITH] 9 = BLOWING SNOW
X = TORNADO
MAX 32 OR BELOW: 0 0.01 INCH OR MORE: 4
MAX 90 OR ABOVE: 28 0.10 INCH OR MORE: 2
MIN 32 OR BELOW: 0 0.50 INCH OR MORE: 2
MIN 0 OR BELOW: 0 1.00 INCH OR MORE: 0
[HDD (BASE 65) ]
TOTAL THIS MO. 0 CLEAR (SCALE 0-3) 26
DPTR FM NORMAL 0 PTCLDY (SCALE 4-7) 4
TOTAL FM JUL 1 2324 CLOUDY (SCALE 8-10) 0
DPTR FM NORMAL -45
[CDD (BASE 65) ]
TOTAL THIS MO. 558
DPTR FM NORMAL 28 [PRESSURE DATA]
TOTAL FM JAN 1 1222 HIGHEST SLP 30.21 ON 27
DPTR FM NORMAL 201 LOWEST SLP 29.49 ON 6
[REMARKS]
#FINAL-06-22#