000
CXUS54 KMAF 021210
CLMMAF
CLIMATE REPORT
NATIONAL WEATHER SERVICE MIDLAND/ODESSA TX
710 AM CDT SUN JUL 02 2023
...................................
...THE MIDLAND INTERNATIONAL AIRPORT CLIMATE SUMMARY FOR THE MONTH OF JUNE 2023...
CLIMATE NORMAL PERIOD 1991 TO 2020
CLIMATE RECORD PERIOD 1930 TO 2023
WEATHER OBSERVED NORMAL DEPART LAST YEAR`S
VALUE DATE(S) VALUE FROM VALUE DATE(S)
NORMAL
................................................................
TEMPERATURE (F)
RECORD
HIGH 116 06/27/1994
LOW 47 06/01/1983
06/03/1947
HIGHEST 111 06/21 93 18 105 06/11
06/25
06/26
LOWEST 59 06/04 66 -7 59 06/03
06/06
AVG. MAXIMUM 99.4 95.0 4.4 95.8
AVG. MINIMUM 70.3 70.3 0.0 70.9
MEAN 84.8 82.6 2.2 83.4
DAYS MAX >= 90 24 24.0 0.0 28
DAYS MAX <= 32 0 0.0 0.0 0
DAYS MIN <= 32 0 0.0 0.0 0
DAYS MIN <= 0 0 0.0 0.0 0
PRECIPITATION (INCHES)
RECORD
MAXIMUM 5.10 1940
MINIMUM 0.00 2011
TOTALS 0.06 1.80 -1.74 1.72
DAILY AVG. 0.00 0.06 -0.06 0.06
DAYS >= .01 1 4.5 -3.5 4
DAYS >= .10 0 2.9 -2.9 2
DAYS >= .50 0 1.4 -1.4 2
DAYS >= 1.00 0 0.4 -0.4 0
GREATEST
24 HR. TOTAL 0.06 06/03 TO 06/03 0.86
DEGREE DAYS
COOLING TOTAL 603 530 73 558
SINCE 1/1 998 1021 -23 MM
................................................................
WIND (MPH)
AVERAGE WIND SPEED 11.7
HIGHEST WIND SPEED/DIRECTION 41/310 DATE 06/07
HIGHEST GUST SPEED/DIRECTION 54/320 DATE 06/07
SKY COVER
POSSIBLE SUNSHINE (PERCENT) MM
AVERAGE SKY COVER 0.10
NUMBER OF DAYS FAIR 26
NUMBER OF DAYS PC 4
NUMBER OF DAYS CLOUDY 0
AVERAGE RH (PERCENT) 43
WEATHER CONDITIONS. NUMBER OF DAYS WITH
THUNDERSTORM 6 MIXED PRECIP 0
HEAVY RAIN 0 RAIN 1
LIGHT RAIN 3 FREEZING RAIN 0
LT FREEZING RAIN 0 HAIL 0
HEAVY SNOW 0 SNOW 0
LIGHT SNOW 0 SLEET 0
FOG 1 FOG W/VIS <= 1/4 MILE 0
HAZE 11
- INDICATES NEGATIVE NUMBERS.
R INDICATES RECORD WAS SET OR TIED.
MM INDICATES DATA IS MISSING.
T INDICATES TRACE AMOUNT.
$$