000
CXUS52 KTAE 010800
CF6MAI
PRELIMINARY LOCAL CLIMATOLOGICAL DATA (WS FORM: F-6)
STATION: MARIANNA
MONTH: AUGUST
YEAR: 2023
LATITUDE: 30 50 N
LONGITUDE: 85 11 W
TEMPERATURE IN F: :PCPN: SNOW: WIND :SUNSHINE: SKY :PK WND
================================================================================
1 2 3 4 5 6A 6B 7 8 9 10 11 12 13 14 15 16 17 18
12Z AVG MX 2MIN
DY MAX MIN AVG DEP HDD CDD WTR SNW DPTH SPD SPD DIR MIN PSBL S-S WX SPD DR
================================================================================
1 97 74 86 3 0 21 0.00 0.0 0 2.4 12 320 M M 0 17 330
2 94 72 83 0 0 18 0.00 0.0 0 5.3 12 60 M M 1 15 60
3 97 74 86 3 0 21 0.00 0.0 0 5.4 14 190 M M 2 17 190
4 98 76 87 4 0 22 T 0.0 0 6.5 26 310 M M 2 3 37 310
5 95 73 84 1 0 19 0.03 0.0 0 4.3 21 220 M M 3 13 27 220
6 95 74 85 2 0 20 0.00 0.0 M 6.2 16 230 M M 2 3 19 210
7 100 74 87 4 0 22 0.00 0.0 0 8.3 18 230 M M 1 25 210
8 99 74 87 4 0 22 T 0.0 0 7.3 24 350 M M 1 3 36 330
9 97 73 85 3 0 20 0.00 0.0 0 6.0 17 230 M M 1 22 250
10 99 77 88 6 0 23 0.00 0.0 0 9.1 25 300 M M 1 37 300
11 99 74 87 5 0 22 0.02 0.0 0 8.4 26 20 M M 2 3 37 30
12 101 73 87 5 0 22 T 0.0 0 5.0 22 340 M M 3 13 32 350
13 99 74 87 5 0 22 0.00 0.0 0 2.5 10 340 M M 1 14 320
14 99 77 88 6 0 23 0.21 0.0 0 5.6 18 70 M M 2 13 25 120
15 97 73 85 3 0 20 1.09 0.0 0 6.4 41 290 M M 2 13 59 300
16 92 73 83 1 0 18 0.00 0.0 0 3.0 13 320 M M 1 17 260
17 94 73 84 2 0 19 0.00 0.0 0 2.7 15 330 M M 2 24 280
18 95 70 83 1 0 18 0.00 0.0 0 3.5 14 340 M M 0 17 340
19 95 73 84 2 0 19 0.00 0.0 0 3.5 12 40 M M 0 17 30
20 96 73 85 3 0 20 0.00 0.0 0 6.1 17 120 M M 0 30 150
21 96 73 85 3 0 20 0.00 0.0 0 4.0 12 80 M M 1 20 50
22 99 73 86 4 0 21 0.00 0.0 0 2.8 10 350 M M 1 16 340
23 100 76 88 6 0 23 0.17 0.0 0 3.7 24 70 M M 2 3 36 60
24 95 73 84 2 0 19 0.00 0.0 0 4.8 15 70 M M 2 22 50
25 100 71 86 4 0 21 0.00 0.0 0 2.5 12 350 M M 1 17 340
26 103 76 90 8 0 25 0.00 0.0 0 6.6 18 350 M M 0 25 20
27 100 75 88 7 0 23 0.14 0.0 0 3.3 14 330 M M 1 3 24 330
28 97 75 86 5 0 21 0.00 0.0 0 4.1 15 110 M M 1 3 22 100
29 93 75 84 3 0 19 0.22 0.0 0 6.2 26 180 M M 3 13 41 160
30 91 74 83 2 0 18 0.23 0.0 0 10.1 22 340 M M 4 18 35 10
31 92 74 83 2 0 18 0.03 0.0 0 4.5 15 160 M M 4 13 22 150
================================================================================
SM 3004 2289 0 639 2.14 0.0 160.1 M 47
================================================================================
AV 96.9 73.8 5.2 FASTST M M 2 MAX(MPH)
MISC ----> 41 290 59 300
================================================================================
NOTES:
# LAST OF SEVERAL OCCURRENCES
COLUMN 17 PEAK WIND IN M.P.H.
PRELIMINARY LOCAL CLIMATOLOGICAL DATA (WS FORM: F-6) , PAGE 2
STATION: MARIANNA
MONTH: AUGUST
YEAR: 2023
LATITUDE: 30 50 N
LONGITUDE: 85 11 W
[TEMPERATURE DATA] [PRECIPITATION DATA] SYMBOLS USED IN COLUMN 16
AVERAGE MONTHLY: 85.4 TOTAL FOR MONTH: 2.14 1 = FOG OR MIST
DPTR FM NORMAL: 3.3 DPTR FM NORMAL: -2.79 2 = FOG REDUCING VISIBILITY
HIGHEST: 103 ON 26 GRTST 24HR 1.30 ON 14-15 TO 1/4 MILE OR LESS
LOWEST: 70 ON 18 3 = THUNDER
SNOW, ICE PELLETS, HAIL 4 = ICE PELLETS
TOTAL MONTH: 0.0 INCH 5 = HAIL
GRTST 24HR 0.0 6 = FREEZING RAIN OR DRIZZLE
GRTST DEPTH: 0 7 = DUSTSTORM OR SANDSTORM:
VSBY 1/2 MILE OR LESS
8 = SMOKE OR HAZE
[NO. OF DAYS WITH] [WEATHER - DAYS WITH] 9 = BLOWING SNOW
X = TORNADO
MAX 32 OR BELOW: 0 0.01 INCH OR MORE: 9
MAX 90 OR ABOVE: 31 0.10 INCH OR MORE: 6
MIN 32 OR BELOW: 0 0.50 INCH OR MORE: 1
MIN 0 OR BELOW: 0 1.00 INCH OR MORE: 1
[HDD (BASE 65) ]
TOTAL THIS MO. 0 CLEAR (SCALE 0-3) 28
DPTR FM NORMAL 0 PTCLDY (SCALE 4-7) 3
TOTAL FM JUL 1 0 CLOUDY (SCALE 8-10) 0
DPTR FM NORMAL 0
[CDD (BASE 65) ]
TOTAL THIS MO. 639
DPTR FM NORMAL 109 [PRESSURE DATA]
TOTAL FM JAN 1 2299 HIGHEST SLP M ON M
DPTR FM NORMAL 192 LOWEST SLP 29.56 ON 30
[REMARKS]
#FINAL-08-23#