800
CXUS56 KHNX 060008
CF6MCE
PRELIMINARY LOCAL CLIMATOLOGICAL DATA (WS FORM: F-6)
STATION: MERCED CA AIRPORT
MONTH: JANUARY
YEAR: 2021
LATITUDE: 37 16 N
LONGITUDE: 120 36 W
TEMPERATURE IN F: :PCPN: SNOW: WIND :SUNSHINE: SKY :PK WND
================================================================================
1 2 3 4 5 6A 6B 7 8 9 10 11 12 13 14 15 16 17 18
12Z AVG MX 2MIN
DY MAX MIN AVG DEP HDD CDD WTR SNW DPTH SPD SPD DIR MIN PSBL S-S WX SPD DR
================================================================================
1 56 34 45 1 20 0 0.00 0.0 0 4.7 10 130 M M 1 128 13 140
2 60 38 49 5 16 0 0.00 0.0 0 3.4 12 110 M M 8 18 13 100
3 60 40 50 6 15 0 0.00 0.0 0 3.2 10 100 M M 1 128 13 100
4 60 43 52 8 13 0 0.00 0.0 0 5.6 17 130 M M 5 18 20 130
5 59 35 47 3 18 0 0.00 0.0 0 4.9 12 10 M M 2 12 15 310
6 59 34 47 3 18 0 0.00 0.0 0 2.9 10 100 M M 5 128 13 90
7 49 34 42 -2 23 0 0.00 0.0 0 3.2 10 110 M M 10 128 12 110
8 50 36 43 -1 22 0 0.00 0.0 0 3.9 13 90 M M 8 128 15 80
9 53 37 45 1 20 0 0.00 0.0 0 3.9 15 330 M M 6 128 20 320
10 56 31 44 0 21 0 0.00 0.0 0 2.8 9 330 M M 2 128 11 320
11 58 35 47 3 18 0 0.00 0.0 0 2.3 9 330 M M 5 128 11 360
12 58 36 47 3 18 0 0.00 0.0 0 2.2 9 130 M M 2 18 10 110
13 65 37 51 7 14 0 0.00 0.0 0 3.0 7 300 M M 0 18 9 150
14 63 41 52 8 13 0 0.00 0.0 0 1.3 8 130 M M 6 128 10 140
15 69 36 53 8 12 0 0.00 0.0 0 4.2 9 330 M M 4 128 12 320
16 65 38 52 7 13 0 0.00 0.0 0 1.2 7 110 M M 3 128 8 120
17 69 39 54 9 11 0 0.00 0.0 0 0.5 6 120 M M 1 128 7 240
18 75 39 57 12 8 0 0.00 0.0 0 6.1 18 320 M M 0 128 23 320
19 69 44 57 12 8 0 0.00 0.0 0 9.4 26 20 M M 0 8 35 40
20 67 31 49 4 16 0 0.00 0.0 0 4.1 13 320 M M 0 8 15 320
21 66 29 48 3 17 0 0.00 0.0 0 2.3 9 140 M M 0 8 13 140
22 54 40 47 1 18 0 0.24 0.0 0 4.6 12 60 M M 8 18 15 60
23 54 40 47 1 18 0 0.03 0.0 0 4.7 15 340 M M 6 128 18 320
24 55 32 44 -2 21 0 0.10 0.0 0 5.7 15 130 M M 5 128 18 160
25 52 33 43 -3 22 0 T 0.0 0 7.2 21 320 M M 7 8 24 320
26 53 26 40 -6 25 0 0.07 0.0 0 10.5 35 120 M M 3 18 46 120
27 50 43 47 1 18 0 1.42 0.0 0 15.1 41 130 M M 10 18 50 130
28 50 47 49 3 16 0 1.41 0.0 0 14.7 23 120 M M 10 1 28 130
29 57 38 48 1 17 0 0.06 0.0 0 5.1 17 130 M M 5 128 22 120
30 60 35 48 1 17 0 0.00 0.0 0 3.7 10 140 M M 1 18 14 140
31 62 48 55 8 10 0 0.00 0.0 0 5.1 10 150 M M 3 16 110
================================================================================
SM 1833 1149 516 0 3.33 0.0 151.5 M 127
================================================================================
AV 59.1 37.1 4.9 FASTST M M 4 MAX(MPH)
MISC ----> 41 130 50 130
================================================================================
NOTES:
# LAST OF SEVERAL OCCURRENCES
COLUMN 17 PEAK WIND IN M.P.H.
PRELIMINARY LOCAL CLIMATOLOGICAL DATA (WS FORM: F-6) , PAGE 2
STATION: MERCED CA AIRPORT
MONTH: JANUARY
YEAR: 2021
LATITUDE: 37 16 N
LONGITUDE: 120 36 W
[TEMPERATURE DATA] [PRECIPITATION DATA] SYMBOLS USED IN COLUMN 16
AVERAGE MONTHLY: 48.1 TOTAL FOR MONTH: 3.33 1 = FOG OR MIST
DPTR FM NORMAL: 3.1 DPTR FM NORMAL: 0.72 2 = FOG REDUCING VISIBILITY
HIGHEST: 75 ON 18 GRTST 24HR 1.50 ON 28-29 TO 1/4 MILE OR LESS
LOWEST: 26 ON 26 3 = THUNDER
SNOW, ICE PELLETS, HAIL 4 = ICE PELLETS
TOTAL MONTH: 0.0 INCH 5 = HAIL
GRTST 24HR 0.0 6 = FREEZING RAIN OR DRIZZLE
GRTST DEPTH: 0 7 = DUSTSTORM OR SANDSTORM:
VSBY 1/2 MILE OR LESS
8 = SMOKE OR HAZE
[NO. OF DAYS WITH] [WEATHER - DAYS WITH] 9 = BLOWING SNOW
X = TORNADO
MAX 32 OR BELOW: 0 0.01 INCH OR MORE: 7
MAX 90 OR ABOVE: 0 0.10 INCH OR MORE: 4
MIN 32 OR BELOW: 5 0.50 INCH OR MORE: 2
MIN 0 OR BELOW: 0 1.00 INCH OR MORE: 2
[HDD (BASE 65) ]
TOTAL THIS MO. 516 CLEAR (SCALE 0-3) 13
DPTR FM NORMAL -105 PTCLDY (SCALE 4-7) 14
TOTAL FM JUL 1 1504 CLOUDY (SCALE 8-10) 4
DPTR FM NORMAL -235
[CDD (BASE 65) ]
TOTAL THIS MO. 0
DPTR FM NORMAL 0 [PRESSURE DATA]
TOTAL FM JAN 1 0 HIGHEST SLP 30.10 ON 31
DPTR FM NORMAL 0 LOWEST SLP 30.08 ON 31
[REMARKS]
#FINAL-01-21#