214
CXUS56 KHNX 011146
CF6MCE
PRELIMINARY LOCAL CLIMATOLOGICAL DATA (WS FORM: F-6)
STATION: MERCED CA AIRPORT
MONTH: AUGUST
YEAR: 2020
LATITUDE: 37 16 N
LONGITUDE: 120 36 W
TEMPERATURE IN F: :PCPN: SNOW: WIND :SUNSHINE: SKY :PK WND
================================================================================
1 2 3 4 5 6A 6B 7 8 9 10 11 12 13 14 15 16 17 18
12Z AVG MX 2MIN
DY MAX MIN AVG DEP HDD CDD WTR SNW DPTH SPD SPD DIR MIN PSBL S-S WX SPD DR
================================================================================
1 97 59 78 0 0 13 0.00 0.0 0 6.2 13 340 M M 0 16 310
2 100 60 80 3 0 15 0.00 0.0 0 5.7 10 340 M M 0 M M
3 99 59 79 2 0 14 0.00 0.0 0 7.4 17 340 M M 0 19 350
4 95 62 79 2 0 14 0.00 0.0 0 5.8 12 310 M M 0 15 250
5 88 59 74 -3 0 9 0.00 0.0 0 6.6 14 260 M M 0 19 260
6 88 58 73 -4 0 8 0.00 0.0 0 4.7 10 310 M M 0 16 320
7 92 61 77 0 0 12 0.00 0.0 0 4.9 9 340 M M 0 12 330
8 98 62 80 3 0 15 0.00 0.0 0 4.8 10 330 M M 0 15 320
9 100 66 83 6 0 18 0.00 0.0 0 5.6 14 340 M M 0 17 340
10 100 68 84 7 0 19 0.00 0.0 0 6.9 15 330 M M 0 18 320
11 97 64 81 4 0 16 0.00 0.0 0 7.6 15 340 M M 0 17 350
12 102 62 82 5 0 17 0.00 0.0 0 6.5 13 340 M M 0 15 350
13 98 64 81 4 0 16 0.00 0.0 0 4.6 10 140 M M 0 12 180
14 105 72 89 13 0 24 0.00 0.0 0 5.0 10 320 M M 0 14 300
15 105 71 88 12 0 23 0.00 0.0 0 2.7 12 10 M M 0 8 14 30
16 111 76 94 18 0 29 0.00 0.0 0 10.5 25 330 M M 0 30 330
17 107 76 92 16 0 27 0.00 0.0 0 11.1 23 330 M M 0 28 320
18 107 77 92 16 0 27 0.00 0.0 0 8.3 17 340 M M 1 21 340
19 96 74 85 9 0 20 0.00 0.0 0 6.2 14 320 M M 8 8 16 320
20 96 66 81 5 0 16 0.00 0.0 0 7.4 15 340 M M 9 8 21 340
21 87 63 75 -1 0 10 0.00 0.0 0 6.3 15 330 M M 10 8 17 340
22 92 64 78 2 0 13 0.00 0.0 0 3.8 10 340 M M 9 18 14 330
23 96 65 81 5 0 16 0.00 0.0 0 3.5 10 320 M M 8 18 13 240
24 99 68 84 8 0 19 0.00 0.0 0 6.1 14 330 M M 9 8 17 340
25 95 70 83 7 0 18 0.00 0.0 0 8.1 15 340 M M 1 8 19 330
26 97 66 82 7 0 17 0.00 0.0 0 6.4 16 330 M M 0 8 19 340
27 94 60 77 2 0 12 0.00 0.0 0 6.7 13 330 M M 0 8 18 290
28 100 59 80 5 0 15 0.00 0.0 0 5.3 9 340 M M 0 8 12 330
29 99 64 82 7 0 17 0.00 0.0 0 5.1 13 330 M M 0 8 15 330
30 94 61 78 3 0 13 0.00 0.0 0 7.5 14 340 M M 0 8 17 320
31 95 64 80 5 0 15 0.00 0.0 0 5.4 12 330 M M 0 8 15 310
================================================================================
SM 3029 2020 0 517 0.00 0.0 192.7 M 55
================================================================================
AV 97.7 65.2 6.2 FASTST M M 2 MAX(MPH)
MISC ----> # 25 330 # 30 330
================================================================================
NOTES:
# LAST OF SEVERAL OCCURRENCES
COLUMN 17 PEAK WIND IN M.P.H.
PRELIMINARY LOCAL CLIMATOLOGICAL DATA (WS FORM: F-6) , PAGE 2
STATION: MERCED CA AIRPORT
MONTH: AUGUST
YEAR: 2020
LATITUDE: 37 16 N
LONGITUDE: 120 36 W
[TEMPERATURE DATA] [PRECIPITATION DATA] SYMBOLS USED IN COLUMN 16
AVERAGE MONTHLY: 81.4 TOTAL FOR MONTH: 0.00 1 = FOG OR MIST
DPTR FM NORMAL: 5.1 DPTR FM NORMAL: -0.01 2 = FOG REDUCING VISIBILITY
HIGHEST: 111 ON 16 GRTST 24HR 0.00 ON 31-31 TO 1/4 MILE OR LESS
LOWEST: 58 ON 6 3 = THUNDER
SNOW, ICE PELLETS, HAIL 4 = ICE PELLETS
TOTAL MONTH: 0.0 INCH 5 = HAIL
GRTST 24HR 0.0 6 = FREEZING RAIN OR DRIZZLE
GRTST DEPTH: 0 7 = DUSTSTORM OR SANDSTORM:
VSBY 1/2 MILE OR LESS
8 = SMOKE OR HAZE
[NO. OF DAYS WITH] [WEATHER - DAYS WITH] 9 = BLOWING SNOW
X = TORNADO
MAX 32 OR BELOW: 0 0.01 INCH OR MORE: 0
MAX 90 OR ABOVE: 28 0.10 INCH OR MORE: 0
MIN 32 OR BELOW: 0 0.50 INCH OR MORE: 0
MIN 0 OR BELOW: 0 1.00 INCH OR MORE: 0
[HDD (BASE 65) ]
TOTAL THIS MO. 0 CLEAR (SCALE 0-3) 25
DPTR FM NORMAL -1 PTCLDY (SCALE 4-7) 1
TOTAL FM JUL 1 0 CLOUDY (SCALE 8-10) 5
DPTR FM NORMAL -1
[CDD (BASE 65) ]
TOTAL THIS MO. 517
DPTR FM NORMAL 168 [PRESSURE DATA]
TOTAL FM JAN 1 1549 HIGHEST SLP M ON M
DPTR FM NORMAL 410 LOWEST SLP 29.66 ON 27
[REMARKS]
#FINAL-08-20#