000
CXUS53 KGLD 010800
CF6MCK
PRELIMINARY LOCAL CLIMATOLOGICAL DATA (WS FORM: F-6)
STATION: MCCOOK NE
MONTH: APRIL
YEAR: 2023
LATITUDE: 40 13 N
LONGITUDE: 100 35 W
TEMPERATURE IN F: :PCPN: SNOW: WIND :SUNSHINE: SKY :PK WND
================================================================================
1 2 3 4 5 6A 6B 7 8 9 10 11 12 13 14 15 16 17 18
12Z AVG MX 2MIN
DY MAX MIN AVG DEP HDD CDD WTR SNW DPTH SPD SPD DIR MIN PSBL S-S WX SPD DR
================================================================================
1 67 25 46 -1 19 0 0.00 M M 12.3 24 170 M M 0 35 170
2 71 34 53 6 12 0 0.00 M M 9.3 23 30 M M 0 33 220
3 63 33 48 0 17 0 0.00 M M 18.4 33 70 M M 1 46 70
4 41 24 33 -15 32 0 0.00 M M 18.4 29 330 M M 7 8 39 70
5 46 21 34 -14 31 0 0.00 M M 16.0 33 320 M M 0 53 340
6 60 22 41 -7 24 0 0.00 M M 9.2 24 260 M M 1 35 220
7 70 25 48 0 17 0 0.00 M M 15.1 35 180 M M 0 53 180
8 80 34 57 8 8 0 0.00 M M 14.5 26 170 M M 0 40 160
9 75 45 60 11 5 0 0.00 M M 11.1 23 340 M M 0 32 330
10 76 38 57 8 8 0 0.00 M M 5.6 17 360 M M 0 21 360
11 87 39 63 14 2 0 M M M 13.1 26 190 M M 0 38 190
12 93 53 73 23 0 8 0.00 M M 19.2 33 180 M M 0 48 190
13 92 57 75 25 0 10 T M M 18.9 38 190 M M 1 8 54 180
14 71 41 56 6 9 0 T M M 21.8 36 20 M M 3 48 10
15 51 33 42 -8 23 0 0.17 M M 16.3 31 330 M M 7 1 39 330
16 62 30 46 -4 19 0 0.00 M M 11.3 28 340 M M 0 34 320
17 79 29 54 3 11 0 0.00 M M 5.1 15 100 M M 0 22 100
18 85 36 61 10 4 0 0.00 M M 10.5 24 120 M M 0 8 35 120
19 74 43 59 8 6 0 0.03 M M 17.4 48 330 M M 1 38 59 330
20 59 34 47 -5 18 0 T M M 17.4 40 330 M M 4 50 330
21 57 32 45 -7 20 0 0.00 M M 18.2 32 320 M M 3 44 320
22 52 26 39 -13 26 0 0.00 M M 12.3 24 330 M M 1 36 350
23 62 19 41 -11 24 0 0.00 M M 5.8 17 260 M M 2 24 280
24 67 33 50 -3 15 0 0.00 M M 11.1 29 190 M M 0 37 190
25 58 34 46 -7 19 0 T M M 9.6 22 110 M M 6 27 120
26 65 42 54 1 11 0 0.00 M M 7.1 14 230 M M 7 18 21 110
27 75 38 57 3 8 0 T M M 12.0 33 340 M M 4 3 42 350
28 58 34 46 -8 19 0 T M M 19.9 36 350 M M 6 1 46 360
29 74 33 54 0 11 0 0.00 M M 17.0 38 330 M M 2 50 330
30 65 33 49 -6 16 0 0.00 M M 13.7 26 350 M M 2 33 340
================================================================================
SM 2035 1020 434 18 0.20 M 407.6 M 58
================================================================================
AV 67.8 34.0 13.6 FASTST M M 2 MAX(MPH)
MISC ----> 48 330 59 330
================================================================================
NOTES:
# LAST OF SEVERAL OCCURRENCES
COLUMN 17 PEAK WIND IN M.P.H.
PRELIMINARY LOCAL CLIMATOLOGICAL DATA (WS FORM: F-6) , PAGE 2
STATION: MCCOOK NE
MONTH: APRIL
YEAR: 2023
LATITUDE: 40 13 N
LONGITUDE: 100 35 W
[TEMPERATURE DATA] [PRECIPITATION DATA] SYMBOLS USED IN COLUMN 16
AVERAGE MONTHLY: 50.9 TOTAL FOR MONTH: 0.20 1 = FOG OR MIST
DPTR FM NORMAL: 0.3 DPTR FM NORMAL: -1.61 2 = FOG REDUCING VISIBILITY
HIGHEST: 93 ON 12 GRTST 24HR 0.17 ON 14-15 TO 1/4 MILE OR LESS
LOWEST: 19 ON 23 3 = THUNDER
SNOW, ICE PELLETS, HAIL 4 = ICE PELLETS
TOTAL MONTH: M 5 = HAIL
GRTST 24HR M ON M 6 = FREEZING RAIN OR DRIZZLE
GRTST DEPTH: M ON M 7 = DUSTSTORM OR SANDSTORM:
VSBY 1/2 MILE OR LESS
8 = SMOKE OR HAZE
[NO. OF DAYS WITH] [WEATHER - DAYS WITH] 9 = BLOWING SNOW
X = TORNADO
MAX 32 OR BELOW: 0 0.01 INCH OR MORE: 2
MAX 90 OR ABOVE: 2 0.10 INCH OR MORE: 1
MIN 32 OR BELOW: 10 0.50 INCH OR MORE: 0
MIN 0 OR BELOW: 0 1.00 INCH OR MORE: 0
[HDD (BASE 65) ]
TOTAL THIS MO. 434 CLEAR (SCALE 0-3) 23
DPTR FM NORMAL -3 PTCLDY (SCALE 4-7) 7
TOTAL FM JUL 1 5698 CLOUDY (SCALE 8-10) 0
DPTR FM NORMAL 117
[CDD (BASE 65) ]
TOTAL THIS MO. 18
DPTR FM NORMAL 13 [PRESSURE DATA]
TOTAL FM JAN 1 18 HIGHEST SLP M ON M
DPTR FM NORMAL 13 LOWEST SLP 29.29 ON 13
[REMARKS]
#FINAL-04-23#