000
CXUS53 KGLD 011617
CLMMCK
CLIMATE REPORT
NATIONAL WEATHER SERVICE
917 AM MST MON JAN 01 2024
...................................
...THE MCCOOK NE CLIMATE SUMMARY FOR THE MONTH OF DECEMBER 2023...
CLIMATE NORMAL PERIOD: 1991 TO 2020
CLIMATE RECORD PERIOD: 1896 TO 2023
WEATHER OBSERVED NORMAL DEPART LAST YEAR`S
VALUE DATE(S) VALUE FROM VALUE DATE(S)
NORMAL
................................................................
TEMPERATURE (F)
RECORD
HIGH 81 12/23/1964
LOW -27 12/23/1989
12/22/1989
HIGHEST 73 12/07 64 9 68 12/02
LOWEST 17 12/02 -2 19 -15 12/22
12/09
12/10
AVG. MAXIMUM 49.4 42.3 7.1 40.9
AVG. MINIMUM 24.5 17.0 7.5 13.1
MEAN 36.9 29.7 7.2 27.0
DAYS MAX >= 90 0 0.0 0.0 0
DAYS MAX <= 32 2 7.2 -5.2 9
DAYS MIN <= 32 30 30.6 -0.6 31
DAYS MIN <= 0 0 2.0 -2.0 5
PRECIPITATION (INCHES)
RECORD
MAXIMUM 4.08 2006
MINIMUM 0.00 2002
TOTALS 0.36 0.44 -0.08 1.07
DAILY AVG. 0.01 0.01 -0.00 0.03
DAYS >= .01 5 3.2 1.8 4
DAYS >= .10 1 1.2 -0.2 3
DAYS >= .50 0 0.3 -0.3 1
DAYS >= 1.00 0 0.0 0.0 0
GREATEST
24 HR. TOTAL 0.11 12/24 TO 12/24 0.54
STORM TOTAL 0.11
(MM/DD(HH))
................................................................
- INDICATES NEGATIVE NUMBERS.
R INDICATES RECORD WAS SET OR TIED.
MM INDICATES DATA IS MISSING.
T INDICATES TRACE AMOUNT.
$$