000
CXUS53 KGLD 030103
CLMMCK
CLIMATE REPORT
NATIONAL WEATHER SERVICE
703 PM MDT WED AUG 02 2023
...................................
...THE MCCOOK NE CLIMATE SUMMARY FOR THE MONTH OF JULY 2023...
CLIMATE NORMAL PERIOD: 1991 TO 2020
CLIMATE RECORD PERIOD: 1896 TO 2023
WEATHER OBSERVED NORMAL DEPART LAST YEAR`S
VALUE DATE(S) VALUE FROM VALUE DATE(S)
NORMAL
................................................................
TEMPERATURE (F)
RECORD
HIGH 114 07/20/1932
LOW 43 07/04/1915
HIGHEST 103 07/26 103 0 111 07/10
LOWEST 51 07/09 53 -2 58 07/12
07/30
AVG. MAXIMUM 89.7 91.2 -1.5 94.7
AVG. MINIMUM 62.5 64.0 -1.5 66.3
MEAN 76.1 77.6 -1.5 80.5
DAYS MAX >= 90 17 20.7 -3.7 21
DAYS MAX <= 32 0 0.0 0.0 0
DAYS MIN <= 32 0 0.0 0.0 0
DAYS MIN <= 0 0 0.0 0.0 0
PRECIPITATION (INCHES)
RECORD
MAXIMUM 8.72 2004
MINIMUM 0.53 2021
TOTALS 0.61 3.32 -2.71 1.32
DAILY AVG. 0.02 0.11 -0.09 0.04
DAYS >= .01 6 9.9 -3.9 9
DAYS >= .10 3 5.5 -2.5 5
DAYS >= .50 0 2.2 -2.2 1
DAYS >= 1.00 0 0.7 -0.7 0
GREATEST
24 HR. TOTAL 0.22 07/14 TO 07/14 0.58
STORM TOTAL 0.22
(MM/DD(HH))
................................................................
- INDICATES NEGATIVE NUMBERS.
R INDICATES RECORD WAS SET OR TIED.
MM INDICATES DATA IS MISSING.
T INDICATES TRACE AMOUNT.
$$