000
CXUS52 KFFC 011010
CF6MCN
PRELIMINARY LOCAL CLIMATOLOGICAL DATA (WS FORM: F-6)
STATION: MACON
MONTH: MARCH
YEAR: 2022
LATITUDE: 32 42 N
LONGITUDE: 83 39 W
TEMPERATURE IN F: :PCPN: SNOW: WIND :SUNSHINE: SKY :PK WND
================================================================================
1 2 3 4 5 6A 6B 7 8 9 10 11 12 13 14 15 16 17 18
12Z AVG MX 2MIN
DY MAX MIN AVG DEP HDD CDD WTR SNW DPTH SPD SPD DIR MIN PSBL S-S WX SPD DR
================================================================================
1 74 34 54 0 11 0 0.00 0.0 M 3.3 10 340 M M 0 15 340
2 82 36 59 4 6 0 0.00 0.0 M 4.0 13 250 M M 0 17 280
3 84 39 62 7 3 0 0.00 0.0 M 4.9 16 270 M M 0 23 250
4 81 41 61 6 4 0 0.00 0.0 M 5.3 13 110 M M 0 17 60
5 77 54 66 11 0 1 0.00 0.0 M 7.6 15 160 M M 4 21 150
6 83 55 69 13 0 4 0.00 0.0 M 6.0 16 230 M M 2 12 23 230
7 84 56 70 14 0 5 0.44 0.0 M 8.8 25 290 M M 5 138 38 310
8 67 53 60 4 5 0 T 0.0 M 5.1 15 350 M M 9 20 350
9 69 53 61 5 4 0 0.39 0.0 M 4.9 14 300 M M 9 13 19 270
10 72 53 63 7 2 0 0.07 0.0 M 4.4 15 40 M M 8 1 18 60
11 59 53 56 -1 9 0 0.03 0.0 M 6.3 12 70 M M 10 18 14 50
12 66 30 48 -9 17 0 0.76 M M 16.1 37 310 M M 5 12 54 320
13 58 22 40 -17 25 0 0.00 0.0 M 1.7 8 310 M M 0 8 12 10
14 69 29 49 -8 16 0 0.00 0.0 M 3.3 15 170 M M 1 20 170
15 70 45 58 0 7 0 0.13 M M 9.1 18 120 M M 7 1 27 120
16 79 51 65 7 0 0 0.28 0.0 M 6.5 16 260 M M 7 1 22 250
17 78 48 63 5 2 0 0.00 0.0 M 3.7 12 250 M M 4 128 17 280
18 63 48 56 -2 9 0 0.88 M M 6.3 29 310 M M 3 123 40 310
19 77 55 66 8 0 1 0.00 0.0 M 11.6 23 260 M M 5 30 270
20 74 41 58 -1 7 0 0.00 0.0 0 8.0 20 330 M M 0 27 310
21 76 36 56 -3 9 0 0.00 0.0 M 5.9 16 120 M M 0 24 120
22 79 48 64 5 1 0 0.00 0.0 M 9.8 20 130 M M 1 28 110
23 80 64 72 13 0 7 0.27 0.0 M 12.4 26 200 M M 8 1 40 190
24 71 53 62 2 3 0 0.00 0.0 M 8.0 20 290 M M 3 26 300
25 71 48 60 0 5 0 0.00 0.0 M 9.8 25 260 M M 4 35 260
26 70 42 56 -4 9 0 0.00 0.0 M 11.4 29 280 M M 0 41 300
27 73 40 57 -3 8 0 0.00 0.0 M 9.6 21 320 M M 0 30 290
28 75 41 58 -2 7 0 0.00 0.0 M 6.0 18 280 M M 1 24 320
29 79 44 62 2 3 0 0.00 0.0 M 4.6 13 110 M M 2 17 160
30 86 54 70 9 0 5 0.00 0.0 M 11.9 25 180 M M 1 40 170
31 80 59 70 9 0 5 0.79 0.0 M 12.3 23 250 M M 5 1 34 270
================================================================================
SM 2306 1425 172 28 4.04 0.0 228.6 M 104
================================================================================
AV 74.4 46.0 7.4 FASTST M M 3 MAX(MPH)
MISC ----> 37 310 54 320
================================================================================
NOTES:
# LAST OF SEVERAL OCCURRENCES
COLUMN 17 PEAK WIND IN M.P.H.
PRELIMINARY LOCAL CLIMATOLOGICAL DATA (WS FORM: F-6) , PAGE 2
STATION: MACON
MONTH: MARCH
YEAR: 2022
LATITUDE: 32 42 N
LONGITUDE: 83 39 W
[TEMPERATURE DATA] [PRECIPITATION DATA] SYMBOLS USED IN COLUMN 16
AVERAGE MONTHLY: 60.2 TOTAL FOR MONTH: 4.04 1 = FOG OR MIST
DPTR FM NORMAL: 2.5 DPTR FM NORMAL: -0.27 2 = FOG REDUCING VISIBILITY
HIGHEST: 86 ON 30 GRTST 24HR 0.88 ON 18-18 TO 1/4 MILE OR LESS
LOWEST: 22 ON 13 3 = THUNDER
SNOW, ICE PELLETS, HAIL 4 = ICE PELLETS
TOTAL MONTH: 0.0 INCH 5 = HAIL
GRTST 24HR 0.0 6 = FREEZING RAIN OR DRIZZLE
GRTST DEPTH: 0 7 = DUSTSTORM OR SANDSTORM:
VSBY 1/2 MILE OR LESS
8 = SMOKE OR HAZE
[NO. OF DAYS WITH] [WEATHER - DAYS WITH] 9 = BLOWING SNOW
X = TORNADO
MAX 32 OR BELOW: 0 0.01 INCH OR MORE: 10
MAX 90 OR ABOVE: 0 0.10 INCH OR MORE: 8
MIN 32 OR BELOW: 3 0.50 INCH OR MORE: 3
MIN 0 OR BELOW: 0 1.00 INCH OR MORE: 0
[HDD (BASE 65) ]
TOTAL THIS MO. 172 CLEAR (SCALE 0-3) 15
DPTR FM NORMAL -77 PTCLDY (SCALE 4-7) 13
TOTAL FM JUL 1 1715 CLOUDY (SCALE 8-10) 3
DPTR FM NORMAL -325
[CDD (BASE 65) ]
TOTAL THIS MO. 28
DPTR FM NORMAL 4 [PRESSURE DATA]
TOTAL FM JAN 1 57 HIGHEST SLP 30.49 ON 13
DPTR FM NORMAL 26 LOWEST SLP 29.46 ON 12
[REMARKS]
#FINAL-03-22#