000
CXUS53 KDMX 010920
CF6MCW
PRELIMINARY LOCAL CLIMATOLOGICAL DATA (WS FORM: F-6)
STATION: MASON CITY IA
MONTH: SEPTEMBER
YEAR: 2020
LATITUDE: 43 9 N
LONGITUDE: 93 20 W
TEMPERATURE IN F: :PCPN: SNOW: WIND :SUNSHINE: SKY :PK WND
================================================================================
1 2 3 4 5 6A 6B 7 8 9 10 11 12 13 14 15 16 17 18
12Z AVG MX 2MIN
DY MAX MIN AVG DEP HDD CDD WTR SNW DPTH SPD SPD DIR MIN PSBL S-S WX SPD DR
================================================================================
1 73 47 60 -7 5 0 0.00 0.0 0 5.5 20 170 M M 3 27 170
2 83 57 70 4 0 5 0.00 0.0 0 9.2 18 320 M M 0 28 290
3 72 51 62 -4 3 0 0.00 0.0 0 16.3 30 330 M M 0 43 330
4 80 47 64 -2 1 0 0.00 0.0 0 6.3 17 270 M M 3 8 22 260
5 81 50 66 1 0 1 0.00 0.0 0 5.8 18 150 M M 1 26 140
6 88 61 75 10 0 10 1.67 0.0 0 15.3 26 180 M M 3 13 39 170
7 66 49 58 -7 7 0 0.01 0.0 0 12.4 21 20 M M 3 33 30
8 49 45 47 -17 18 0 0.57 0.0 0 11.7 20 30 M M 10 1 29 50
9 48 45 47 -17 18 0 0.32 0.0 0 10.2 16 360 M M 8 1 24 20
10 55 44 50 -13 15 0 0.20 0.0 0 7.3 12 40 M M 10 1 16 50
11 58 50 54 -9 11 0 0.10 0.0 0 8.3 17 120 M M 10 1 23 110
12 65 51 58 -5 7 0 0.05 0.0 0 5.8 13 280 M M 8 1 17 270
13 76 46 61 -1 4 0 0.00 0.0 0 5.3 12 300 M M 0 1 16 290
14 78 48 63 1 2 0 0.00 0.0 0 6.4 16 180 M M 1 12 24 200
15 82 53 68 7 0 3 0.00 0.0 0 11.5 23 210 M M 0 31 220
16 73 48 61 0 4 0 0.00 0.0 0 11.6 21 350 M M 1 27 330
17 67 42 55 -5 10 0 0.00 0.0 0 6.9 13 20 M M 2 19 20
18 66 35 51 -9 14 0 0.00 0.0 0 5.8 12 90 M M 0 18 16 70
19 69 42 56 -4 9 0 0.00 0.0 0 10.9 22 170 M M 0 32 140
20 73 47 60 1 5 0 0.00 0.0 0 13.7 26 170 M M 0 37 170
21 78 49 64 5 1 0 0.00 0.0 0 10.5 22 200 M M 1 31 200
22 81 52 67 9 0 2 0.00 0.0 0 7.1 16 180 M M 0 24 180
23 81 51 66 8 0 1 0.00 0.0 0 7.4 17 220 M M 0 1 24 230
24 78 53 66 9 0 1 T 0.0 0 5.9 17 180 M M 3 18 24 160
25 87 52 70 13 0 5 0.00 0.0 0 10.2 25 170 M M 0 12 36 180
26 82 56 69 13 0 4 0.00 0.0 0 9.4 22 180 M M 1 1 32 180
27 69 51 60 4 5 0 T 0.0 0 12.3 24 270 0 0 0 35 280
28 60 47 54 -1 11 0 0.09 0.0 0 14.4 29 310 M M 10 1 38 320
29 66 42 54 -1 11 0 0.00 0.0 0 10.2 18 240 M M 4 23 230
30 66 47 57 2 8 0 0.02 0.0 0 18.4 32 300 M M 5 42 300
================================================================================
SM 2150 1458 169 32 3.03 0.0 292.0 0 87
================================================================================
AV 71.7 48.6 9.7 FASTST 0 0 3 MAX(MPH)
MISC ----> # 32 300 # 43 330
================================================================================
NOTES:
# LAST OF SEVERAL OCCURRENCES
COLUMN 17 PEAK WIND IN M.P.H.
PRELIMINARY LOCAL CLIMATOLOGICAL DATA (WS FORM: F-6) , PAGE 2
STATION: MASON CITY IA
MONTH: SEPTEMBER
YEAR: 2020
LATITUDE: 43 9 N
LONGITUDE: 93 20 W
[TEMPERATURE DATA] [PRECIPITATION DATA] SYMBOLS USED IN COLUMN 16
AVERAGE MONTHLY: 60.1 TOTAL FOR MONTH: 3.03 1 = FOG OR MIST
DPTR FM NORMAL: -0.8 DPTR FM NORMAL: -0.24 2 = FOG REDUCING VISIBILITY
HIGHEST: 88 ON 6 GRTST 24HR 1.67 ON 6- 6 TO 1/4 MILE OR LESS
LOWEST: 35 ON 18 3 = THUNDER
SNOW, ICE PELLETS, HAIL 4 = ICE PELLETS
TOTAL MONTH: 0.0 INCH 5 = HAIL
GRTST 24HR 0.0 6 = FREEZING RAIN OR DRIZZLE
GRTST DEPTH: 0 7 = DUSTSTORM OR SANDSTORM:
VSBY 1/2 MILE OR LESS
8 = SMOKE OR HAZE
[NO. OF DAYS WITH] [WEATHER - DAYS WITH] 9 = BLOWING SNOW
X = TORNADO
MAX 32 OR BELOW: 0 0.01 INCH OR MORE: 9
MAX 90 OR ABOVE: 0 0.10 INCH OR MORE: 5
MIN 32 OR BELOW: 0 0.50 INCH OR MORE: 2
MIN 0 OR BELOW: 0 1.00 INCH OR MORE: 1
[HDD (BASE 65) ]
TOTAL THIS MO. 169 CLEAR (SCALE 0-3) 21
DPTR FM NORMAL -8 PTCLDY (SCALE 4-7) 5
TOTAL FM JUL 1 200 CLOUDY (SCALE 8-10) 4
DPTR FM NORMAL -13
[CDD (BASE 65) ]
TOTAL THIS MO. 32
DPTR FM NORMAL -22 [PRESSURE DATA]
TOTAL FM JAN 1 743 HIGHEST SLP 30.46 ON 10
DPTR FM NORMAL 133 LOWEST SLP 29.43 ON 26
[REMARKS]
#FINAL-09-20#