000
CXUS54 KMAF 011110
CF6MDD
PRELIMINARY LOCAL CLIMATOLOGICAL DATA (WS FORM: F-6)
STATION: MIDLAND AIRPARK
MONTH: AUGUST
YEAR: 2021
LATITUDE: 32 2 N
LONGITUDE: 102 6 W
TEMPERATURE IN F: :PCPN: SNOW: WIND :SUNSHINE: SKY :PK WND
================================================================================
1 2 3 4 5 6A 6B 7 8 9 10 11 12 13 14 15 16 17 18
12Z AVG MX 2MIN
DY MAX MIN AVG DEP HDD CDD WTR SNW DPTH SPD SPD DIR MIN PSBL S-S WX SPD DR
================================================================================
1 83 71 77 M 0 12 M M M 9.4 16 70 M M 4 3 24 70
2 84 69 77 M 0 12 M M M 9.1 16 40 M M 6 8 22 50
3 87 64 76 M 0 11 M M M 4.7 9 40 M M 0 8 M M
4 90 61 76 M 0 11 M M M 5.2 10 40 M M 1 M M
5 88 71 80 M 0 15 M M M 7.1 13 190 M M 3 8 M M
6 95 69 82 M 0 17 M M M 8.2 12 180 M M 1 17 200
7 98 71 85 M 0 20 M M M 12.6 18 160 M M 1 24 170
8 101 74 88 M 0 23 M M M 12.6 18 190 M M 0 28 190
9 100 74 87 M 0 22 M M M 12.0 18 170 M M 0 23 170
10 98 74 86 M 0 21 M M M 12.6 17 160 M M 0 24 160
11 97 74 86 M 0 21 M M M 10.4 15 170 M M 1 24 190
12 96 73 85 M 0 20 0.21 M M 10.5 16 240 M M 3 8 32 240
13 94 71 83 M 0 18 0.08 M M 8.4 16 120 M M 2 8 25 140
14 85 69 77 M 0 12 0.05 M M 9.4 17 70 M M 3 23 360
15 84 68 76 M 0 11 0.01 M M 5.9 10 210 M M 5 13 M M
16 88 68 78 M 0 13 0.06 M M 6.6 13 190 M M 4 M M
17 81 67 74 M 0 9 0.02 M M 6.8 12 M M M 7 1 M M
18 90 68 79 M 0 14 0.02 M M 7.4 12 150 M M 5 18 26 150
19 95 72 84 M 0 19 0.01 M M 10.5 16 150 M M 2 38 25 150
20 92 72 82 M 0 17 M M M 8.6 15 200 M M 2 3 20 190
21 92 72 82 M 0 17 M M M 10.7 15 140 M M 1 21 160
22 93 72 83 M 0 18 M M M 13.4 20 180 M M 0 28 170
23 94 66 80 M 0 15 M M M 11.3 18 180 M M 0 8 28 180
24 97 68 83 M 0 18 M M M 9.8 15 180 M M 0 21 140
25 94 70 82 M 0 17 M M M 10.0 16 140 M M 0 22 140
26 93 71 82 M 0 17 M M M 8.0 15 150 M M 1 22 130
27 94 69 82 M 0 17 M M M 7.0 13 110 M M 1 22 130
28 92 70 81 M 0 16 M M M 9.9 14 130 M M 1 21 110
29 92 70 81 M 0 16 M M M 8.7 16 120 M M 2 24 130
30 92 68 80 M 0 15 M M M 6.0 12 180 M M 1 18 0
31 96 71 84 M 0 19 M M M 7.1 13 150 M M 1 20 90
================================================================================
SM 2855 2167 0 503 0.46 M 279.8 M 58
================================================================================
AV 92.1 69.9 9.0 FASTST M M 2 MAX(MPH)
MISC ----> 20 180 32 240
================================================================================
NOTES:
# LAST OF SEVERAL OCCURRENCES
COLUMN 17 PEAK WIND IN M.P.H.
PRELIMINARY LOCAL CLIMATOLOGICAL DATA (WS FORM: F-6) , PAGE 2
STATION: MIDLAND AIRPARK
MONTH: AUGUST
YEAR: 2021
LATITUDE: 32 2 N
LONGITUDE: 102 6 W
[TEMPERATURE DATA] [PRECIPITATION DATA] SYMBOLS USED IN COLUMN 16
AVERAGE MONTHLY: 81.0 TOTAL FOR MONTH: 0.46 1 = FOG OR MIST
DPTR FM NORMAL: 0.0 DPTR FM NORMAL: M 2 = FOG REDUCING VISIBILITY
HIGHEST: 101 ON 8 GRTST 24HR 0.21 ON 12-12 TO 1/4 MILE OR LESS
LOWEST: 61 ON 4 3 = THUNDER
SNOW, ICE PELLETS, HAIL 4 = ICE PELLETS
TOTAL MONTH: M 5 = HAIL
GRTST 24HR M ON M 6 = FREEZING RAIN OR DRIZZLE
GRTST DEPTH: M ON M 7 = DUSTSTORM OR SANDSTORM:
VSBY 1/2 MILE OR LESS
8 = SMOKE OR HAZE
[NO. OF DAYS WITH] [WEATHER - DAYS WITH] 9 = BLOWING SNOW
X = TORNADO
MAX 32 OR BELOW: 0 0.01 INCH OR MORE: 8
MAX 90 OR ABOVE: 23 0.10 INCH OR MORE: 1
MIN 32 OR BELOW: 0 0.50 INCH OR MORE: 0
MIN 0 OR BELOW: 0 1.00 INCH OR MORE: 0
[HDD (BASE 65) ]
TOTAL THIS MO. 0 CLEAR (SCALE 0-3) 22
DPTR FM NORMAL M PTCLDY (SCALE 4-7) 9
TOTAL FM JUL 1 0 CLOUDY (SCALE 8-10) 0
DPTR FM NORMAL M
[CDD (BASE 65) ]
TOTAL THIS MO. 503
DPTR FM NORMAL M [PRESSURE DATA]
TOTAL FM JAN 1 1859 HIGHEST SLP M ON M
DPTR FM NORMAL M LOWEST SLP M ON M
[REMARKS]
#FINAL-08-21#