000
CXUS54 KMEG 131017
CF6MEG
PRELIMINARY LOCAL CLIMATOLOGICAL DATA (WS FORM: F-6)
STATION: MEMPHIS/GERMANTOWN WFO
MONTH: FEBRUARY
YEAR: 2023
LATITUDE: 35 7 N
LONGITUDE: 89 48 W
TEMPERATURE IN F: :PCPN: SNOW: WIND :SUNSHINE: SKY :PK WND
================================================================================
1 2 3 4 5 6A 6B 7 8 9 10 11 12 13 14 15 16 17 18
12Z AVG MX 2MIN
DY MAX MIN AVG DEP HDD CDD WTR SNW DPTH SPD SPD DIR MIN PSBL S-S WX SPD DR
================================================================================
1 30 24 27 -14 38 0 0.17 0.0 T M M M M M M 16 M M
2 32 29 31 -10 34 0 0.07 0.0 T M M M M M M 16 M M
3 36 25 31 -10 34 0 0.00 0.0 0 M M M M M M M M
4 47 24 36 -5 29 0 0.00 0.0 0 M M M M M M M M
5 61 37 49 8 16 0 0.00 0.0 0 M M M M M M M M
6 67 34 51 10 14 0 0.00 0.0 0 M M M M M M 1 M M
7 72 51 62 20 3 0 0.00 0.0 0 M M M M M M M M
8 71 54 63 21 2 0 0.28 0.0 0 M M M M M M 1 M M
9 65 40 53 11 12 0 0.14 0.0 0 M M M M M M 1 M M
10 54 35 45 3 20 0 0.00 0.0 0 M M M M M M M M
11 50 38 44 2 21 0 0.00 0.0 0 M M M M M M M M
12 59 31 45 2 20 0 0.00 0.0 0 M M M M M M M M
13 67 33 50 7 15 0 0.00 0.0 0 M M M M M M M M
14 64 43 54 11 11 0 0.21 0.0 0 M M M M M M M M
15 71 53 62 19 3 0 0.11 0.0 0 M M M M M M 13 M M
16 72 36 54 10 11 0 1.22 0.0 0 M M M M M M 13 M M
17 46 30 38 -6 27 0 T T 0 M M M M M M M M
18 56 26 41 -3 24 0 0.00 0.0 0 M M M M M M M M
19 64 41 53 9 12 0 0.00 0.0 0 M M M M M M M M
20 70 55 63 18 2 0 0.00 0.0 0 M M M M M M M M
21 71 47 59 14 6 0 0.00 0.0 0 M M M M M M M M
22 77 59 68 23 0 3 0.44 0.0 0 M M M M M M M M
23 78 56 67 22 0 2 T 0.0 0 M M M M M M M M
24 54 40 47 1 18 0 0.44 0.0 0 M M M M M M 1 M M
25 47 43 45 -1 20 0 0.16 0.0 0 M M M M M M 1 M M
26 62 46 54 8 11 0 0.00 0.0 0 M M M M M M 1 M M
27 73 61 67 21 0 2 0.01 0.0 0 M M M M M M 1 M M
28 79 46 63 16 2 0 0.00 0.0 0 M M M M M M M M
================================================================================
SM 1695 1137 405 7 3.25 T M M M
================================================================================
AV 60.5 40.6 M FASTST M M M MAX(MPH)
MISC ----> M M M M
================================================================================
NOTES:
# LAST OF SEVERAL OCCURRENCES
COLUMN 17 PEAK WIND IN M.P.H.
PRELIMINARY LOCAL CLIMATOLOGICAL DATA (WS FORM: F-6) , PAGE 2
STATION: MEMPHIS/GERMANTOWN WFO
MONTH: FEBRUARY
YEAR: 2023
LATITUDE: 35 7 N
LONGITUDE: 89 48 W
[TEMPERATURE DATA] [PRECIPITATION DATA] SYMBOLS USED IN COLUMN 16
AVERAGE MONTHLY: 50.6 TOTAL FOR MONTH: 3.25 1 = FOG OR MIST
DPTR FM NORMAL: 7.2 DPTR FM NORMAL: -1.52 2 = FOG REDUCING VISIBILITY
HIGHEST: 79 ON 28 GRTST 24HR 1.22 ON 16-16 TO 1/4 MILE OR LESS
LOWEST: 24 ON 4, 1 3 = THUNDER
SNOW, ICE PELLETS, HAIL 4 = ICE PELLETS
TOTAL MONTH: 0.5 INCH 5 = HAIL
GRTST 24HR T ON 17-17 6 = FREEZING RAIN OR DRIZZLE
GRTST DEPTH: T 7 = DUSTSTORM OR SANDSTORM:
VSBY 1/2 MILE OR LESS
8 = SMOKE OR HAZE
[NO. OF DAYS WITH] [WEATHER - DAYS WITH] 9 = BLOWING SNOW
X = TORNADO
MAX 32 OR BELOW: 2 0.01 INCH OR MORE: 11
MAX 90 OR ABOVE: 0 0.10 INCH OR MORE: 9
MIN 32 OR BELOW: 7 0.50 INCH OR MORE: 1
MIN 0 OR BELOW: 0 1.00 INCH OR MORE: 1
[HDD (BASE 65) ]
TOTAL THIS MO. 405 CLEAR (SCALE 0-3) 0
DPTR FM NORMAL -201 PTCLDY (SCALE 4-7) 0
TOTAL FM JUL 1 2160 CLOUDY (SCALE 8-10) 28
DPTR FM NORMAL -543
[CDD (BASE 65) ]
TOTAL THIS MO. 7
DPTR FM NORMAL 6 [PRESSURE DATA]
TOTAL FM JAN 1 9 HIGHEST SLP M ON M
DPTR FM NORMAL 9 LOWEST SLP M ON M
[REMARKS]
#FINAL-02-23#