000
CXUS54 KMEG 042359
CLMMEG
CLIMATE REPORT
NATIONAL WEATHER SERVICE MEMPHIS TN
659 PM CDT SUN JUN 04 2023
...................................
...THE MEMPHIS/GERMANTOWN WFO CLIMATE SUMMARY FOR THE MONTH OF MAY 2023...
CLIMATE NORMAL PERIOD 1991 TO 2020
CLIMATE RECORD PERIOD 1988 TO 2023
WEATHER OBSERVED NORMAL DEPART LAST YEAR`S
VALUE DATE(S) VALUE FROM VALUE DATE(S)
NORMAL
................................................................
TEMPERATURE (F)
RECORD
HIGH 96 05/28/2012
05/26/1989
05/31/2006
LOW 35 05/04/2013
HIGHEST 91 05/14 81 10 95 05/12
05/15
LOWEST 42 05/03 60 -18 49 05/08
AVG. MAXIMUM 82.2 81.1 1.1 83.1
AVG. MINIMUM 60.5 59.1 1.4 62.1
MEAN 71.3 70.1 1.2 72.6
DAYS MAX >= 90 2 3.3 -1.3 8
DAYS MAX <= 32 0 0.0 0.0 0
DAYS MIN <= 32 0 0.0 0.0 0
DAYS MIN <= 0 0 0.0 0.0 0
PRECIPITATION (INCHES)
RECORD
MAXIMUM 13.70 2010
MINIMUM 1.07 2007
TOTALS 3.70 5.48 -1.78 4.15
DAILY AVG. 0.12 0.18 -0.06 0.13
DAYS >= .01 9 11.0 -2.0 9
DAYS >= .10 8 7.9 0.1 6
DAYS >= .50 3 3.6 -0.6 4
DAYS >= 1.00 0 1.6 -1.6 1
GREATEST
24 HR. TOTAL 0.94 05/16 TO 05/16
SNOWFALL (INCHES)
RECORDS
TOTAL MM MM
TOTALS 0.0 0.0 0.0 0.0
SINCE 7/1 1.1 2.8 -1.7 8.3
SNOWDEPTH AVG. 0 0.0
DAYS >= 1.0 0 0.0 0.0 0
GREATEST
SNOW DEPTH 0 0.0
24 HR TOTAL 0.0 0.0
DEGREE DAYS
HEATING TOTAL 27 39 -12 6
SINCE 7/1 2691 3350 -659 2834
COOLING TOTAL 232 197 35 247
SINCE 1/1 292 266 26 324
................................................................
- INDICATES NEGATIVE NUMBERS.
R INDICATES RECORD WAS SET OR TIED.
MM INDICATES DATA IS MISSING.
T INDICATES TRACE AMOUNT.
$$