000
CXUS54 KMEG 010644
CF6MEM
PRELIMINARY LOCAL CLIMATOLOGICAL DATA (WS FORM: F-6)
STATION: MEMPHIS
MONTH: MARCH
YEAR: 2020
LATITUDE: 35 3 N
LONGITUDE: 89 59 W
TEMPERATURE IN F: :PCPN: SNOW: WIND :SUNSHINE: SKY :PK WND
================================================================================
1 2 3 4 5 6A 6B 7 8 9 10 11 12 13 14 15 16 17 18
12Z AVG MX 2MIN
DY MAX MIN AVG DEP HDD CDD WTR SNW DPTH SPD SPD DIR MIN PSBL S-S WX SPD DR
================================================================================
1 72 46 59 9 6 0 0.42 0.0 0 13.2 31 190 M M 7 138 41 190
2 70 56 63 13 2 0 0.02 0.0 0 14.7 28 200 M M 8 13 39 210
3 68 55 62 12 3 0 0.09 0.0 0 6.7 25 200 M M 9 13 36 230
4 61 53 57 7 8 0 0.00 0.0 0 5.3 17 40 M M 10 23 40
5 67 49 58 7 7 0 0.00 0.0 0 8.7 22 320 M M 4 33 350
6 57 41 49 -2 16 0 0.00 0.0 0 11.4 22 340 M M 0 30 350
7 61 36 49 -2 16 0 0.00 0.0 0 5.4 15 60 M M 3 18 70
8 70 42 56 4 9 0 0.00 0.0 0 9.6 20 210 M M 5 27 180
9 68 56 62 10 3 0 0.80 0.0 0 15.3 28 180 M M 10 1 35 190
10 64 48 56 4 9 0 0.02 0.0 0 8.6 17 320 M M 7 26 200
11 67 47 57 5 8 0 0.60 0.0 0 6.3 17 140 M M 8 13 26 110
12 74 59 67 14 0 2 0.47 0.0 0 11.6 28 320 M M 9 13 37 310
13 64 47 56 3 9 0 0.10 0.0 0 12.9 23 40 M M 9 29 20
14 65 46 56 3 9 0 1.41 0.0 0 9.2 23 330 M M 9 1 29 330
15 51 43 47 -7 18 0 0.82 0.0 0 12.3 21 320 M M 10 13 24 310
16 51 43 47 -7 18 0 0.40 0.0 0 5.1 13 90 M M 10 1 16 90
17 65 49 57 3 8 0 T 0.0 0 8.1 15 70 M M 9 1 19 80
18 75 53 64 9 1 0 0.22 0.0 0 8.4 20 210 M M 10 1 27 210
19 77 67 72 17 0 7 0.02 0.0 0 13.1 28 190 M M 8 37 240
20 75 47 61 6 4 0 0.08 0.0 0 12.7 23 210 M M 10 13 32 210
21 55 43 49 -7 16 0 0.00 0.0 0 9.8 17 10 M M 9 21 10
22 52 45 49 -7 16 0 0.69 0.0 0 7.2 16 90 M M 10 13 20 90
23 66 49 58 2 7 0 0.43 0.0 0 7.0 13 110 M M 6 13 17 80
24 71 51 61 5 4 0 0.36 0.0 0 8.4 18 330 M M 10 13 26 340
25 61 50 56 -1 9 0 0.00 0.0 0 4.9 12 360 M M 8 1 16 10
26 85 50 68 11 0 3 0.00 0.0 0 12.3 26 200 M M 4 37 210
27 82 69 76 19 0 11 T 0.0 0 12.4 21 200 M M 9 30 230
28 83 63 73 15 0 8 0.55 0.0 0 13.6 24 200 M M 8 13 38 210
29 70 55 63 5 2 0 0.00 0.0 0 7.2 17 310 M M 5 27 230
30 62 50 56 -2 9 0 0.81 0.0 0 3.6 15 110 M M 9 1 18 110
31 62 48 55 -3 10 0 1.10 0.0 0 10.4 24 10 M M 7 1 30 10
================================================================================
SM 2071 1556 227 31 9.41 0.0 295.4 M 240
================================================================================
AV 66.8 50.2 9.5 FASTST M M 8 MAX(MPH)
MISC ----> # 31 190 # 41 190
================================================================================
NOTES:
# LAST OF SEVERAL OCCURRENCES
COLUMN 17 PEAK WIND IN M.P.H.
PRELIMINARY LOCAL CLIMATOLOGICAL DATA (WS FORM: F-6) , PAGE 2
STATION: MEMPHIS
MONTH: MARCH
YEAR: 2020
LATITUDE: 35 3 N
LONGITUDE: 89 59 W
[TEMPERATURE DATA] [PRECIPITATION DATA] SYMBOLS USED IN COLUMN 16
AVERAGE MONTHLY: 58.5 TOTAL FOR MONTH: 9.41 1 = FOG OR MIST
DPTR FM NORMAL: 4.5 DPTR FM NORMAL: 4.25 2 = FOG REDUCING VISIBILITY
HIGHEST: 85 ON 26 GRTST 24HR 1.41 ON 14-14 TO 1/4 MILE OR LESS
LOWEST: 36 ON 7 3 = THUNDER
SNOW, ICE PELLETS, HAIL 4 = ICE PELLETS
TOTAL MONTH: 0.0 INCH 5 = HAIL
GRTST 24HR 0.0 6 = FREEZING RAIN OR DRIZZLE
GRTST DEPTH: 0 7 = DUSTSTORM OR SANDSTORM:
VSBY 1/2 MILE OR LESS
8 = SMOKE OR HAZE
[NO. OF DAYS WITH] [WEATHER - DAYS WITH] 9 = BLOWING SNOW
X = TORNADO
MAX 32 OR BELOW: 0 0.01 INCH OR MORE: 20
MAX 90 OR ABOVE: 0 0.10 INCH OR MORE: 15
MIN 32 OR BELOW: 0 0.50 INCH OR MORE: 8
MIN 0 OR BELOW: 0 1.00 INCH OR MORE: 2
[HDD (BASE 65) ]
TOTAL THIS MO. 227 CLEAR (SCALE 0-3) 2
DPTR FM NORMAL -131 PTCLDY (SCALE 4-7) 10
TOTAL FM JUL 1 2517 CLOUDY (SCALE 8-10) 19
DPTR FM NORMAL -291
[CDD (BASE 65) ]
TOTAL THIS MO. 31
DPTR FM NORMAL 14 [PRESSURE DATA]
TOTAL FM JAN 1 31 HIGHEST SLP M ON M
DPTR FM NORMAL 11 LOWEST SLP 29.66 ON 3
[REMARKS]
#FINAL-03-20#