000
CXUS54 KMEG 010900
CF6MEM
PRELIMINARY LOCAL CLIMATOLOGICAL DATA (WS FORM: F-6)
STATION: MEMPHIS
MONTH: AUGUST
YEAR: 2023
LATITUDE: 35 3 N
LONGITUDE: 89 59 W
TEMPERATURE IN F: :PCPN: SNOW: WIND :SUNSHINE: SKY :PK WND
================================================================================
1 2 3 4 5 6A 6B 7 8 9 10 11 12 13 14 15 16 17 18
12Z AVG MX 2MIN
DY MAX MIN AVG DEP HDD CDD WTR SNW DPTH SPD SPD DIR MIN PSBL S-S WX SPD DR
================================================================================
1 91 78 85 2 0 20 T 0.0 0 6.4 12 30 M M 7 18 80
2 94 76 85 2 0 20 0.00 0.0 0 7.1 15 190 M M 5 26 220
3 94 80 87 4 0 22 0.00 0.0 0 7.7 22 70 M M 7 31 70
4 86 73 80 -3 0 15 0.12 0.0 0 8.6 24 50 M M 7 1 31 60
5 98 77 88 5 0 23 T 0.0 0 7.4 26 300 M M 4 3 42 300
6 92 75 84 1 0 19 T 0.0 0 6.4 17 240 M M 3 8 26 240
7 85 75 80 -3 0 15 0.06 0.0 0 7.0 17 320 M M 5 3 28 270
8 85 72 79 -4 0 14 0.04 0.0 0 4.1 13 210 M M 7 22 240
9 83 68 76 -7 0 11 1.08 0.0 0 7.4 28 320 M M 8 135 51 340
10 81 68 75 -8 0 10 1.09 0.0 0 6.8 29 300 M M 9 13 43 300
11 94 74 84 1 0 19 0.00 0.0 0 5.3 16 210 M M 5 12 23 200
12 92 80 86 3 0 21 T 0.0 0 7.2 16 360 M M 5 26 330
13 94 79 87 5 0 22 0.00 0.0 0 7.1 24 360 M M 5 36 340
14 94 76 85 3 0 20 T 0.0 0 10.1 28 330 M M 5 35 310
15 82 68 75 -7 0 10 0.00 0.0 0 8.5 17 340 M M 3 25 360
16 84 66 75 -7 0 10 0.00 0.0 0 5.2 10 320 M M 3 16 10
17 88 66 77 -5 0 12 0.00 0.0 0 5.2 13 220 M M 2 26 280
18 91 72 82 0 0 17 0.00 0.0 0 6.0 14 30 M M 2 17 70
19 95 71 83 1 0 18 0.00 0.0 0 5.8 13 90 M M 3 17 50
20 97 74 86 4 0 21 0.00 0.0 0 5.2 10 150 M M 1 17 120
21 98 77 88 6 0 23 0.00 0.0 0 4.5 9 350 M M 3 14 140
22 97 80 89 7 0 24 0.00 0.0 0 5.5 14 20 M M 3 8 17 20
23 99 81 90 8 0 25 0.00 0.0 0 6.3 14 10 M M 3 18 30
24 100 80 90 9 0 25 0.00 0.0 0 3.8 10 10 M M 5 14 10
25 102 80 91 10 0 26 0.00 0.0 0 4.1 9 90 M M 2 17 240
26 102 78 90 9 0 25 0.01 0.0 0 4.4 31 330 M M 3 38 49 350
27 87 73 80 -1 0 15 0.41 0.0 0 8.0 18 20 M M 9 38 27 310
28 89 73 81 0 0 16 0.01 0.0 0 12.0 21 30 M M 6 1 33 20
29 87 69 78 -3 0 13 0.00 0.0 0 8.2 16 40 M M 2 22 30
30 88 67 78 -2 0 13 T 0.0 0 10.2 20 10 M M 2 29 20
31 84 63 74 -6 0 9 0.00 0.0 0 8.4 17 20 M M 1 21 10
================================================================================
SM 2833 2289 0 553 2.82 0.0 209.9 M 135
================================================================================
AV 91.4 73.8 6.8 FASTST M M 4 MAX(MPH)
MISC ----> 31 330 51 340
================================================================================
NOTES:
# LAST OF SEVERAL OCCURRENCES
COLUMN 17 PEAK WIND IN M.P.H.
PRELIMINARY LOCAL CLIMATOLOGICAL DATA (WS FORM: F-6) , PAGE 2
STATION: MEMPHIS
MONTH: AUGUST
YEAR: 2023
LATITUDE: 35 3 N
LONGITUDE: 89 59 W
[TEMPERATURE DATA] [PRECIPITATION DATA] SYMBOLS USED IN COLUMN 16
AVERAGE MONTHLY: 82.6 TOTAL FOR MONTH: 2.82 1 = FOG OR MIST
DPTR FM NORMAL: 0.5 DPTR FM NORMAL: -0.55 2 = FOG REDUCING VISIBILITY
HIGHEST: 102 ON 26,25 GRTST 24HR 2.17 ON 9-10 TO 1/4 MILE OR LESS
LOWEST: 63 ON 31 3 = THUNDER
SNOW, ICE PELLETS, HAIL 4 = ICE PELLETS
TOTAL MONTH: 0.0 INCH 5 = HAIL
GRTST 24HR 0.0 6 = FREEZING RAIN OR DRIZZLE
GRTST DEPTH: 0 7 = DUSTSTORM OR SANDSTORM:
VSBY 1/2 MILE OR LESS
8 = SMOKE OR HAZE
[NO. OF DAYS WITH] [WEATHER - DAYS WITH] 9 = BLOWING SNOW
X = TORNADO
MAX 32 OR BELOW: 0 0.01 INCH OR MORE: 8
MAX 90 OR ABOVE: 18 0.10 INCH OR MORE: 4
MIN 32 OR BELOW: 0 0.50 INCH OR MORE: 2
MIN 0 OR BELOW: 0 1.00 INCH OR MORE: 2
[HDD (BASE 65) ]
TOTAL THIS MO. 0 CLEAR (SCALE 0-3) 12
DPTR FM NORMAL 0 PTCLDY (SCALE 4-7) 17
TOTAL FM JUL 1 0 CLOUDY (SCALE 8-10) 2
DPTR FM NORMAL 0
[CDD (BASE 65) ]
TOTAL THIS MO. 553
DPTR FM NORMAL 25 [PRESSURE DATA]
TOTAL FM JAN 1 1858 HIGHEST SLP 30.15 ON 1
DPTR FM NORMAL -4 LOWEST SLP 29.74 ON 9
[REMARKS]
#FINAL-08-23#