000
CXUS54 KBRO 010800
CF6MFE
PRELIMINARY LOCAL CLIMATOLOGICAL DATA (WS FORM: F-6)
STATION: MCALLEN
MONTH: SEPTEMBER
YEAR: 2022
LATITUDE: 26 10 N
LONGITUDE: 98 14 W
TEMPERATURE IN F: :PCPN: SNOW: WIND :SUNSHINE: SKY :PK WND
================================================================================
1 2 3 4 5 6A 6B 7 8 9 10 11 12 13 14 15 16 17 18
12Z AVG MX 2MIN
DY MAX MIN AVG DEP HDD CDD WTR SNW DPTH SPD SPD DIR MIN PSBL S-S WX SPD DR
================================================================================
1 98 79 89 2 0 24 0.00 0.0 0 7.3 24 110 M M 1 29 100
2 96 79 88 1 0 23 0.00 0.0 0 7.0 21 50 M M 1 3 29 50
3 94 78 86 -1 0 21 0.07 0.0 0 6.1 24 130 M M 4 13 32 130
4 92 75 84 -3 0 19 0.14 0.0 0 5.1 17 50 M M 2 1 24 50
5 85 76 81 -6 0 16 0.09 0.0 0 6.9 15 90 M M 5 20 80
6 89 74 82 -4 0 17 2.67 0.0 0 4.3 18 20 M M 6 12 26 30
7 94 74 84 -2 0 19 T 0.0 0 4.8 15 80 M M 4 21 90
8 96 73 85 -1 0 20 0.00 0.0 0 4.1 14 110 M M 0 20 120
9 97 75 86 0 0 21 0.00 0.0 0 6.0 23 110 M M 0 30 100
10 97 74 86 0 0 21 0.00 0.0 0 7.9 20 80 M M 1 25 80
11 97 74 86 0 0 21 0.00 0.0 0 5.5 17 80 M M 1 23 80
12 96 73 85 -1 0 20 0.00 0.0 0 4.9 17 70 M M 1 23 80
13 96 74 85 0 0 20 0.00 0.0 0 5.8 18 80 M M 1 26 80
14 93 73 83 -2 0 18 T 0.0 0 6.6 21 100 M M 2 3 26 100
15 95 74 85 0 0 20 0.00 0.0 0 6.2 23 130 M M 2 3 30 120
16 94 74 84 -1 0 19 0.00 0.0 0 7.9 18 100 M M 1 24 110
17 92 76 84 -1 0 19 0.32 0.0 0 6.8 23 130 M M 2 31 130
18 93 76 85 1 0 20 0.02 0.0 0 9.1 23 130 M M 1 13 29 140
19 95 76 86 2 0 21 0.04 0.0 0 6.5 23 100 M M 1 3 31 110
20 92 76 84 0 0 19 T 0.0 0 6.3 21 150 M M 2 26 150
21 95 73 84 0 0 19 0.00 0.0 0 5.9 17 80 M M 1 25 70
22 94 72 83 -1 0 18 0.00 0.0 0 5.8 17 150 M M 2 25 170
23 95 72 84 0 0 19 0.00 0.0 0 6.0 16 60 M M 1 18 22 60
24 94 75 85 1 0 20 0.00 0.0 0 6.9 22 120 M M 1 30 90
25 94 74 84 1 0 19 0.04 0.0 0 7.2 18 110 M M 2 26 70
26 94 72 83 0 0 18 0.42 0.0 0 5.8 20 310 M M 2 13 27 120
27 93 70 82 -1 0 17 0.02 0.0 0 7.2 18 70 M M 2 3 29 40
28 92 65 79 -4 0 14 0.00 0.0 0 8.7 18 70 M M 1 27 50
29 91 65 78 -5 0 13 0.00 0.0 0 5.4 13 80 M M 1 20 40
30 93 62 78 -5 0 13 0.00 0.0 0 3.6 14 110 M M 0 17 110
================================================================================
SM 2816 2203 0 568 3.83 0.0 187.6 M 51
================================================================================
AV 93.9 73.4 6.3 FASTST M M 2 MAX(MPH)
MISC ----> # 24 110 32 130
================================================================================
NOTES:
# LAST OF SEVERAL OCCURRENCES
COLUMN 17 PEAK WIND IN M.P.H.
PRELIMINARY LOCAL CLIMATOLOGICAL DATA (WS FORM: F-6) , PAGE 2
STATION: MCALLEN
MONTH: SEPTEMBER
YEAR: 2022
LATITUDE: 26 10 N
LONGITUDE: 98 14 W
[TEMPERATURE DATA] [PRECIPITATION DATA] SYMBOLS USED IN COLUMN 16
AVERAGE MONTHLY: 83.7 TOTAL FOR MONTH: 3.83 1 = FOG OR MIST
DPTR FM NORMAL: -1.3 DPTR FM NORMAL: -0.78 2 = FOG REDUCING VISIBILITY
HIGHEST: 98 ON 1 GRTST 24HR 2.69 ON 5- 6 TO 1/4 MILE OR LESS
LOWEST: 62 ON 30 3 = THUNDER
SNOW, ICE PELLETS, HAIL 4 = ICE PELLETS
TOTAL MONTH: 0.0 INCH 5 = HAIL
GRTST 24HR 0.0 6 = FREEZING RAIN OR DRIZZLE
GRTST DEPTH: 0 7 = DUSTSTORM OR SANDSTORM:
VSBY 1/2 MILE OR LESS
8 = SMOKE OR HAZE
[NO. OF DAYS WITH] [WEATHER - DAYS WITH] 9 = BLOWING SNOW
X = TORNADO
MAX 32 OR BELOW: 0 0.01 INCH OR MORE: 10
MAX 90 OR ABOVE: 28 0.10 INCH OR MORE: 4
MIN 32 OR BELOW: 0 0.50 INCH OR MORE: 1
MIN 0 OR BELOW: 0 1.00 INCH OR MORE: 1
[HDD (BASE 65) ]
TOTAL THIS MO. 0 CLEAR (SCALE 0-3) 26
DPTR FM NORMAL 0 PTCLDY (SCALE 4-7) 4
TOTAL FM JUL 1 0 CLOUDY (SCALE 8-10) 0
DPTR FM NORMAL 0
[CDD (BASE 65) ]
TOTAL THIS MO. 568
DPTR FM NORMAL -31 [PRESSURE DATA]
TOTAL FM JAN 1 4087 HIGHEST SLP M ON M
DPTR FM NORMAL -155 LOWEST SLP 29.68 ON 9
[REMARKS]
#FINAL-09-22#