000
CXUS56 KMFR 011148
CF6MFR
PRELIMINARY LOCAL CLIMATOLOGICAL DATA (WS FORM: F-6)
STATION: MEDFORD OR
MONTH: DECEMBER
YEAR: 2023
LATITUDE: 42 22 N
LONGITUDE: 122 52 W
TEMPERATURE IN F: :PCPN: SNOW: WIND :SUNSHINE: SKY :PK WND
================================================================================
1 2 3 4 5 6A 6B 7 8 9 10 11 12 13 14 15 16 17 18
12Z AVG MX 2MIN
DY MAX MIN AVG DEP HDD CDD WTR SNW DPTH SPD SPD DIR MIN PSBL S-S WX SPD DR
================================================================================
1 46 38 42 1 23 0 0.30 0.0 0 2.6 20 130 M M 9 1 30 120
2 46 38 42 1 23 0 0.74 0.0 0 2.1 7 40 M M 10 1 9 350
3 57 45 51 10 14 0 0.05 0.0 0 1.6 7 330 M M 10 1 9 320
4 58 48 53 12 12 0 0.00 0.0 0 1.4 8 10 M M 10 12 10 20
5 56 48 52 12 13 0 0.00 0.0 0 1.3 8 270 M M 9 12 10 270
6 54 44 49 9 16 0 0.12 0.0 0 2.7 15 200 M M 10 12 21 180
7 47 35 41 1 24 0 0.53 0.0 0 4.7 23 280 M M 9 1 33 260
8 46 32 39 -1 26 0 0.01 0.0 0 1.2 7 180 M M 7 128 10 170
9 44 29 37 -3 28 0 0.00 0.0 0 1.6 6 360 M M 5 12 8 360
10 45 30 38 -2 27 0 0.01 0.0 0 0.6 6 350 M M 9 1 7 360
11 53 42 48 8 17 0 0.01 0.0 0 0.5 6 10 M M 10 1 9 350
12 60 38 49 10 16 0 0.00 0.0 0 3.0 10 100 M M 5 12 14 120
13 57 32 45 6 20 0 0.00 0.0 0 1.4 9 20 M M 0 11 20
14 53 35 44 5 21 0 0.00 0.0 0 1.5 7 210 M M 2 7 200
15 51 28 40 1 25 0 0.00 0.0 0 0.4 6 150 M M 1 1 7 350
16 53 28 41 2 24 0 0.00 0.0 0 0.6 6 150 M M 4 12 7 140
17 40 28 34 -5 31 0 0.02 0.0 0 1.4 12 200 M M 3 1 14 200
18 60 35 48 9 17 0 0.01 0.0 0 12.9 32 150 M M 4 18 42 150
19 58 46 52 13 13 0 0.15 0.0 0 5.3 18 160 M M 9 1 25 160
20 60 39 50 11 15 0 0.00 0.0 0 0.9 7 180 M M 1 12 8 180
21 44 39 42 3 23 0 0.00 0.0 0 1.5 8 360 M M 10 12 9 360
22 48 30 39 0 26 0 0.01 0.0 0 2.9 9 360 M M 7 12 12 10
23 42 28 35 -4 30 0 0.00 0.0 0 1.1 6 120 M M 5 12 8 140
24 41 28 35 -4 30 0 0.08 0.0 0 1.5 7 190 M M 6 1 9 180
25 46 38 42 3 23 0 0.02 0.0 0 1.2 7 130 M M 7 1 8 120
26 61 36 49 10 16 0 T 0.0 0 6.4 35 140 M M 7 12 48 160
27 60 46 53 14 12 0 0.03 0.0 0 13.0 31 160 M M 6 42 150
28 54 41 48 9 17 0 0.00 0.0 0 2.1 10 330 M M 5 13 330
29 68 46 57 18 8 0 0.03 0.0 0 13.4 32 130 M M 6 42 140
30 54 43 49 10 16 0 0.10 0.0 0 2.6 9 110 M M 8 1 12 250
31 50 37 44 5 21 0 0.00 0.0 0 0.8 6 10 M M 6 1 7 350
================================================================================
SM 1612 1150 627 0 2.22 0.0 94.2 M 200
================================================================================
AV 52.0 37.1 3.0 FASTST M M 6 MAX(MPH)
MISC ----> 35 140 48 160
================================================================================
NOTES:
# LAST OF SEVERAL OCCURRENCES
COLUMN 17 PEAK WIND IN M.P.H.
PRELIMINARY LOCAL CLIMATOLOGICAL DATA (WS FORM: F-6) , PAGE 2
STATION: MEDFORD OR
MONTH: DECEMBER
YEAR: 2023
LATITUDE: 42 22 N
LONGITUDE: 122 52 W
[TEMPERATURE DATA] [PRECIPITATION DATA] SYMBOLS USED IN COLUMN 16
AVERAGE MONTHLY: 44.5 TOTAL FOR MONTH: 2.22 1 = FOG OR MIST
DPTR FM NORMAL: 5.1 DPTR FM NORMAL: -1.31 2 = FOG REDUCING VISIBILITY
HIGHEST: 68 ON 29 GRTST 24HR 0.78 ON 2- 3 TO 1/4 MILE OR LESS
LOWEST: 28 ON 24,23 3 = THUNDER
SNOW, ICE PELLETS, HAIL 4 = ICE PELLETS
TOTAL MONTH: 0.0 INCH 5 = HAIL
GRTST 24HR 0.0 6 = FREEZING RAIN OR DRIZZLE
GRTST DEPTH: 0 7 = DUSTSTORM OR SANDSTORM:
VSBY 1/2 MILE OR LESS
8 = SMOKE OR HAZE
[NO. OF DAYS WITH] [WEATHER - DAYS WITH] 9 = BLOWING SNOW
X = TORNADO
MAX 32 OR BELOW: 0 0.01 INCH OR MORE: 17
MAX 90 OR ABOVE: 0 0.10 INCH OR MORE: 6
MIN 32 OR BELOW: 10 0.50 INCH OR MORE: 2
MIN 0 OR BELOW: 0 1.00 INCH OR MORE: 0
[HDD (BASE 65) ]
TOTAL THIS MO. 627 CLEAR (SCALE 0-3) 5
DPTR FM NORMAL -168 PTCLDY (SCALE 4-7) 14
TOTAL FM JUL 1 1472 CLOUDY (SCALE 8-10) 12
DPTR FM NORMAL -257
[CDD (BASE 65) ]
TOTAL THIS MO. 0
DPTR FM NORMAL 0 [PRESSURE DATA]
TOTAL FM JAN 1 1304 HIGHEST SLP 30.46 ON 9
DPTR FM NORMAL 395 LOWEST SLP 29.47 ON 19
[REMARKS]
#FINAL-12-23#