000
CXUS54 KBMX 011010
CF6MGM
PRELIMINARY LOCAL CLIMATOLOGICAL DATA (WS FORM: F-6)
STATION: MONTGOMERY
MONTH: JUNE
YEAR: 2022
LATITUDE: 32 17 N
LONGITUDE: 86 24 W
TEMPERATURE IN F: :PCPN: SNOW: WIND :SUNSHINE: SKY :PK WND
================================================================================
1 2 3 4 5 6A 6B 7 8 9 10 11 12 13 14 15 16 17 18
12Z AVG MX 2MIN
DY MAX MIN AVG DEP HDD CDD WTR SNW DPTH SPD SPD DIR MIN PSBL S-S WX SPD DR
================================================================================
1 93 69 81 3 0 16 0.00 0.0 0 1.7 9 270 M M 1 13 360
2 94 71 83 5 0 18 0.00 0.0 0 3.8 21 320 M M 1 3 27 300
3 90 69 80 2 0 15 0.00 0.0 0 5.6 15 330 M M 1 3 19 350
4 91 70 81 3 0 16 0.00 0.0 0 4.6 14 30 M M 3 18 30
5 91 70 81 2 0 16 0.09 0.0 0 4.7 15 360 M M 3 3 19 360
6 91 68 80 1 0 15 0.00 0.0 0 4.7 12 100 M M 2 14 140
7 93 70 82 3 0 17 0.00 0.0 0 4.7 10 230 M M 1 16 220
8 93 76 85 6 0 20 T 0.0 M 6.2 14 230 M M 2 38 17 240
9 90 73 82 3 0 17 0.00 0.0 0 6.1 15 290 M M 3 3 18 280
10 90 69 80 0 0 15 T 0.0 0 3.3 12 80 M M 1 14 80
11 91 71 81 1 0 16 0.00 0.0 0 3.5 10 260 M M 4 1 14 250
12 95 70 83 3 0 18 0.00 0.0 0 2.9 10 230 M M 1 17 230
13 98 76 87 7 0 22 0.00 0.0 0 4.3 10 200 M M 2 1 15 230
14 99 74 87 7 0 22 0.04 0.0 0 4.6 20 130 M M 2 3 27 130
15 100 72 86 6 0 21 0.04 0.0 0 5.0 39 70 M M 1 3 51 80
16 99 74 87 7 0 22 T 0.0 0 4.6 13 90 M M 0 16 190
17 100 73 87 6 0 22 T 0.0 M 4.5 21 340 M M 1 3 26 340
18 98 73 86 5 0 21 0.00 0.0 M 6.3 17 320 M M 1 21 330
19 95 66 81 0 0 16 0.00 0.0 M 7.3 17 70 M M 0 23 60
20 97 71 84 3 0 19 0.00 0.0 M 5.6 13 90 M M 1 16 80
21 98 71 85 4 0 20 0.00 0.0 M 2.6 10 50 M M 1 14 350
22 102 72 87 6 0 22 0.00 0.0 M 4.5 15 10 M M 0 22 10
23 104 73 89 8 0 24 0.00 0.0 M 5.9 16 20 M M 0 22 20
24 102 74 88 6 0 23 0.00 0.0 0 4.4 14 350 M M 1 18 340
25 96 76 86 4 0 21 T 0.0 0 7.7 22 130 M M 1 3 27 140
26 96 73 85 3 0 20 0.00 0.0 0 5.0 15 40 M M 2 25 40
27 95 74 85 3 0 20 T 0.0 0 4.3 17 360 M M 3 3 20 300
28 96 72 84 2 0 19 2.59 0.0 0 5.9 29 200 M M 3 13 38 200
29 92 74 83 1 0 18 0.05 0.0 M 4.3 18 220 M M 2 3 24 230
30 88 74 81 -1 0 16 0.65 0.0 M 5.1 16 210 M M 4 13 21 210
================================================================================
SM 2857 2158 0 567 3.46 0.0 143.7 M 48
================================================================================
AV 95.2 71.9 4.8 FASTST M M 2 MAX(MPH)
MISC ----> 39 70 51 80
================================================================================
NOTES:
# LAST OF SEVERAL OCCURRENCES
COLUMN 17 PEAK WIND IN M.P.H.
PRELIMINARY LOCAL CLIMATOLOGICAL DATA (WS FORM: F-6) , PAGE 2
STATION: MONTGOMERY
MONTH: JUNE
YEAR: 2022
LATITUDE: 32 17 N
LONGITUDE: 86 24 W
[TEMPERATURE DATA] [PRECIPITATION DATA] SYMBOLS USED IN COLUMN 16
AVERAGE MONTHLY: 83.6 TOTAL FOR MONTH: 3.46 1 = FOG OR MIST
DPTR FM NORMAL: 3.4 DPTR FM NORMAL: -0.62 2 = FOG REDUCING VISIBILITY
HIGHEST: 104 ON 23 GRTST 24HR 2.63 ON 28-29 TO 1/4 MILE OR LESS
LOWEST: 66 ON 19 3 = THUNDER
SNOW, ICE PELLETS, HAIL 4 = ICE PELLETS
TOTAL MONTH: 0.0 INCH 5 = HAIL
GRTST 24HR 0.0 6 = FREEZING RAIN OR DRIZZLE
GRTST DEPTH: 0 7 = DUSTSTORM OR SANDSTORM:
VSBY 1/2 MILE OR LESS
8 = SMOKE OR HAZE
[NO. OF DAYS WITH] [WEATHER - DAYS WITH] 9 = BLOWING SNOW
X = TORNADO
MAX 32 OR BELOW: 0 0.01 INCH OR MORE: 6
MAX 90 OR ABOVE: 29 0.10 INCH OR MORE: 2
MIN 32 OR BELOW: 0 0.50 INCH OR MORE: 2
MIN 0 OR BELOW: 0 1.00 INCH OR MORE: 1
[HDD (BASE 65) ]
TOTAL THIS MO. 0 CLEAR (SCALE 0-3) 27
DPTR FM NORMAL 0 PTCLDY (SCALE 4-7) 3
TOTAL FM JUL 1 1744 CLOUDY (SCALE 8-10) 0
DPTR FM NORMAL -255
[CDD (BASE 65) ]
TOTAL THIS MO. 567
DPTR FM NORMAL 110 [PRESSURE DATA]
TOTAL FM JAN 1 1052 HIGHEST SLP 30.23 ON 21
DPTR FM NORMAL 170 LOWEST SLP 29.75 ON 4
[REMARKS]
#FINAL-06-22#