000
CXUS52 KMFL 011824
CF6MIA
PRELIMINARY LOCAL CLIMATOLOGICAL DATA (WS FORM: F-6)
STATION: MIAMI
MONTH: NOVEMBER
YEAR: 2022
LATITUDE: 25 49 N
LONGITUDE: 80 17 W
TEMPERATURE IN F: :PCPN: SNOW: WIND :SUNSHINE: SKY :PK WND
================================================================================
1 2 3 4 5 6A 6B 7 8 9 10 11 12 13 14 15 16 17 18
12Z AVG MX 2MIN
DY MAX MIN AVG DEP HDD CDD WTR SNW DPTH SPD SPD DIR MIN PSBL S-S WX SPD DR
================================================================================
1 90 79 85 8 0 20 0.02 0.0 0 9.2 15 110 M M 4 19 140
2 90 79 85 8 0 20 0.00 0.0 M 9.2 16 90 M M 6 21 90
3 88 76 82 5 0 17 0.14 0.0 0 7.2 16 80 M M 7 1 20 80
4 86 73 80 4 0 15 0.02 0.0 0 7.2 17 50 M M 4 26 50
5 87 73 80 4 0 15 0.01 0.0 0 6.6 16 80 M M 5 21 90
6 87 72 80 4 0 15 0.34 0.0 0 7.7 28 90 M M 5 18 32 90
7 86 74 80 4 0 15 0.02 0.0 0 8.3 20 40 M M 5 29 60
8 86 71 79 3 0 14 0.59 0.0 0 7.7 20 30 M M 6 1 29 350
9 78 69 74 -2 0 9 1.35 0.0 0 11.4 21 270 M M 10 1 31 300
10 85 70 78 2 0 13 T 0.0 0 10.9 22 220 M M 7 30 210
11 88 72 80 5 0 15 0.00 0.0 0 6.6 17 200 M M 5 22 180
12 86 72 79 4 0 14 0.02 0.0 0 3.2 12 160 M M 4 13 21 180
13 88 69 79 4 0 14 0.00 0.0 0 3.2 12 100 M M 3 16 120
14 86 73 80 5 0 15 0.00 0.0 0 6.5 15 80 M M 3 20 90
15 86 73 80 5 0 15 0.00 0.0 0 5.1 14 100 M M 4 21 160
16 87 71 79 4 0 14 T 0.0 0 3.6 13 130 M M 5 18 150
17 81 69 75 1 0 10 0.00 0.0 0 7.0 14 340 M M 7 19 30
18 81 65 73 -1 0 8 0.00 0.0 0 7.9 15 50 M M 6 20 50
19 81 70 76 2 0 11 0.01 0.0 0 7.7 18 50 M M 8 18 26 50
20 78 69 74 0 0 9 4.46 0.0 0 8.3 16 30 M M 10 1 24 30
21 78 72 75 1 0 10 1.06 0.0 0 9.5 18 80 M M 10 1 24 70
22 85 72 79 5 0 14 0.10 0.0 0 4.8 12 100 M M 8 1 16 140
23 86 69 78 4 0 13 0.00 0.0 0 3.5 10 140 M M 6 12 16 130
24 87 73 80 6 0 15 0.00 0.0 0 6.3 14 120 M M 4 18 140
25 88 77 83 9 0 18 0.00 0.0 0 5.8 13 130 M M 5 19 180
26 87 75 81 8 0 16 0.00 0.0 0 6.3 14 130 M M 4 22 120
27 89 75 82 9 0 17 T 0.0 0 5.7 13 190 M M 6 17 190
28 88 73 81 8 0 16 0.03 0.0 0 3.7 13 40 M M 5 20 40
29 84 73 79 6 0 14 0.00 0.0 0 8.7 17 90 M M 4 21 90
30 86 73 80 7 0 15 0.32 0.0 0 8.3 16 330 M M 6 13 26 330
================================================================================
SM 2563 2171 0 426 8.49 0.0 207.1 M 172
================================================================================
AV 85.4 72.4 6.9 FASTST M M 6 MAX(MPH)
MISC ----> 28 90 32 90
================================================================================
NOTES:
# LAST OF SEVERAL OCCURRENCES
COLUMN 17 PEAK WIND IN M.P.H.
PRELIMINARY LOCAL CLIMATOLOGICAL DATA (WS FORM: F-6) , PAGE 2
STATION: MIAMI
MONTH: NOVEMBER
YEAR: 2022
LATITUDE: 25 49 N
LONGITUDE: 80 17 W
[TEMPERATURE DATA] [PRECIPITATION DATA] SYMBOLS USED IN COLUMN 16
AVERAGE MONTHLY: 78.9 TOTAL FOR MONTH: 8.49 1 = FOG OR MIST
DPTR FM NORMAL: 4.1 DPTR FM NORMAL: 4.96 2 = FOG REDUCING VISIBILITY
HIGHEST: 90 ON 2, 1 GRTST 24HR 4.47 ON 19-20 TO 1/4 MILE OR LESS
LOWEST: 65 ON 18 3 = THUNDER
SNOW, ICE PELLETS, HAIL 4 = ICE PELLETS
TOTAL MONTH: 0.0 INCH 5 = HAIL
GRTST 24HR 0.0 6 = FREEZING RAIN OR DRIZZLE
GRTST DEPTH: 0 7 = DUSTSTORM OR SANDSTORM:
VSBY 1/2 MILE OR LESS
8 = SMOKE OR HAZE
[NO. OF DAYS WITH] [WEATHER - DAYS WITH] 9 = BLOWING SNOW
X = TORNADO
MAX 32 OR BELOW: 0 0.01 INCH OR MORE: 15
MAX 90 OR ABOVE: 2 0.10 INCH OR MORE: 8
MIN 32 OR BELOW: 0 0.50 INCH OR MORE: 4
MIN 0 OR BELOW: 0 1.00 INCH OR MORE: 3
[HDD (BASE 65) ]
TOTAL THIS MO. 0 CLEAR (SCALE 0-3) 0
DPTR FM NORMAL -3 PTCLDY (SCALE 4-7) 27
TOTAL FM JUL 1 0 CLOUDY (SCALE 8-10) 3
DPTR FM NORMAL 0
[CDD (BASE 65) ]
TOTAL THIS MO. 426
DPTR FM NORMAL 129 [PRESSURE DATA]
TOTAL FM JAN 1 5005 HIGHEST SLP 30.17 ON 19
DPTR FM NORMAL 568 LOWEST SLP 29.57 ON 10
[REMARKS]
#FINAL-11-22#