000
CXUS52 KMFL 011241
CLMMIA
CLIMATE REPORT
NATIONAL WEATHER SERVICE MIAMI, FL
841 AM EDT SUN OCT 01 2023
...................................
...THE MIAMI CLIMATE SUMMARY FOR THE MONTH OF SEPTEMBER 2023...
CLIMATE NORMAL PERIOD: 1991 TO 2020
CLIMATE RECORD PERIOD: 1895 TO 2023
WEATHER OBSERVED NORMAL DEPART LAST YEAR`S
VALUE DATE(S) VALUE FROM VALUE
NORMAL
..............................................................
TEMPERATURE (F)
RECORD
HIGH 97 09/08/1987
LOW 62 09/29/1903
HIGHEST 96 09/13 96
LOWEST 72 09/24 69
09/25
AVG. MAXIMUM 91.9 89.0 2.9 91.4
AVG. MINIMUM 77.4 76.9 0.5 77.2
MEAN 84.7 83.0 1.7 84.3
DAYS MAX >= 90 28 23
DAYS MAX <= 32 0 0
DAYS MIN <= 32 0 0
DAYS MIN <= 0 0 0
PRECIPITATION (INCHES)
RECORD
MAXIMUM 24.40 1960
MINIMUM 2.08 1912
TOTALS 12.76 10.22 2.54 12.15
DAILY AVG. 0.43 0.34 0.09
DAYS >= .01 19 19
DAYS >= .10 16 14
DAYS >= .50 5 6
DAYS >= 1.00 3 3
GREATEST
24 HR. TOTAL 4.56 09/15 TO 09/16 4.25
DEGREE DAYS
HEATING TOTAL 0 0 0 0
SINCE 7/1 0 0 0 MM
COOLING TOTAL 597 538 59 589
SINCE 1/1 4391 3673 718 MM
..............................................................
WIND (MPH)
AVERAGE WIND SPEED 5.5
HIGHEST WIND SPEED/DIRECTION 28/210 DATE 09/24
HIGHEST GUST SPEED/DIRECTION 37/220 DATE 09/24
SKY COVER
POSSIBLE SUNSHINE (PERCENT) MM
AVERAGE SKY COVER 0.59
NUMBER OF DAYS FAIR 2
NUMBER OF DAYS PC 24
NUMBER OF DAYS CLOUDY 4
AVERAGE RH (PERCENT) 71
WEATHER CONDITIONS. NUMBER OF DAYS WITH
THUNDERSTORM 22 MIXED PRECIP 0
HEAVY RAIN 10 RAIN 6
LIGHT RAIN 20 FREEZING RAIN 0
LT FREEZING RAIN 0 HAIL 0
HEAVY SNOW 0 SNOW 0
LIGHT SNOW 0 SLEET 0
FOG 13 FOG W/VIS <= 1/4 MILE 0
HAZE 7
- INDICATES NEGATIVE NUMBERS.
R INDICATES RECORD WAS SET OR TIED.
MM INDICATES DATA IS MISSING.
T INDICATES TRACE AMOUNT.
$$