000
CXUS55 KEAX 010736
CF6MKC
PRELIMINARY LOCAL CLIMATOLOGICAL DATA (WS FORM: F-6)
STATION: DOWNTOWN KANSAS CITY MO
MONTH: JULY
YEAR: 2020
LATITUDE: 39 7 N
LONGITUDE: 94 36 W
TEMPERATURE IN F: :PCPN: SNOW: WIND :SUNSHINE: SKY :PK WND
================================================================================
1 2 3 4 5 6A 6B 7 8 9 10 11 12 13 14 15 16 17 18
12Z AVG MX 2MIN
DY MAX MIN AVG DEP HDD CDD WTR SNW DPTH SPD SPD DIR MIN PSBL S-S WX SPD DR
================================================================================
1 86 70 78 -2 0 13 0.92 M M 6.8 30 20 M M 4 13 42 20
2 89 74 82 2 0 17 0.00 M M 5.6 16 50 M M 1 24 40
3 91 73 82 2 0 17 0.00 M M 5.7 14 250 M M 2 17 240
4 86 74 80 0 0 15 0.39 M M 7.1 28 100 M M 5 138 36 100
5 91 74 83 3 0 18 0.00 M M 5.5 13 110 M M 1 18 18 120
6 93 74 84 3 0 19 0.00 M M 5.3 12 100 M M 1 17 110
7 95 76 86 5 0 21 0.00 M M 3.4 10 140 M M 2 8 14 130
8 95 77 86 5 0 21 0.00 M M 7.5 15 200 M M 1 20 210
9 86 70 78 -3 0 13 0.03 M M 8.1 29 310 M M 1 43 300
10 94 68 81 0 0 16 0.00 M M 3.2 13 150 M M 0 17 160
11 93 74 84 3 0 19 0.00 M M 6.5 13 330 M M 0 19 330
12 88 68 78 -3 0 13 0.00 M M 7.0 16 350 M M 0 22 350
13 92 73 83 2 0 18 0.00 M M 8.6 14 140 M M 0 20 140
14 92 75 84 3 0 19 T M M 8.1 16 140 M M 1 23 160
15 85 69 77 -4 0 12 2.32 M M 8.1 32 20 M M 5 13 53 10
16 85 70 78 -3 0 13 0.00 M M 4.4 14 50 M M 1 20 40
17 95 75 85 4 0 20 0.00 M M 8.9 18 140 M M 1 28 160
18 96 80 88 7 0 23 0.00 M M 16.1 26 190 M M 0 39 210
19 87 74 81 0 0 16 0.02 M M 8.8 20 220 M M 4 3 27 220
20 83 68 76 -5 0 11 0.83 M M 5.0 22 320 M M 5 138 31 310
21 83 71 77 -4 0 12 0.17 M M 4.8 14 320 M M 6 13 20 230
22 90 70 80 -1 0 15 0.00 M M 3.2 9 80 M M 2 18 13 70
23 93 75 84 3 0 19 0.00 M M 6.8 15 50 M M 1 22 40
24 93 77 85 4 0 20 0.00 M M 7.3 14 150 M M 1 20 160
25 93 77 85 4 0 20 0.00 M M 9.2 15 200 M M 1 24 200
26 93 77 85 4 0 20 0.30 M M 8.5 23 150 M M 2 13 33 150
27 82 72 77 -4 0 12 0.78 M M 6.6 17 360 M M 8 138 24 350
28 88 73 81 0 0 16 0.00 M M 6.1 14 140 M M 5 1 21 130
29 86 73 80 -1 0 15 0.88 M M 5.8 17 110 M M 8 13 29 110
30 78 69 74 -7 0 9 0.50 M M 7.3 17 10 M M 9 1 27 10
31 80 68 74 -7 0 9 0.27 M M 7.6 15 10 M M 5 1 20 10
================================================================================
SM 2761 2258 0 501 7.41 M 212.9 M 83
================================================================================
AV 89.1 72.8 6.9 FASTST M M 3 MAX(MPH)
MISC ----> 32 20 53 10
================================================================================
NOTES:
# LAST OF SEVERAL OCCURRENCES
COLUMN 17 PEAK WIND IN M.P.H.
PRELIMINARY LOCAL CLIMATOLOGICAL DATA (WS FORM: F-6) , PAGE 2
STATION: DOWNTOWN KANSAS CITY MO
MONTH: JULY
YEAR: 2020
LATITUDE: 39 7 N
LONGITUDE: 94 36 W
[TEMPERATURE DATA] [PRECIPITATION DATA] SYMBOLS USED IN COLUMN 16
AVERAGE MONTHLY: 81.0 TOTAL FOR MONTH: 7.41 1 = FOG OR MIST
DPTR FM NORMAL: 0.0 DPTR FM NORMAL: 3.44 2 = FOG REDUCING VISIBILITY
HIGHEST: 96 ON 18 GRTST 24HR 2.32 ON 15-15 TO 1/4 MILE OR LESS
LOWEST: 68 ON 31,20 3 = THUNDER
SNOW, ICE PELLETS, HAIL 4 = ICE PELLETS
TOTAL MONTH: M 5 = HAIL
GRTST 24HR M ON M 6 = FREEZING RAIN OR DRIZZLE
GRTST DEPTH: M ON M 7 = DUSTSTORM OR SANDSTORM:
VSBY 1/2 MILE OR LESS
8 = SMOKE OR HAZE
[NO. OF DAYS WITH] [WEATHER - DAYS WITH] 9 = BLOWING SNOW
X = TORNADO
MAX 32 OR BELOW: 0 0.01 INCH OR MORE: 12
MAX 90 OR ABOVE: 16 0.10 INCH OR MORE: 10
MIN 32 OR BELOW: 0 0.50 INCH OR MORE: 6
MIN 0 OR BELOW: 0 1.00 INCH OR MORE: 1
[HDD (BASE 65) ]
TOTAL THIS MO. 0 CLEAR (SCALE 0-3) 20
DPTR FM NORMAL 0 PTCLDY (SCALE 4-7) 10
TOTAL FM JUL 1 0 CLOUDY (SCALE 8-10) 1
DPTR FM NORMAL 0
[CDD (BASE 65) ]
TOTAL THIS MO. 501
DPTR FM NORMAL 4 [PRESSURE DATA]
TOTAL FM JAN 1 1054 HIGHEST SLP M ON M
DPTR FM NORMAL 69 LOWEST SLP 29.68 ON 1
[REMARKS]
#FINAL-07-20#