000
CXUS53 KEAX 010836
CF6MKC
PRELIMINARY LOCAL CLIMATOLOGICAL DATA (WS FORM: F-6)
STATION: DOWNTOWN KANSAS CITY MO
MONTH: NOVEMBER
YEAR: 2023
LATITUDE: 39 7 N
LONGITUDE: 94 36 W
TEMPERATURE IN F: :PCPN: SNOW: WIND :SUNSHINE: SKY :PK WND
================================================================================
1 2 3 4 5 6A 6B 7 8 9 10 11 12 13 14 15 16 17 18
12Z AVG MX 2MIN
DY MAX MIN AVG DEP HDD CDD WTR SNW DPTH SPD SPD DIR MIN PSBL S-S WX SPD DR
================================================================================
1 51 25 38 -13 27 0 0.00 M M 7.2 18 200 M M 0 25 210
2 65 35 50 -1 15 0 0.00 M M 10.9 21 210 M M 0 30 210
3 68 46 57 6 8 0 0.00 M M 9.6 22 230 M M 0 29 230
4 56 40 48 -2 17 0 T M M 1.3 7 320 M M 3 128 9 10
5 70 37 54 4 11 0 0.00 M M 6.1 17 170 M M 1 12 25 170
6 73 52 63 14 2 0 0.00 M M 4.1 16 190 M M 0 22 200
7 78 48 63 14 2 0 0.00 M M 5.8 18 160 M M 2 25 170
8 69 52 61 13 4 0 T M M 7.5 18 290 M M 5 1 27 320
9 58 39 49 1 16 0 0.00 M M 4.3 16 340 M M 0 24 10
10 56 35 46 -2 19 0 0.00 M M 2.9 10 320 M M 0 13 320
11 54 37 46 -1 19 0 0.00 M M 4.9 14 140 M M 5 19 140
12 69 41 55 8 10 0 0.00 M M 6.8 17 210 M M 0 24 200
13 71 36 54 8 11 0 0.00 M M 2.6 10 120 M M 0 1 16 110
14 69 41 55 9 10 0 0.00 M M 6.4 17 210 M M 0 24 190
15 72 45 59 13 6 0 0.00 M M 5.5 13 180 M M 0 18 170
16 62 50 56 11 9 0 0.00 M M 10.0 18 200 M M 2 24 200
17 58 39 49 4 16 0 0.00 M M 5.3 18 360 M M 1 24 340
18 63 33 48 4 17 0 0.00 0.0 0 1.5 8 190 M M 0 12 210
19 54 46 50 6 15 0 0.06 M M 5.8 14 80 M M 5 1 22 70
20 46 42 44 0 21 0 0.19 M M 10.1 16 360 M M 10 1 22 80
21 46 32 39 -4 26 0 0.00 M M 9.0 23 330 M M 7 1 31 340
22 51 26 39 -4 26 0 0.00 M M 6.4 14 250 M M 0 18 210
23 52 32 42 0 23 0 0.00 M M 7.5 17 10 M M 0 23 20
24 37 28 33 -9 32 0 0.00 M M 9.3 15 10 M M 1 21 20
25 35 28 32 -10 33 0 0.06 M M 5.6 12 80 M M 8 1 15 300
26 37 25 31 -10 34 0 M M M 8.7 17 280 M M 6 1 24 330
27 42 22 32 -9 33 0 0.00 M M 5.0 14 270 M M 0 19 300
28 44 20 32 -8 33 0 0.00 M M 4.3 15 190 M M 0 18 21 200
29 59 28 44 4 21 0 0.00 M M 5.5 14 200 M M 0 1 21 200
30 54 42 48 8 17 0 0.13 M M 8.0 18 20 M M 6 1 27 30
================================================================================
SM 1719 1102 533 0 0.44 0.0 187.9 M 62
================================================================================
AV 57.3 36.7 6.3 FASTST M M 2 MAX(MPH)
MISC ----> 23 330 31 340
================================================================================
NOTES:
# LAST OF SEVERAL OCCURRENCES
COLUMN 17 PEAK WIND IN M.P.H.
PRELIMINARY LOCAL CLIMATOLOGICAL DATA (WS FORM: F-6) , PAGE 2
STATION: DOWNTOWN KANSAS CITY MO
MONTH: NOVEMBER
YEAR: 2023
LATITUDE: 39 7 N
LONGITUDE: 94 36 W
[TEMPERATURE DATA] [PRECIPITATION DATA] SYMBOLS USED IN COLUMN 16
AVERAGE MONTHLY: 47.0 TOTAL FOR MONTH: 0.44 1 = FOG OR MIST
DPTR FM NORMAL: 1.6 DPTR FM NORMAL: -1.36 2 = FOG REDUCING VISIBILITY
HIGHEST: 78 ON 7 GRTST 24HR 0.25 ON 19-20 TO 1/4 MILE OR LESS
LOWEST: 20 ON 28 3 = THUNDER
SNOW, ICE PELLETS, HAIL 4 = ICE PELLETS
TOTAL MONTH: 0.0 INCH 5 = HAIL
GRTST 24HR 0.0 6 = FREEZING RAIN OR DRIZZLE
GRTST DEPTH: 0 7 = DUSTSTORM OR SANDSTORM:
VSBY 1/2 MILE OR LESS
8 = SMOKE OR HAZE
[NO. OF DAYS WITH] [WEATHER - DAYS WITH] 9 = BLOWING SNOW
X = TORNADO
MAX 32 OR BELOW: 0 0.01 INCH OR MORE: 4
MAX 90 OR ABOVE: 0 0.10 INCH OR MORE: 2
MIN 32 OR BELOW: 10 0.50 INCH OR MORE: 0
MIN 0 OR BELOW: 0 1.00 INCH OR MORE: 0
[HDD (BASE 65) ]
TOTAL THIS MO. 533 CLEAR (SCALE 0-3) 21
DPTR FM NORMAL -58 PTCLDY (SCALE 4-7) 8
TOTAL FM JUL 1 771 CLOUDY (SCALE 8-10) 1
DPTR FM NORMAL -102
[CDD (BASE 65) ]
TOTAL THIS MO. 0
DPTR FM NORMAL -3 [PRESSURE DATA]
TOTAL FM JAN 1 1880 HIGHEST SLP 30.51 ON 24
DPTR FM NORMAL 172 LOWEST SLP 29.59 ON 8
[REMARKS]
#FINAL-11-23#