000
CXUS53 KMKX 010910
CF6MKE
PRELIMINARY LOCAL CLIMATOLOGICAL DATA (WS FORM: F-6)
STATION: MILWAUKEE WI
MONTH: JUNE
YEAR: 2020
LATITUDE: 42 57 N
LONGITUDE: 87 54 W
TEMPERATURE IN F: :PCPN: SNOW: WIND :SUNSHINE: SKY :PK WND
================================================================================
1 2 3 4 5 6A 6B 7 8 9 10 11 12 13 14 15 16 17 18
12Z AVG MX 2MIN
DY MAX MIN AVG DEP HDD CDD WTR SNW DPTH SPD SPD DIR MIN PSBL S-S WX SPD DR
================================================================================
1 75 48 62 1 3 0 0.00 0.0 0 12.6 25 200 M M 5 36 230
2 93 68 81 20 0 16 0.21 0.0 0 14.1 31 320 M M 4 3 43 310
3 86 67 77 15 0 12 0.03 0.0 0 9.2 18 240 M M 6 27 240
4 84 63 74 12 0 9 0.00 0.0 0 6.5 16 50 M M 5 21 40
5 86 64 75 13 0 10 0.02 0.0 0 4.6 16 330 M M 7 38 23 330
6 73 55 64 1 1 0 0.00 0.0 0 10.4 20 50 M M 3 26 40
7 70 54 62 -1 3 0 0.00 0.0 0 6.5 15 40 M M 6 20 30
8 83 56 70 6 0 5 0.00 0.0 0 8.9 21 140 M M 3 8 25 140
9 80 64 72 8 0 7 0.21 0.0 0 14.0 31 210 M M 8 18 47 210
10 83 61 72 8 0 7 0.27 0.0 0 13.9 30 230 M M 7 1 43 240
11 82 59 71 6 0 6 T 0.0 0 10.0 30 300 M M 2 48 310
12 65 51 58 -7 7 0 T 0.0 0 10.4 17 20 M M 4 1 25 30
13 60 49 55 -11 10 0 0.00 0.0 0 12.4 20 30 M M 4 26 40
14 65 49 57 -9 8 0 0.00 0.0 0 6.3 15 80 M M 1 20 100
15 70 52 61 -5 4 0 0.00 0.0 0 7.3 15 120 M M 4 20 110
16 79 51 65 -2 0 0 0.00 0.0 0 7.3 20 130 M M 1 8 24 140
17 84 58 71 4 0 6 0.00 0.0 0 6.1 16 130 M M 1 20 130
18 84 61 73 6 0 8 0.00 0.0 0 6.2 17 140 M M 2 21 130
19 88 62 75 7 0 10 0.00 0.0 0 6.5 20 130 M M 3 24 140
20 88 68 78 10 0 13 0.25 0.0 0 6.2 30 220 M M 8 3 43 220
21 81 66 74 6 0 9 0.01 0.0 0 8.2 21 140 M M 8 26 140
22 77 65 71 3 0 6 0.84 0.0 0 4.8 8 120 M M 9 13 M M
23 78 61 70 1 0 5 0.16 0.0 0 11.0 22 320 M M 8 33 310
24 80 59 70 1 0 5 T 0.0 0 6.5 18 50 M M 6 25 20
25 80 61 71 2 0 6 0.00 0.0 0 7.8 18 130 M M 3 22 140
26 78 63 71 1 0 6 0.37 0.0 0 7.9 18 230 M M 8 13 25 270
27 84 68 76 6 0 11 0.00 0.0 0 5.8 14 110 M M 7 18 120
28 83 65 74 4 0 9 0.00 0.0 0 6.1 14 130 M M 7 1 19 150
29 86 68 77 7 0 12 0.57 0.0 0 8.1 28 230 M M 6 138 38 240
30 84 66 75 5 0 10 0.00 0.0 0 4.7 14 110 M M 7 18 110
================================================================================
SM 2389 1802 36 188 2.94 0.0 250.3 M 153
================================================================================
AV 79.6 60.1 8.3 FASTST M M 5 MAX(MPH)
MISC ----> # 31 320 # 48 310
================================================================================
NOTES:
# LAST OF SEVERAL OCCURRENCES
COLUMN 17 PEAK WIND IN M.P.H.
PRELIMINARY LOCAL CLIMATOLOGICAL DATA (WS FORM: F-6) , PAGE 2
STATION: MILWAUKEE WI
MONTH: JUNE
YEAR: 2020
LATITUDE: 42 57 N
LONGITUDE: 87 54 W
[TEMPERATURE DATA] [PRECIPITATION DATA] SYMBOLS USED IN COLUMN 16
AVERAGE MONTHLY: 69.9 TOTAL FOR MONTH: 2.94 1 = FOG OR MIST
DPTR FM NORMAL: 3.7 DPTR FM NORMAL: -0.96 2 = FOG REDUCING VISIBILITY
HIGHEST: 93 ON 2 GRTST 24HR 0.84 ON 22-22 TO 1/4 MILE OR LESS
LOWEST: 48 ON 1 3 = THUNDER
SNOW, ICE PELLETS, HAIL 4 = ICE PELLETS
TOTAL MONTH: 0.0 INCH 5 = HAIL
GRTST 24HR 0.0 6 = FREEZING RAIN OR DRIZZLE
GRTST DEPTH: 0 7 = DUSTSTORM OR SANDSTORM:
VSBY 1/2 MILE OR LESS
8 = SMOKE OR HAZE
[NO. OF DAYS WITH] [WEATHER - DAYS WITH] 9 = BLOWING SNOW
X = TORNADO
MAX 32 OR BELOW: 0 0.01 INCH OR MORE: 11
MAX 90 OR ABOVE: 1 0.10 INCH OR MORE: 8
MIN 32 OR BELOW: 0 0.50 INCH OR MORE: 2
MIN 0 OR BELOW: 0 1.00 INCH OR MORE: 0
[HDD (BASE 65) ]
TOTAL THIS MO. 36 CLEAR (SCALE 0-3) 7
DPTR FM NORMAL -48 PTCLDY (SCALE 4-7) 22
TOTAL FM JUL 1 6299 CLOUDY (SCALE 8-10) 1
DPTR FM NORMAL -595
[CDD (BASE 65) ]
TOTAL THIS MO. 188
DPTR FM NORMAL 68 [PRESSURE DATA]
TOTAL FM JAN 1 223 HIGHEST SLP 30.44 ON 14
DPTR FM NORMAL 73 LOWEST SLP 29.31 ON 9
[REMARKS]
#FINAL-06-20#