000
CXUS54 KTSA 010850
CF6MLC
PRELIMINARY LOCAL CLIMATOLOGICAL DATA (WS FORM: F-6)
STATION: MCALESTER OKLAHOMA
MONTH: MARCH
YEAR: 2023
LATITUDE: 34 52 N
LONGITUDE: 95 47 W
TEMPERATURE IN F: :PCPN: SNOW: WIND :SUNSHINE: SKY :PK WND
================================================================================
1 2 3 4 5 6A 6B 7 8 9 10 11 12 13 14 15 16 17 18
12Z AVG MX 2MIN
DY MAX MIN AVG DEP HDD CDD WTR SNW DPTH SPD SPD DIR MIN PSBL S-S WX SPD DR
================================================================================
1 67 51 59 10 6 0 0.00 0.0 M 6.0 15 10 M M 3 20 190
2 75 50 63 13 2 0 1.20 0.0 M 6.6 25 340 M M 9 13 36 340
3 59 42 51 1 14 0 0.36 0.0 M 8.9 23 310 M M 6 1 34 310
4 68 40 54 4 11 0 0.00 0.0 M 4.7 15 220 M M 2 19 80
5 77 50 64 14 1 0 0.00 0.0 M 9.3 21 210 M M 2 33 180
6 79 54 67 16 0 2 0.00 0.0 M 8.3 20 210 M M 2 24 210
7 78 52 65 14 0 0 T 0.0 M 7.1 15 330 M M 5 21 310
8 56 50 53 1 12 0 0.39 0.0 M 5.6 14 330 M M 10 13 22 90
9 57 46 52 0 13 0 0.37 0.0 M 5.4 17 20 M M 9 13 26 20
10 60 39 50 -2 15 0 0.00 0.0 M 5.2 14 20 M M 2 19 20
11 69 48 59 7 6 0 0.04 0.0 M 9.2 24 10 M M 9 13 32 190
12 54 39 47 -6 18 0 0.00 0.0 M 12.1 21 10 M M 9 31 20
13 47 34 41 -12 24 0 0.00 0.0 M 8.6 17 360 M M 6 22 360
14 57 36 47 -6 18 0 0.00 0.0 M 3.6 10 90 M M 4 15 80
15 64 41 53 -1 12 0 0.00 0.0 M 8.5 17 140 M M 3 31 170
16 62 40 51 -3 14 0 0.44 0.0 M 13.1 28 310 M M 10 13 38 340
17 51 30 41 -13 24 0 0.00 0.0 M 10.2 22 350 M M 3 32 350
18 47 29 38 -16 27 0 0.00 0.0 M 11.2 25 350 M M 2 34 360
19 48 21 35 -20 30 0 0.00 0.0 M 3.7 13 10 M M 2 17 360
20 58 32 45 -10 20 0 T 0.0 M 8.6 18 180 M M 5 35 170
21 63 44 54 -1 11 0 0.08 0.0 M 10.1 18 180 M M 10 1 33 140
22 81 63 72 16 0 7 T 0.0 M 11.1 22 210 M M 7 1 33 170
23 81 53 67 11 0 2 0.02 0.0 M 9.8 21 210 M M 8 32 200
24 56 41 49 -7 16 0 2.11 0.0 M 6.7 22 300 M M 9 13 34 300
25 68 36 52 -4 13 0 0.00 0.0 M 2.5 14 210 M M 4 12 20 220
26 67 41 54 -3 11 0 0.00 0.0 M 9.2 21 10 M M 2 29 360
27 66 37 52 -5 13 0 0.00 0.0 M 8.3 20 20 M M 3 29 20
28 58 36 47 -10 18 0 0.00 0.0 M 9.8 22 360 M M 2 28 10
29 67 32 50 -8 15 0 0.00 0.0 M 5.4 17 210 M M 5 1 26 190
30 68 52 60 2 5 0 0.27 0.0 M 8.6 15 160 M M 10 13 28 150
31 82 59 71 13 0 6 0.03 0.0 M 17.1 40 250 M M 6 1 56 250
================================================================================
SM 1990 1318 369 17 5.31 0.0 254.5 M 169
================================================================================
AV 64.2 42.5 8.2 FASTST M M 5 MAX(MPH)
MISC ----> 40 250 56 250
================================================================================
NOTES:
# LAST OF SEVERAL OCCURRENCES
COLUMN 17 PEAK WIND IN M.P.H.
PRELIMINARY LOCAL CLIMATOLOGICAL DATA (WS FORM: F-6) , PAGE 2
STATION: MCALESTER OKLAHOMA
MONTH: MARCH
YEAR: 2023
LATITUDE: 34 52 N
LONGITUDE: 95 47 W
[TEMPERATURE DATA] [PRECIPITATION DATA] SYMBOLS USED IN COLUMN 16
AVERAGE MONTHLY: 53.4 TOTAL FOR MONTH: 5.31 1 = FOG OR MIST
DPTR FM NORMAL: -0.5 DPTR FM NORMAL: 1.90 2 = FOG REDUCING VISIBILITY
HIGHEST: 82 ON 31 GRTST 24HR 2.13 ON 23-24 TO 1/4 MILE OR LESS
LOWEST: 21 ON 19 3 = THUNDER
SNOW, ICE PELLETS, HAIL 4 = ICE PELLETS
TOTAL MONTH: 0.0 INCH 5 = HAIL
GRTST 24HR 0.0 6 = FREEZING RAIN OR DRIZZLE
GRTST DEPTH: M ON M 7 = DUSTSTORM OR SANDSTORM:
VSBY 1/2 MILE OR LESS
8 = SMOKE OR HAZE
[NO. OF DAYS WITH] [WEATHER - DAYS WITH] 9 = BLOWING SNOW
X = TORNADO
MAX 32 OR BELOW: 0 0.01 INCH OR MORE: 11
MAX 90 OR ABOVE: 0 0.10 INCH OR MORE: 7
MIN 32 OR BELOW: 5 0.50 INCH OR MORE: 2
MIN 0 OR BELOW: 0 1.00 INCH OR MORE: 2
[HDD (BASE 65) ]
TOTAL THIS MO. 369 CLEAR (SCALE 0-3) 10
DPTR FM NORMAL 5 PTCLDY (SCALE 4-7) 11
TOTAL FM JUL 1 2717 CLOUDY (SCALE 8-10) 10
DPTR FM NORMAL -169
[CDD (BASE 65) ]
TOTAL THIS MO. 17
DPTR FM NORMAL -2 [PRESSURE DATA]
TOTAL FM JAN 1 22 HIGHEST SLP 30.59 ON 19
DPTR FM NORMAL -1 LOWEST SLP 29.33 ON 3
[REMARKS]
#FINAL-03-23#