000
CXUS51 KCAR 010700
CF6MLT
PRELIMINARY LOCAL CLIMATOLOGICAL DATA (WS FORM: F-6)
STATION: MILLINOCKET ME
MONTH: NOVEMBER
YEAR: 2021
LATITUDE: 45 39 N
LONGITUDE: 68 41 W
TEMPERATURE IN F: :PCPN: SNOW: WIND :SUNSHINE: SKY :PK WND
================================================================================
1 2 3 4 5 6A 6B 7 8 9 10 11 12 13 14 15 16 17 18
12Z AVG MX 2MIN
DY MAX MIN AVG DEP HDD CDD WTR SNW DPTH SPD SPD DIR MIN PSBL S-S WX SPD DR
================================================================================
1 56 37 47 7 18 0 0.01 M M 7.1 21 280 M M 3 1 35 280
2 51 32 42 2 23 0 0.00 M M 2.3 9 320 M M 5 14 220
3 48 29 39 -1 26 0 0.00 M M 4.4 16 300 M M 3 23 290
4 40 24 32 -7 33 0 0.00 M M 2.0 8 330 M M 3 12 320
5 44 23 34 -5 31 0 0.00 M M 3.3 17 320 M M 4 8 22 320
6 51 22 37 -1 28 0 0.00 M M 2.6 12 300 M M 0 17 270
7 55 24 40 2 25 0 0.00 M M 1.2 8 160 M M 0 12 180
8 58 28 43 5 22 0 0.00 M M 1.8 9 310 M M 1 1 14 280
9 60 28 44 7 21 0 0.00 M M 3.1 15 290 M M 1 1 22 290
10 48 33 41 4 24 0 0.00 M M 2.3 10 290 M M 4 18 300
11 47 29 38 2 27 0 0.00 M M 3.5 12 280 M M 1 19 280
12 52 29 41 5 24 0 0.93 M M 6.5 17 110 M M 9 1 25 120
13 54 35 45 9 20 0 0.01 M M 1.8 10 350 M M 2 1 15 300
14 45 29 37 2 28 0 0.03 M M 6.9 22 310 M M 7 1 32 300
15 39 32 36 1 29 0 0.18 M M 5.9 14 300 M M 9 1 22 290
16 37 32 35 1 30 0 T M M 13.0 25 300 M M 8 36 300
17 37 27 32 -2 33 0 0.01 M M 7.3 21 310 M M 4 1 31 310
18 48 31 40 6 25 0 0.31 M M 2.0 14 300 M M 10 1 22 280
19 42 33 38 5 27 0 0.19 M M 7.8 24 310 M M 8 1 31 310
20 39 26 33 0 32 0 0.00 M M 4.8 17 300 M M 1 27 310
21 42 28 35 3 30 0 0.07 M M 1.5 8 180 M M 4 1 13 190
22 50 33 42 10 23 0 0.68 M M 7.1 18 300 M M 10 1 27 310
23 34 23 29 -3 36 0 0.00 M M 11.6 21 310 M M 2 33 300
24 39 22 31 0 34 0 0.00 M M 10.3 20 340 M M 0 28 310
25 47 28 38 7 27 0 0.00 M M 5.5 17 300 M M 1 22 310
26 37 27 32 2 33 0 0.27 M M 0.3 9 330 M M 8 1 11 340
27 34 25 30 0 35 0 T M M 12.1 29 300 M M 10 18 41 300
28 30 22 26 -4 39 0 0.00 M M 8.0 20 290 M M 6 29 300
29 29 16 23 -6 42 0 0.00 M M 5.6 10 330 M M 9 16 10
30 30 14 22 -7 43 0 0.00 M M 6.2 15 270 M M 2 26 250
================================================================================
SM 1323 821 868 0 2.69 M 157.8 M 135
================================================================================
AV 44.1 27.4 5.3 FASTST M M 5 MAX(MPH)
MISC ----> 29 300 41 300
================================================================================
NOTES:
# LAST OF SEVERAL OCCURRENCES
COLUMN 17 PEAK WIND IN M.P.H.
PRELIMINARY LOCAL CLIMATOLOGICAL DATA (WS FORM: F-6) , PAGE 2
STATION: MILLINOCKET ME
MONTH: NOVEMBER
YEAR: 2021
LATITUDE: 45 39 N
LONGITUDE: 68 41 W
[TEMPERATURE DATA] [PRECIPITATION DATA] SYMBOLS USED IN COLUMN 16
AVERAGE MONTHLY: 35.7 TOTAL FOR MONTH: 2.69 1 = FOG OR MIST
DPTR FM NORMAL: 1.1 DPTR FM NORMAL: -1.41 2 = FOG REDUCING VISIBILITY
HIGHEST: 60 ON 9 GRTST 24HR 0.94 ON 12-13 TO 1/4 MILE OR LESS
LOWEST: 14 ON 30 3 = THUNDER
SNOW, ICE PELLETS, HAIL 4 = ICE PELLETS
TOTAL MONTH: M 5 = HAIL
GRTST 24HR M ON M 6 = FREEZING RAIN OR DRIZZLE
GRTST DEPTH: M ON M 7 = DUSTSTORM OR SANDSTORM:
VSBY 1/2 MILE OR LESS
8 = SMOKE OR HAZE
[NO. OF DAYS WITH] [WEATHER - DAYS WITH] 9 = BLOWING SNOW
X = TORNADO
MAX 32 OR BELOW: 3 0.01 INCH OR MORE: 11
MAX 90 OR ABOVE: 0 0.10 INCH OR MORE: 6
MIN 32 OR BELOW: 25 0.50 INCH OR MORE: 2
MIN 0 OR BELOW: 0 1.00 INCH OR MORE: 0
[HDD (BASE 65) ]
TOTAL THIS MO. 868 CLEAR (SCALE 0-3) 13
DPTR FM NORMAL -44 PTCLDY (SCALE 4-7) 10
TOTAL FM JUL 1 1509 CLOUDY (SCALE 8-10) 7
DPTR FM NORMAL -290
[CDD (BASE 65) ]
TOTAL THIS MO. 0
DPTR FM NORMAL 0 [PRESSURE DATA]
TOTAL FM JAN 1 422 HIGHEST SLP 30.51 ON 20
DPTR FM NORMAL 129 LOWEST SLP 29.24 ON 27
[REMARKS]
#FINAL-11-21#