683
CXUS51 KCAR 010600
CF6MLT
PRELIMINARY LOCAL CLIMATOLOGICAL DATA (WS FORM: F-6)
STATION: MILLINOCKET ME
MONTH: MARCH
YEAR: 2021
LATITUDE: 45 39 N
LONGITUDE: 68 41 W
TEMPERATURE IN F: :PCPN: SNOW: WIND :SUNSHINE: SKY :PK WND
================================================================================
1 2 3 4 5 6A 6B 7 8 9 10 11 12 13 14 15 16 17 18
12Z AVG MX 2MIN
DY MAX MIN AVG DEP HDD CDD WTR SNW DPTH SPD SPD DIR MIN PSBL S-S WX SPD DR
================================================================================
1 36 13 25 2 40 0 0.47 M M 8.0 31 310 M M 9 18 45 310
2 14 -3 6 -18 59 0 T M M 23.2 36 300 M M 4 54 300
3 33 11 22 -2 43 0 0.00 M M 12.4 31 300 M M 1 43 300
4 25 12 19 -5 46 0 0.00 M M 15.1 30 310 M M 3 41 300
5 18 8 13 -11 52 0 0.00 M M 14.1 24 300 M M 5 34 300
6 27 8 18 -7 47 0 0.00 M M 11.7 20 300 M M 0 30 310
7 30 12 21 -4 44 0 0.00 M M 8.1 14 310 M M 0 22 280
8 36 8 22 -3 43 0 0.00 M M 3.9 13 310 M M 0 16 310
9 36 11 24 -2 41 0 T M M 5.6 22 310 M M 8 8 27 330
10 48 20 34 8 31 0 0.00 M M 3.8 10 160 M M 1 15 170
11 56 33 45 19 20 0 0.00 M M 3.8 9 170 M M 5 16 210
12 51 32 42 15 23 0 0.00 M M 10.6 26 280 M M 1 42 260
13 33 23 28 1 37 0 0.00 M M 13.0 28 300 M M 1 42 310
14 29 12 21 -6 44 0 T M M 8.5 22 340 M M 9 8 29 330
15 15 4 10 -18 55 0 0.00 M M 13.8 24 310 M M 4 35 300
16 30 2 16 -12 49 0 0.00 M M 3.4 14 310 M M 1 22 310
17 51 11 31 3 34 0 0.00 M M 2.5 13 290 M M 0 19 290
18 46 23 35 7 30 0 0.00 M M 6.6 21 350 M M 6 28 330
19 31 12 22 -7 43 0 0.00 M M 11.9 22 360 M M 0 35 350
20 51 20 36 7 29 0 0.00 M M 7.2 17 300 M M 0 25 310
21 61 26 44 14 21 0 0.00 M M 3.4 12 290 M M 0 19 260
22 65 22 44 14 21 0 0.00 M M 1.6 10 170 M M 0 18 170
23 65 26 46 16 19 0 0.00 M M 2.5 9 170 M M 0 13 160
24 58 30 44 13 21 0 0.00 M M 3.0 9 160 M M 4 12 14 200
25 53 42 48 17 17 0 0.04 M M 3.4 9 160 M M 10 12 16 170
26 48 35 42 11 23 0 0.49 M M 3.6 17 30 M M 10 12 27 50
27 39 31 35 3 30 0 0.01 M M 6.7 17 350 M M 10 1 24 360
28 36 29 33 1 32 0 0.63 M M 6.4 14 110 M M 10 1 20 140
29 40 30 35 3 30 0 0.18 M M 11.2 30 300 M M 7 1 48 300
30 52 27 40 7 25 0 0.00 M M 5.8 14 160 M M 0 23 170
31 57 31 44 11 21 0 0.00 M M 5.7 15 180 M M 5 24 170
================================================================================
SM 1270 601 1070 0 1.82 M 240.5 M 114
================================================================================
AV 41.0 19.4 7.8 FASTST M M 4 MAX(MPH)
MISC ----> 36 300 54 300
================================================================================
NOTES:
# LAST OF SEVERAL OCCURRENCES
COLUMN 17 PEAK WIND IN M.P.H.
PRELIMINARY LOCAL CLIMATOLOGICAL DATA (WS FORM: F-6) , PAGE 2
STATION: MILLINOCKET ME
MONTH: MARCH
YEAR: 2021
LATITUDE: 45 39 N
LONGITUDE: 68 41 W
[TEMPERATURE DATA] [PRECIPITATION DATA] SYMBOLS USED IN COLUMN 16
AVERAGE MONTHLY: 30.2 TOTAL FOR MONTH: 1.82 1 = FOG OR MIST
DPTR FM NORMAL: 2.2 DPTR FM NORMAL: -1.24 2 = FOG REDUCING VISIBILITY
HIGHEST: 65 ON 23,22 GRTST 24HR 0.81 ON 28-29 TO 1/4 MILE OR LESS
LOWEST: -3 ON 2 3 = THUNDER
SNOW, ICE PELLETS, HAIL 4 = ICE PELLETS
TOTAL MONTH: M 5 = HAIL
GRTST 24HR M ON M 6 = FREEZING RAIN OR DRIZZLE
GRTST DEPTH: M ON M 7 = DUSTSTORM OR SANDSTORM:
VSBY 1/2 MILE OR LESS
8 = SMOKE OR HAZE
[NO. OF DAYS WITH] [WEATHER - DAYS WITH] 9 = BLOWING SNOW
X = TORNADO
MAX 32 OR BELOW: 9 0.01 INCH OR MORE: 6
MAX 90 OR ABOVE: 0 0.10 INCH OR MORE: 4
MIN 32 OR BELOW: 28 0.50 INCH OR MORE: 1
MIN 0 OR BELOW: 1 1.00 INCH OR MORE: 0
[HDD (BASE 65) ]
TOTAL THIS MO. 1070 CLEAR (SCALE 0-3) 16
DPTR FM NORMAL -77 PTCLDY (SCALE 4-7) 8
TOTAL FM JUL 1 6520 CLOUDY (SCALE 8-10) 7
DPTR FM NORMAL -678
[CDD (BASE 65) ]
TOTAL THIS MO. 0
DPTR FM NORMAL 0 [PRESSURE DATA]
TOTAL FM JAN 1 0 HIGHEST SLP M ON M
DPTR FM NORMAL 0 LOWEST SLP 29.26 ON 1
[REMARKS]
#FINAL-03-21#