000
CXUS51 KCAR 111240
CLMMLT
CLIMATE REPORT
NATIONAL WEATHER SERVICE CARIBOU ME
840 AM EDT MON SEP 11 2023
...................................
...THE MILLINOCKET ME CLIMATE SUMMARY FOR THE MONTH OF AUGUST 2023...
CLIMATE NORMAL PERIOD: 1991 TO 2020
CLIMATE RECORD PERIOD: 1903 TO 2023
WEATHER OBSERVED NORMAL DEPART LAST YEAR`S
VALUE DATE(S) VALUE FROM VALUE DATE(S)
NORMAL
................................................................
TEMPERATURE (F)
RECORD
HIGH 100 08/03/1975
LOW 32 08/29/1986
08/31/1952
08/28/1915
HIGHEST 83 08/10 MM MM 92 08/07
LOWEST 46 08/23 MM MM 46 08/28
AVG. MAXIMUM 74.2 77.6 -3.4 78.3
AVG. MINIMUM 56.5 55.4 1.1 58.6
MEAN 65.3 66.5 -1.2 68.5
DAYS MAX >= 90 0 0.9 -0.9 1
DAYS MAX <= 32 0 0.0 0.0 0
DAYS MIN <= 32 0 0.0 0.0 0
DAYS MIN <= 0 0 0.0 0.0 0
PRECIPITATION (INCHES)
RECORD
MAXIMUM 6.41 2023
MINIMUM 2.30 2020
TOTALS 6.41* 2.61
DAILY AVG. 0.21 0.12 0.09 0.19
DAYS >= .01 15 12.1 2.9 15
DAYS >= .10 8 7.1 0.9 10
DAYS >= .50 5 2.1 2.9 3
DAYS >= 1.00 2 0.9 1.1 2
SNOWFALL (INCHES)
RECORDS
TOTAL MM MM
TOTALS MM MM MM MM
SINCE 7/1 MM MM MM MM
SNOWDEPTH AVG. MM MM
DAYS >= 1.0 MM MM MM MM
GREATEST
SNOW DEPTH MM MM MM
24 HR TOTAL MM MM
DEGREE DAYS
HEATING TOTAL 38 44 -6 20
SINCE 7/1 41 72 -31 MM
COOLING TOTAL 55 90 -35 133
SINCE 1/1 359 268 91 MM
................................................................
WIND (MPH)
AVERAGE WIND SPEED 4.2
HIGHEST WIND SPEED/DIRECTION 21/310 DATE 08/09
21/340 08/31
HIGHEST GUST SPEED/DIRECTION 33/290 DATE 08/11
33/330 08/31
SKY COVER
POSSIBLE SUNSHINE (PERCENT) MM
AVERAGE SKY COVER 0.50
NUMBER OF DAYS FAIR 13
NUMBER OF DAYS PC 9
NUMBER OF DAYS CLOUDY 9
AVERAGE RH (PERCENT) 76
WEATHER CONDITIONS. NUMBER OF DAYS WITH
THUNDERSTORM 5 MIXED PRECIP 0
HEAVY RAIN 5 RAIN 8
LIGHT RAIN 17 FREEZING RAIN 0
LT FREEZING RAIN 0 HAIL 0
HEAVY SNOW 0 SNOW 0
LIGHT SNOW 0 SLEET 0
FOG 16 FOG W/VIS <= 1/4 MILE 2
HAZE 1
- INDICATES NEGATIVE NUMBERS.
* INDICATES RECORD WAS SET OR TIED.
MM INDICATES DATA IS MISSING.
T INDICATES TRACE AMOUNT.
$$