000
CXUS54 KSHV 011400
CF6MLU
PRELIMINARY LOCAL CLIMATOLOGICAL DATA (WS FORM: F-6)
STATION: MONROE
MONTH: JANUARY
YEAR: 2022
LATITUDE: 32 30 N
LONGITUDE: 92 2 W
TEMPERATURE IN F: :PCPN: SNOW: WIND :SUNSHINE: SKY :PK WND
================================================================================
1 2 3 4 5 6A 6B 7 8 9 10 11 12 13 14 15 16 17 18
12Z AVG MX 2MIN
DY MAX MIN AVG DEP HDD CDD WTR SNW DPTH SPD SPD DIR MIN PSBL S-S WX SPD DR
================================================================================
1 83 63 73 26 0 8 0.21 0.0 0 12.7 28 220 M M 7 13 36 220
2 64 28 46 -1 19 0 0.25 T 0 14.4 25 310 M M 8 146 32 310
3 46 24 35 -12 30 0 0.00 0.0 0 5.0 14 10 M M 0 18 10
4 55 26 41 -6 24 0 0.00 0.0 0 4.6 15 190 M M 0 1 19 200
5 68 37 53 6 12 0 T 0.0 0 4.2 10 50 M M 4 1 13 70
6 52 31 42 -5 23 0 0.08 0.0 0 10.2 20 350 M M 9 1 25 350
7 45 28 37 -10 28 0 0.00 0.0 0 9.0 17 30 M M 2 23 10
8 71 35 53 7 12 0 T 0.0 0 8.3 18 170 M M 7 28 170
9 78 44 61 15 4 0 0.39 0.0 0 12.8 28 220 M M 9 13 35 220
10 54 33 44 -2 21 0 0.00 0.0 0 8.1 17 350 M M 0 22 360
11 59 29 44 -2 21 0 0.00 0.0 0 1.1 6 180 M M 0 1 8 20
12 63 34 49 3 16 0 0.00 0.0 0 3.5 13 220 M M 0 15 210
13 72 40 56 10 9 0 0.00 0.0 0 5.4 14 280 M M 0 19 260
14 67 37 52 6 13 0 0.00 0.0 0 4.7 10 110 M M 0 16 130
15 57 32 45 -2 20 0 0.30 0.1 0 13.3 26 300 M M 8 13 34 290
16 52 32 42 -5 23 0 0.01 T T 12.7 23 330 M M 6 1 29 290
17 59 33 46 -1 19 0 0.00 0.0 0 4.9 14 280 M M 0 17 290
18 68 29 49 2 16 0 0.00 0.0 0 5.9 17 190 M M 1 23 180
19 76 42 59 12 6 0 1.20 0.0 0 9.4 28 20 M M 7 13 38 20
20 42 28 35 -12 30 0 T 0.0 0 16.1 25 20 M M 5 32 10
21 39 25 32 -15 33 0 0.00 0.0 0 10.4 18 20 M M 0 22 40
22 45 19 32 -15 33 0 0.00 0.0 0 4.5 13 340 M M 0 15 360
23 60 22 41 -6 24 0 0.00 0.0 0 5.0 14 270 M M 0 17 280
24 60 31 46 -1 19 0 0.25 0.0 0 4.6 20 210 M M 5 1 24 200
25 55 34 45 -2 20 0 0.02 0.0 0 9.8 22 20 M M 5 1 26 20
26 46 28 37 -10 28 0 0.00 0.0 0 10.7 20 50 M M 0 25 20
27 57 28 43 -4 22 0 0.00 0.0 0 4.3 9 30 M M 3 13 350
28 57 37 47 -1 18 0 0.00 0.0 0 11.3 24 320 M M 4 29 320
29 55 24 40 -8 25 0 0.00 0.0 0 5.1 13 230 M M 0 17 360
30 71 35 53 5 12 0 0.00 0.0 0 8.6 18 250 M M 0 24 250
31 70 35 53 5 12 0 0.00 0.0 0 3.9 14 150 M M 0 20 160
================================================================================
SM 1846 1003 592 8 2.71 0.1 244.5 M 90
================================================================================
AV 59.5 32.4 7.9 FASTST M M 3 MAX(MPH)
MISC ----> # 28 220 38 20
================================================================================
NOTES:
# LAST OF SEVERAL OCCURRENCES
COLUMN 17 PEAK WIND IN M.P.H.
PRELIMINARY LOCAL CLIMATOLOGICAL DATA (WS FORM: F-6) , PAGE 2
STATION: MONROE
MONTH: JANUARY
YEAR: 2022
LATITUDE: 32 30 N
LONGITUDE: 92 2 W
[TEMPERATURE DATA] [PRECIPITATION DATA] SYMBOLS USED IN COLUMN 16
AVERAGE MONTHLY: 46.0 TOTAL FOR MONTH: 2.71 1 = FOG OR MIST
DPTR FM NORMAL: -0.8 DPTR FM NORMAL: -2.44 2 = FOG REDUCING VISIBILITY
HIGHEST: 83 ON 1 GRTST 24HR 1.20 ON 19-19 TO 1/4 MILE OR LESS
LOWEST: 19 ON 22 3 = THUNDER
SNOW, ICE PELLETS, HAIL 4 = ICE PELLETS
TOTAL MONTH: 0.1 INCH 5 = HAIL
GRTST 24HR 0.1 ON 15-15 6 = FREEZING RAIN OR DRIZZLE
GRTST DEPTH: T 7 = DUSTSTORM OR SANDSTORM:
VSBY 1/2 MILE OR LESS
8 = SMOKE OR HAZE
[NO. OF DAYS WITH] [WEATHER - DAYS WITH] 9 = BLOWING SNOW
X = TORNADO
MAX 32 OR BELOW: 0 0.01 INCH OR MORE: 9
MAX 90 OR ABOVE: 0 0.10 INCH OR MORE: 6
MIN 32 OR BELOW: 17 0.50 INCH OR MORE: 1
MIN 0 OR BELOW: 0 1.00 INCH OR MORE: 1
[HDD (BASE 65) ]
TOTAL THIS MO. 592 CLEAR (SCALE 0-3) 17
DPTR FM NORMAL 26 PTCLDY (SCALE 4-7) 11
TOTAL FM JUL 1 1160 CLOUDY (SCALE 8-10) 3
DPTR FM NORMAL -304
[CDD (BASE 65) ]
TOTAL THIS MO. 8
DPTR FM NORMAL 4 [PRESSURE DATA]
TOTAL FM JAN 1 8 HIGHEST SLP 30.67 ON 10
DPTR FM NORMAL 4 LOWEST SLP 29.59 ON 1
[REMARKS]
#FINAL-01-22#