000
CXUS56 KPQR 011210
CF6MMV
PRELIMINARY LOCAL CLIMATOLOGICAL DATA (WS FORM: F-6)
STATION: MCMINNVILLE OR
MONTH: FEBRUARY
YEAR: 2021
LATITUDE: 45 11 N
LONGITUDE: 123 8 W
TEMPERATURE IN F: :PCPN: SNOW: WIND :SUNSHINE: SKY :PK WND
================================================================================
1 2 3 4 5 6A 6B 7 8 9 10 11 12 13 14 15 16 17 18
12Z AVG MX 2MIN
DY MAX MIN AVG DEP HDD CDD WTR SNW DPTH SPD SPD DIR MIN PSBL S-S WX SPD DR
================================================================================
1 50 46 48 6 17 0 0.73 M M 7.2 17 200 M M 10 1 26 220
2 50 40 45 3 20 0 0.95 M M 11.9 28 210 M M 8 1 37 210
3 50 33 42 0 23 0 0.05 M M 3.7 22 180 M M 8 1 26 190
4 46 35 41 -1 24 0 0.00 M M 4.6 13 210 M M 10 1 17 200
5 56 39 48 6 17 0 0.00 M M 10.6 22 230 M M 6 1 27 220
6 49 31 40 -2 25 0 0.06 M M 8.5 21 190 M M 6 18 27 190
7 49 37 43 1 22 0 T M M 8.3 15 260 M M 7 23 250
8 46 35 41 -1 24 0 0.00 M M 3.0 12 230 M M 7 16 30
9 48 29 39 -3 26 0 0.00 M M 1.0 8 330 M M 0 1 9 330
10 47 29 38 -4 27 0 T M M 1.4 7 170 M M 7 1 22 110
11 40 30 35 -7 30 0 0.17 M M 9.2 16 360 M M 10 16 23 10
12 31 29 30 -12 35 0 M M M 8.4 14 360 M M 10 16 17 350
13 42 27 35 -7 30 0 0.56 M M 3.9 15 330 M M 9 168 22 330
14 41 37 39 -3 26 0 0.58 M M 3.8 9 360 M M 10 8 10 350
15 55 38 47 4 18 0 0.33 M M 10.9 26 240 M M 9 18 36 250
16 52 41 47 4 18 0 0.01 M M 9.3 18 240 M M 7 23 240
17 51 37 44 1 21 0 T M M 4.4 12 250 M M 5 19 210
18 45 38 42 -1 23 0 0.36 M M 2.1 8 50 M M 8 12 10 130
19 51 39 45 2 20 0 0.19 M M 5.7 15 290 M M 8 18 19 280
20 51 37 44 1 21 0 0.07 M M 5.9 18 260 M M 9 12 22 250
21 53 45 49 6 16 0 0.05 M M 12.1 20 190 M M 10 34 180
22 53 41 47 4 18 0 0.29 M M 12.1 24 180 M M 9 1 31 180
23 51 35 43 0 22 0 0.05 M M 8.5 18 240 M M 6 1 25 240
24 50 31 41 -3 24 0 T M M 1.8 9 230 M M 6 12 11 220
25 50 38 44 0 21 0 0.15 M M 11.6 23 260 M M 9 1 29 250
26 49 39 44 0 21 0 0.28 M M 10.8 24 270 M M 8 1 33 260
27 52 37 45 1 20 0 T M M 6.4 14 280 M M 8 18 280
28 57 40 49 5 16 0 0.00 M M 3.3 13 200 M M 4 17 200
================================================================================
SM 1365 1013 625 0 4.88 M 190.4 M 214
================================================================================
AV 48.8 36.2 6.8 FASTST M M 8 MAX(MPH)
MISC ----> 28 210 37 210
================================================================================
NOTES:
# LAST OF SEVERAL OCCURRENCES
COLUMN 17 PEAK WIND IN M.P.H.
PRELIMINARY LOCAL CLIMATOLOGICAL DATA (WS FORM: F-6) , PAGE 2
STATION: MCMINNVILLE OR
MONTH: FEBRUARY
YEAR: 2021
LATITUDE: 45 11 N
LONGITUDE: 123 8 W
[TEMPERATURE DATA] [PRECIPITATION DATA] SYMBOLS USED IN COLUMN 16
AVERAGE MONTHLY: 42.5 TOTAL FOR MONTH: 4.88 1 = FOG OR MIST
DPTR FM NORMAL: -0.2 DPTR FM NORMAL: 0.44 2 = FOG REDUCING VISIBILITY
HIGHEST: 57 ON 28 GRTST 24HR 0.97 ON 2- 3 TO 1/4 MILE OR LESS
LOWEST: 27 ON 13 3 = THUNDER
SNOW, ICE PELLETS, HAIL 4 = ICE PELLETS
TOTAL MONTH: M 5 = HAIL
GRTST 24HR M ON M 6 = FREEZING RAIN OR DRIZZLE
GRTST DEPTH: M ON M 7 = DUSTSTORM OR SANDSTORM:
VSBY 1/2 MILE OR LESS
8 = SMOKE OR HAZE
[NO. OF DAYS WITH] [WEATHER - DAYS WITH] 9 = BLOWING SNOW
X = TORNADO
MAX 32 OR BELOW: 1 0.01 INCH OR MORE: 17
MAX 90 OR ABOVE: 0 0.10 INCH OR MORE: 11
MIN 32 OR BELOW: 7 0.50 INCH OR MORE: 4
MIN 0 OR BELOW: 0 1.00 INCH OR MORE: 0
[HDD (BASE 65) ]
TOTAL THIS MO. 625 CLEAR (SCALE 0-3) 1
DPTR FM NORMAL 1 PTCLDY (SCALE 4-7) 14
TOTAL FM JUL 1 2960 CLOUDY (SCALE 8-10) 13
DPTR FM NORMAL -420
[CDD (BASE 65) ]
TOTAL THIS MO. 0
DPTR FM NORMAL 0 [PRESSURE DATA]
TOTAL FM JAN 1 0 HIGHEST SLP 30.60 ON 24
DPTR FM NORMAL 0 LOWEST SLP 29.63 ON 15
[REMARKS]
#FINAL-02-21#