000
CXUS56 KPQR 011546
CLMMMV
CLIMATE REPORT
NATIONAL WEATHER SERVICE PORTLAND OREGON
746 AM PST MON JAN 01 2024
...................................
...THE MCMINNVILLE OR CLIMATE SUMMARY FOR THE MONTH OF DECEMBER 2023...
CLIMATE NORMAL PERIOD 1991 TO 2020
CLIMATE RECORD PERIOD 1894 TO 2023
WEATHER OBSERVED NORMAL DEPART LAST YEAR`S
VALUE DATE(S) VALUE FROM VALUE DATE(S)
NORMAL
................................................................
TEMPERATURE (F)
HIGHEST 63 58 12/26
LOWEST 28 20 12/17
AVG. MAXIMUM 50.2 46.5 3.7 45.0
AVG. MINIMUM 39.0 34.4 4.6 32.4
MEAN 44.6 40.5 4.1 38.7
DAYS MAX >= 90 0 0.0 0.0 0
DAYS MAX <= 32 0 0.9 -0.9 2
DAYS MIN <= 32 6 11.3 -5.3 12
DAYS MIN <= 0 0 0.0 0.0 0
PRECIPITATION (INCHES)
RECORD
MAXIMUM 17.65 1917
MINIMUM 0.20 1989
TOTALS 8.32 6.45 1.87 6.00
DAYS >= .01 20 19.3 0.7 18
DAYS >= .10 13 12.5 0.5 13
DAYS >= .50 7 4.3 2.7 3
DAYS >= 1.00 2 1.1 0.9 2
GREATEST
24 HR. TOTAL 1.68 12/09 TO 12/10
DEGREE DAYS
HEATING TOTAL 552 761 -209 810
SINCE 7/1 1574 1893 -319 MM
COOLING TOTAL 0 0 0 0
SINCE 1/1 484 284 200 MM
................................................................
WIND (MPH)
AVERAGE WIND SPEED 5.2
RESULTANT WIND SPEED/DIRECTION 1/260
HIGHEST WIND SPEED/DIRECTION 31/190 DATE 12/02
HIGHEST GUST SPEED/DIRECTION 41/190 DATE 12/02
SKY COVER
POSSIBLE SUNSHINE (PERCENT) MM
AVERAGE SKY COVER 0.72
AVERAGE RH (PERCENT) 88
WEATHER CONDITIONS. NUMBER OF DAYS WITH
THUNDERSTORM 0 MIXED PRECIP 0
HEAVY RAIN 7 RAIN 10
LIGHT RAIN 21 FREEZING RAIN 0
LT FREEZING RAIN 0 HAIL 0
HEAVY SNOW 0 SNOW 0
LIGHT SNOW 0 SLEET 0
FOG 11 FOG W/VIS <= 1/4 MILE 4
HAZE 0
- INDICATES NEGATIVE NUMBERS.
R INDICATES RECORD WAS SET OR TIED.
MM INDICATES DATA IS MISSING.
T INDICATES TRACE AMOUNT.
$$