000
CXUS54 KMOB 010642
CF6MOB
PRELIMINARY LOCAL CLIMATOLOGICAL DATA (WS FORM: F-6)
STATION: MOBILE
MONTH: APRIL
YEAR: 2020
LATITUDE: 30 40 N
LONGITUDE: 88 15 W
TEMPERATURE IN F: :PCPN: SNOW: WIND :SUNSHINE: SKY :PK WND
================================================================================
1 2 3 4 5 6A 6B 7 8 9 10 11 12 13 14 15 16 17 18
12Z AVG MX 2MIN
DY MAX MIN AVG DEP HDD CDD WTR SNW DPTH SPD SPD DIR MIN PSBL S-S WX SPD DR
================================================================================
1 75 44 60 -3 5 0 0.00 0.0 0 5.0 16 30 M M 3 22 30
2 77 48 63 0 2 0 0.00 0.0 0 3.9 13 190 M M 3 15 80
3 78 55 67 3 0 2 0.00 0.0 0 3.6 10 20 M M 5 13 30
4 79 53 66 2 0 1 0.03 0.0 0 5.0 13 60 M M 6 18 17 40
5 81 60 71 7 0 6 0.07 0.0 0 4.8 10 10 M M 6 1 17 360
6 82 57 70 6 0 5 0.00 0.0 0 5.1 14 170 M M 4 1 20 130
7 78 62 70 6 0 5 T 0.0 0 6.7 15 180 M M 7 19 190
8 85 72 79 14 0 14 T 0.0 0 8.2 16 210 M M 7 18 21 220
9 90 65 78 13 0 13 0.23 0.0 0 7.0 28 340 M M 6 138 35 350
10 72 49 61 -4 4 0 0.13 0.0 0 9.2 21 20 M M 7 13 26 350
11 73 48 61 -4 4 0 0.00 0.0 0 9.2 15 150 M M 3 25 150
12 80 65 73 7 0 8 0.02 0.0 0 18.7 33 200 M M 9 18 50 190
13 83 56 70 4 0 5 0.00 0.0 0 7.3 16 310 M M 3 25 320
14 76 48 62 -4 3 0 0.00 0.0 0 10.5 17 10 M M 4 1 22 340
15 69 46 58 -8 7 0 0.00 0.0 0 12.3 23 360 M M 6 29 360
16 76 45 61 -5 4 0 0.00 0.0 0 7.5 21 70 M M 1 25 70
17 78 49 64 -3 1 0 0.00 0.0 0 7.9 20 130 M M 5 25 130
18 82 67 75 8 0 10 0.07 0.0 0 5.1 15 10 M M 9 1 19 10
19 83 63 73 6 0 8 1.07 0.0 0 11.8 33 340 M M 7 13 50 320
20 77 58 68 1 0 3 0.00 0.0 0 6.4 14 340 M M 6 123 19 330
21 84 51 68 0 0 3 0.00 0.0 0 2.9 13 350 M M 4 1 16 10
22 82 58 70 2 0 5 T 0.0 0 9.7 22 140 M M 6 18 29 110
23 77 66 72 4 0 7 0.50 0.0 0 11.7 24 170 M M 8 138 33 140
24 82 57 70 2 0 5 0.00 0.0 0 5.4 13 20 M M 1 17 10
25 87 59 73 4 0 8 0.00 0.0 0 9.0 20 340 M M 2 25 340
26 78 53 66 -3 0 1 0.00 0.0 0 9.1 22 340 M M 1 31 360
27 79 50 65 -4 0 0 0.00 0.0 0 5.9 15 50 M M 2 20 50
28 80 51 66 -4 0 1 0.00 0.0 0 9.0 21 140 M M 5 28 130
29 74 58 66 -4 0 1 1.39 0.0 0 7.7 31 160 M M 6 138 40 150
30 77 51 64 -6 1 0 0.00 0.0 0 7.1 17 330 M M 1 25 310
================================================================================
SM 2374 1664 31 111 3.51 0.0 232.7 M 143
================================================================================
AV 79.1 55.5 7.8 FASTST M M 5 MAX(MPH)
MISC ----> # 33 200 # 50 190
================================================================================
NOTES:
# LAST OF SEVERAL OCCURRENCES
COLUMN 17 PEAK WIND IN M.P.H.
PRELIMINARY LOCAL CLIMATOLOGICAL DATA (WS FORM: F-6) , PAGE 2
STATION: MOBILE
MONTH: APRIL
YEAR: 2020
LATITUDE: 30 40 N
LONGITUDE: 88 15 W
[TEMPERATURE DATA] [PRECIPITATION DATA] SYMBOLS USED IN COLUMN 16
AVERAGE MONTHLY: 67.3 TOTAL FOR MONTH: 3.51 1 = FOG OR MIST
DPTR FM NORMAL: 0.9 DPTR FM NORMAL: -1.28 2 = FOG REDUCING VISIBILITY
HIGHEST: 90 ON 9 GRTST 24HR 1.39 ON 29-29 TO 1/4 MILE OR LESS
LOWEST: 44 ON 1 3 = THUNDER
SNOW, ICE PELLETS, HAIL 4 = ICE PELLETS
TOTAL MONTH: 0.0 INCH 5 = HAIL
GRTST 24HR 0.0 6 = FREEZING RAIN OR DRIZZLE
GRTST DEPTH: 0 7 = DUSTSTORM OR SANDSTORM:
VSBY 1/2 MILE OR LESS
8 = SMOKE OR HAZE
[NO. OF DAYS WITH] [WEATHER - DAYS WITH] 9 = BLOWING SNOW
X = TORNADO
MAX 32 OR BELOW: 0 0.01 INCH OR MORE: 9
MAX 90 OR ABOVE: 1 0.10 INCH OR MORE: 5
MIN 32 OR BELOW: 0 0.50 INCH OR MORE: 3
MIN 0 OR BELOW: 0 1.00 INCH OR MORE: 2
[HDD (BASE 65) ]
TOTAL THIS MO. 31 CLEAR (SCALE 0-3) 9
DPTR FM NORMAL -29 PTCLDY (SCALE 4-7) 19
TOTAL FM JUL 1 1300 CLOUDY (SCALE 8-10) 2
DPTR FM NORMAL -391
[CDD (BASE 65) ]
TOTAL THIS MO. 111
DPTR FM NORMAL 7 [PRESSURE DATA]
TOTAL FM JAN 1 303 HIGHEST SLP 30.27 ON 27
DPTR FM NORMAL 144 LOWEST SLP 29.61 ON 23
[REMARKS]
#FINAL-04-20#