000
CXUS51 KPHI 010815
CF6MPO
PRELIMINARY LOCAL CLIMATOLOGICAL DATA (WS FORM: F-6)
STATION: MOUNT POCONO PA
MONTH: APRIL
YEAR: 2020
LATITUDE: 41 8 N
LONGITUDE: 75 24 W
TEMPERATURE IN F: :PCPN: SNOW: WIND :SUNSHINE: SKY :PK WND
================================================================================
1 2 3 4 5 6A 6B 7 8 9 10 11 12 13 14 15 16 17 18
12Z AVG MX 2MIN
DY MAX MIN AVG DEP HDD CDD WTR SNW DPTH SPD SPD DIR MIN PSBL S-S WX SPD DR
================================================================================
1 47 31 39 0 26 0 T M M 10.6 22 310 M M 5 28 320
2 47 29 38 -2 27 0 0.00 M M 24.2 38 310 M M 0 52 310
3 42 34 38 -2 27 0 0.01 M M 19.3 32 320 M M 8 1 47 310
4 52 40 46 5 19 0 T M M 5.8 12 250 M M 10 1 14 260
5 60 44 52 11 13 0 0.03 M M 6.5 17 290 M M 8 22 270
6 56 32 44 2 21 0 T M M 11.0 21 290 M M 1 30 330
7 63 32 48 6 17 0 T M M 6.3 15 220 M M 6 21 210
8 59 36 48 6 17 0 0.23 M M 11.8 28 310 M M 6 1 36 300
9 52 32 42 -1 23 0 0.22 M M 14.5 41 310 M M 7 123 53 320
10 36 29 33 -10 32 0 0.01 M M 22.1 35 300 M M 10 18 48 280
11 46 25 36 -8 29 0 0.00 M M 11.3 23 270 M M 2 32 280
12 60 25 43 -1 22 0 0.04 M M 9.1 18 140 M M 5 1 27 210
13 60 40 50 6 15 0 1.67 M M 18.7 31 260 M M 8 1 42 260
14 47 32 40 -5 25 0 0.02 M M 11.0 25 290 M M 6 1 34 310
15 43 27 35 -10 30 0 T M M 10.2 26 310 M M 6 1 34 310
16 39 25 32 -14 33 0 0.03 M M 13.8 25 280 M M 6 12 36 270
17 39 22 31 -15 34 0 0.17 M M 8.1 20 270 M M 6 126 25 240
18 37 26 32 -14 33 0 0.12 M M 11.9 28 310 M M 8 1 35 310
19 54 28 41 -6 24 0 0.00 M M 12.3 21 210 M M 3 31 240
20 52 30 41 -6 24 0 0.00 M M 7.6 21 330 M M 0 25 320
21 47 27 37 -11 28 0 0.17 M M 13.2 29 300 M M 6 13 38 260
22 42 26 34 -14 31 0 T M M 17.8 33 280 M M 5 46 280
23 48 29 39 -9 26 0 0.05 M M 6.2 13 150 M M 7 4 18 320
24 46 36 41 -8 24 0 0.38 M M 6.7 14 20 M M 10 12 19 30
25 56 38 47 -2 18 0 0.00 M M 4.8 13 130 M M 9 12 16 140
26 44 34 39 -10 26 0 0.65 M M 11.3 20 40 M M 10 1 31 40
27 45 33 39 -11 26 0 0.04 M M 13.0 21 330 M M 10 1 28 340
28 58 32 45 -5 20 0 0.00 M M 8.2 17 320 M M 4 23 320
29 52 33 43 -7 22 0 T M M 12.0 23 110 M M 8 34 110
30 58 43 51 0 14 0 1.72 M M 15.5 31 130 M M 10 12 45 150
================================================================================
SM 1487 950 726 0 5.56 M 354.8 M 190
================================================================================
AV 49.6 31.7 11.8 FASTST M M 6 MAX(MPH)
MISC ----> 41 310 53 320
================================================================================
NOTES:
# LAST OF SEVERAL OCCURRENCES
COLUMN 17 PEAK WIND IN M.P.H.
PRELIMINARY LOCAL CLIMATOLOGICAL DATA (WS FORM: F-6) , PAGE 2
STATION: MOUNT POCONO PA
MONTH: APRIL
YEAR: 2020
LATITUDE: 41 8 N
LONGITUDE: 75 24 W
[TEMPERATURE DATA] [PRECIPITATION DATA] SYMBOLS USED IN COLUMN 16
AVERAGE MONTHLY: 40.6 TOTAL FOR MONTH: 5.56 1 = FOG OR MIST
DPTR FM NORMAL: -4.7 DPTR FM NORMAL: 1.54 2 = FOG REDUCING VISIBILITY
HIGHEST: 63 ON 7 GRTST 24HR 1.72 ON 30-30 TO 1/4 MILE OR LESS
LOWEST: 22 ON 17 3 = THUNDER
SNOW, ICE PELLETS, HAIL 4 = ICE PELLETS
TOTAL MONTH: M 5 = HAIL
GRTST 24HR M ON M 6 = FREEZING RAIN OR DRIZZLE
GRTST DEPTH: M ON M 7 = DUSTSTORM OR SANDSTORM:
VSBY 1/2 MILE OR LESS
8 = SMOKE OR HAZE
[NO. OF DAYS WITH] [WEATHER - DAYS WITH] 9 = BLOWING SNOW
X = TORNADO
MAX 32 OR BELOW: 0 0.01 INCH OR MORE: 17
MAX 90 OR ABOVE: 0 0.10 INCH OR MORE: 9
MIN 32 OR BELOW: 19 0.50 INCH OR MORE: 3
MIN 0 OR BELOW: 0 1.00 INCH OR MORE: 2
[HDD (BASE 65) ]
TOTAL THIS MO. 726 CLEAR (SCALE 0-3) 5
DPTR FM NORMAL 130 PTCLDY (SCALE 4-7) 16
TOTAL FM JUL 1 6377 CLOUDY (SCALE 8-10) 9
DPTR FM NORMAL -317
[CDD (BASE 65) ]
TOTAL THIS MO. 0
DPTR FM NORMAL -4 [PRESSURE DATA]
TOTAL FM JAN 1 0 HIGHEST SLP 30.29 ON 17
DPTR FM NORMAL -4 LOWEST SLP 29.19 ON 9
[REMARKS]
#FINAL-04-20#