000
CXUS51 KBTV 010800
CF6MPV
PRELIMINARY LOCAL CLIMATOLOGICAL DATA (WS FORM: F-6)
STATION: MONTPELIER VT
MONTH: DECEMBER
YEAR: 2023
LATITUDE: 44 12 N
LONGITUDE: 72 34 W
TEMPERATURE IN F: :PCPN: SNOW: WIND :SUNSHINE: SKY :PK WND
================================================================================
1 2 3 4 5 6A 6B 7 8 9 10 11 12 13 14 15 16 17 18
12Z AVG MX 2MIN
DY MAX MIN AVG DEP HDD CDD WTR SNW DPTH SPD SPD DIR MIN PSBL S-S WX SPD DR
================================================================================
1 49 35 42 14 23 0 M M M 6.9 16 160 M M 7 1 24 210
2 39 34 37 9 28 0 M M M 0.1 7 200 M M 10 12 10 200
3 36 32 34 6 31 0 M M M 0.3 9 180 M M 10 12 14 170
4 37 26 32 5 33 0 M M M 5.9 14 320 M M 10 1 18 310
5 26 22 24 -3 41 0 M M M 5.8 14 300 M M 10 1 19 300
6 24 9 17 -9 48 0 M M M 3.7 14 320 M M 10 18 310
7 21 6 14 -12 51 0 0.00 M M 0.4 6 70 M M 6 18 6 80
8 31 19 25 -1 40 0 0.00 M M 0.5 6 40 M M 7 7 50
9 42 26 34 9 31 0 0.00 M M 2.4 14 170 M M 10 1 19 190
10 45 33 39 14 26 0 M M M 5.5 15 180 M M 10 12 21 190
11 34 25 30 5 35 0 M M M 6.1 16 310 M M 10 1 26 300
12 36 17 27 3 38 0 T M M 6.5 17 160 M M 7 1 22 170
13 36 20 28 4 37 0 0.05 M M 7.5 20 320 M M 9 12 26 290
14 29 12 21 -3 44 0 T M M 6.3 18 310 M M 6 1 25 290
15 44 16 30 7 35 0 0.00 M M 2.0 9 300 M M 2 14 310
16 41 22 32 9 33 0 0.00 M M 4.2 21 310 M M 3 27 320
17 42 33 38 15 27 0 0.44 M M 6.8 21 170 M M 10 1 26 170
18 59 36 48 26 17 0 1.84 M M 8.6 28 170 M M 10 1 35 160
19 42 24 33 11 32 0 0.01 M M 9.0 22 300 M M 7 1 31 300
20 34 18 26 4 39 0 0.00 M M 6.0 18 350 M M 4 23 350
21 28 12 20 -2 45 0 0.00 M M 8.6 18 360 M M 3 23 10
22 25 9 17 -4 48 0 T M M 0.7 7 20 M M 0 9 20
23 33 12 23 2 42 0 T M M 2.5 10 170 M M 5 13 170
24 33 28 31 10 34 0 T M M 0.0 3 60 M M 10 18 4 360
25 37 30 34 14 31 0 T M M 0.4 6 170 M M 10 12 7 180
26 38 29 34 14 31 0 T M M 0.5 5 60 M M 10 12 8 140
27 42 36 39 19 26 0 0.10 M M 0.1 3 80 M M 10 12 4 160
28 43 35 39 19 26 0 0.20 M M 0.1 5 70 M M 10 12 6 260
29 46 36 41 22 24 0 0.14 M M 1.8 8 320 M M 10 12 12 320
30 36 25 31 12 34 0 0.04 M M 7.2 16 310 M M 10 1 24 340
31 25 22 24 5 41 0 0.00 M M 8.1 14 310 M M 10 20 320
================================================================================
SM 1133 739 1071 0 2.82 M 124.5 M 246
================================================================================
AV 36.5 23.8 4.0 FASTST M M 8 MAX(MPH)
MISC ----> 28 170 35 160
================================================================================
NOTES:
# LAST OF SEVERAL OCCURRENCES
COLUMN 17 PEAK WIND IN M.P.H.
PRELIMINARY LOCAL CLIMATOLOGICAL DATA (WS FORM: F-6) , PAGE 2
STATION: MONTPELIER VT
MONTH: DECEMBER
YEAR: 2023
LATITUDE: 44 12 N
LONGITUDE: 72 34 W
[TEMPERATURE DATA] [PRECIPITATION DATA] SYMBOLS USED IN COLUMN 16
AVERAGE MONTHLY: 30.2 TOTAL FOR MONTH: 2.82 1 = FOG OR MIST
DPTR FM NORMAL: 7.0 DPTR FM NORMAL: -0.11 2 = FOG REDUCING VISIBILITY
HIGHEST: 59 ON 18 GRTST 24HR 1.84 ON 18-18 TO 1/4 MILE OR LESS
LOWEST: 6 ON 7 3 = THUNDER
SNOW, ICE PELLETS, HAIL 4 = ICE PELLETS
TOTAL MONTH: M 5 = HAIL
GRTST 24HR M ON M 6 = FREEZING RAIN OR DRIZZLE
GRTST DEPTH: M ON M 7 = DUSTSTORM OR SANDSTORM:
VSBY 1/2 MILE OR LESS
8 = SMOKE OR HAZE
[NO. OF DAYS WITH] [WEATHER - DAYS WITH] 9 = BLOWING SNOW
X = TORNADO
MAX 32 OR BELOW: 8 0.01 INCH OR MORE: 8
MAX 90 OR ABOVE: 0 0.10 INCH OR MORE: 5
MIN 32 OR BELOW: 23 0.50 INCH OR MORE: 1
MIN 0 OR BELOW: 0 1.00 INCH OR MORE: 1
[HDD (BASE 65) ]
TOTAL THIS MO. 1071 CLEAR (SCALE 0-3) 4
DPTR FM NORMAL -225 PTCLDY (SCALE 4-7) 8
TOTAL FM JUL 1 2676 CLOUDY (SCALE 8-10) 19
DPTR FM NORMAL -502
[CDD (BASE 65) ]
TOTAL THIS MO. 0
DPTR FM NORMAL 0 [PRESSURE DATA]
TOTAL FM JAN 1 326 HIGHEST SLP 30.64 ON 14
DPTR FM NORMAL 99 LOWEST SLP 28.97 ON 18
[REMARKS]
#FINAL-12-23#