000
CXUS52 KMHX 061315
CF6MRH
PRELIMINARY LOCAL CLIMATOLOGICAL DATA (WS FORM: F-6)
STATION: BEAUFORT/SMITH FIELD NC
MONTH: SEPTEMBER
YEAR: 2023
LATITUDE: 34 43 N
LONGITUDE: 76 39 W
TEMPERATURE IN F: :PCPN: SNOW: WIND :SUNSHINE: SKY :PK WND
================================================================================
1 2 3 4 5 6A 6B 7 8 9 10 11 12 13 14 15 16 17 18
12Z AVG MX 2MIN
DY MAX MIN AVG DEP HDD CDD WTR SNW DPTH SPD SPD DIR MIN PSBL S-S WX SPD DR
================================================================================
1 81 64 73 -5 0 8 0.00 0.0 0 11.5 18 10 M M 4 28 10
2 83 65 74 -4 0 9 0.00 0.0 0 6.4 16 20 M M 1 21 20
3 83 62 73 -5 0 8 0.00 0.0 0 5.4 12 210 M M 0 17 190
4 86 72 79 1 0 14 0.00 0.0 0 8.9 15 220 M M 0 20 220
5 91 74 83 5 0 18 0.00 0.0 0 6.7 13 230 M M 0 17 250
6 92 75 84 6 0 19 0.00 0.0 0 5.3 12 210 M M 1 1 14 160
7 87 79 83 6 0 18 0.00 0.0 0 10.0 17 200 M M 1 22 180
8 86 77 82 5 0 17 0.13 0.0 0 10.8 21 220 M M 1 1 32 210
9 82 71 77 0 0 12 0.24 0.0 0 7.1 20 180 M M 2 13 28 180
10 84 71 78 1 0 13 0.04 0.0 0 6.6 13 210 M M 2 3 20 170
11 84 73 79 2 0 14 0.00 0.0 0 8.4 14 220 M M 0 18 220
12 86 74 80 4 0 15 0.00 0.0 0 7.5 13 200 M M 0 19 190
13 85 72 79 3 0 14 0.09 0.0 0 4.2 18 340 M M 2 13 22 350
14 86 65 76 0 0 11 0.00 0.0 0 10.5 23 20 M M 1 32 20
15 79 60 70 -6 0 5 0.00 0.0 0 10.1 21 340 M M 0 28 330
16 79 56 68 -8 0 3 0.00 0.0 0 4.0 12 210 M M 0 18 230
17 79 59 69 -6 0 4 0.46 0.0 0 6.7 16 190 M M 3 1 24 160
18 78 62 70 -5 0 5 0.01 0.0 0 8.1 20 330 M M 4 24 300
19 83 62 73 -2 0 8 0.00 0.0 0 4.6 12 120 M M 0 8 17 120
20 83 62 73 -1 0 8 0.00 0.0 0 4.5 13 120 M M 3 18 90
21 81 70 76 2 0 11 0.00 0.0 0 8.4 16 50 M M 5 24 40
22 77 67 72 -2 0 7 3.66 0.0 M 18.0 36 20 M M 9 1 53 40
23 77 68 73 -1 0 8 0.25 0.0 0 20.7 37 120 M M 10 1 67 150
24 81 65 73 0 0 8 T 0.0 0 7.7 15 210 M M 3 19 210
25 82 72 77 4 0 12 0.00 0.0 0 8.9 15 210 M M 0 20 220
26 82 69 76 3 0 11 0.00 0.0 0 9.0 15 20 M M 2 21 20
27 75 68 72 0 0 7 T 0.0 0 12.6 20 360 M M 9 28 360
28 79 66 73 1 0 8 0.00 0.0 0 12.7 21 360 M M 10 1 30 10
29 75 67 71 -1 0 6 0.00 0.0 0 10.0 16 330 M M 10 1 28 310
30 71 62 67 -5 0 2 0.00 0.0 0 8.7 15 350 M M 10 1 20 340
================================================================================
SM 2457 2029 0 303 4.88 0.0 264.0 M 93
================================================================================
AV 81.9 67.6 8.8 FASTST M M 3 MAX(MPH)
MISC ----> 37 120 67 150
================================================================================
NOTES:
# LAST OF SEVERAL OCCURRENCES
COLUMN 17 PEAK WIND IN M.P.H.
PRELIMINARY LOCAL CLIMATOLOGICAL DATA (WS FORM: F-6) , PAGE 2
STATION: BEAUFORT/SMITH FIELD NC
MONTH: SEPTEMBER
YEAR: 2023
LATITUDE: 34 43 N
LONGITUDE: 76 39 W
[TEMPERATURE DATA] [PRECIPITATION DATA] SYMBOLS USED IN COLUMN 16
AVERAGE MONTHLY: 74.8 TOTAL FOR MONTH: 4.88 1 = FOG OR MIST
DPTR FM NORMAL: -0.6 DPTR FM NORMAL: -3.58 2 = FOG REDUCING VISIBILITY
HIGHEST: 92 ON 6 GRTST 24HR 3.89 ON 22-23 TO 1/4 MILE OR LESS
LOWEST: 56 ON 16 3 = THUNDER
SNOW, ICE PELLETS, HAIL 4 = ICE PELLETS
TOTAL MONTH: 0.0 INCH 5 = HAIL
GRTST 24HR 0.0 6 = FREEZING RAIN OR DRIZZLE
GRTST DEPTH: 0 7 = DUSTSTORM OR SANDSTORM:
VSBY 1/2 MILE OR LESS
8 = SMOKE OR HAZE
[NO. OF DAYS WITH] [WEATHER - DAYS WITH] 9 = BLOWING SNOW
X = TORNADO
MAX 32 OR BELOW: 0 0.01 INCH OR MORE: 8
MAX 90 OR ABOVE: 2 0.10 INCH OR MORE: 5
MIN 32 OR BELOW: 0 0.50 INCH OR MORE: 1
MIN 0 OR BELOW: 0 1.00 INCH OR MORE: 1
[HDD (BASE 65) ]
TOTAL THIS MO. 0 CLEAR (SCALE 0-3) 21
DPTR FM NORMAL -2 PTCLDY (SCALE 4-7) 3
TOTAL FM JUL 1 0 CLOUDY (SCALE 8-10) 6
DPTR FM NORMAL 0
[CDD (BASE 65) ]
TOTAL THIS MO. 303
DPTR FM NORMAL -11 [PRESSURE DATA]
TOTAL FM JAN 1 1777 HIGHEST SLP 30.23 ON 1
DPTR FM NORMAL -73 LOWEST SLP 29.20 ON 23
[REMARKS]
#FINAL-09-23#