000
CXUS56 KMTR 010900
CF6MRY
PRELIMINARY LOCAL CLIMATOLOGICAL DATA (WS FORM: F-6)
STATION: MONTEREY AIRPORT
MONTH: MAY
YEAR: 2023
LATITUDE: 36 34 N
LONGITUDE: 121 51 W
TEMPERATURE IN F: :PCPN: SNOW: WIND :SUNSHINE: SKY :PK WND
================================================================================
1 2 3 4 5 6A 6B 7 8 9 10 11 12 13 14 15 16 17 18
12Z AVG MX 2MIN
DY MAX MIN AVG DEP HDD CDD WTR SNW DPTH SPD SPD DIR MIN PSBL S-S WX SPD DR
================================================================================
1 55 49 52 -4 13 0 0.21 M M 9.5 22 270 M M 10 18 28 270
2 61 47 54 -2 11 0 0.09 M M 6.9 20 220 M M 9 1 27 220
3 55 48 52 -5 13 0 0.23 M M 3.0 9 290 M M 10 1 13 300
4 58 46 52 -5 13 0 0.00 M M 5.2 13 300 M M 6 20 300
5 62 48 55 -2 10 0 0.03 M M 5.2 15 250 M M 7 1 20 250
6 62 47 55 -2 10 0 0.00 M M 7.4 18 250 M M 4 26 240
7 60 48 54 -3 11 0 0.00 M M 6.1 15 330 M M 5 21 330
8 65 46 56 -1 9 0 0.00 M M 6.8 18 260 M M 4 24 250
9 60 50 55 -2 10 0 0.00 M M 7.9 16 270 M M 6 22 260
10 59 51 55 -2 10 0 0.00 M M 6.9 15 280 M M 7 20 310
11 59 49 54 -3 11 0 0.00 M M 6.7 16 260 M M 7 21 290
12 60 51 56 -1 9 0 0.00 M M 6.9 15 310 M M 7 22 310
13 62 50 56 -1 9 0 0.00 M M 3.8 8 30 M M 6 128 14 40
14 67 49 58 0 7 0 0.00 M M 5.5 10 80 M M 7 1 15 80
15 63 52 58 0 7 0 0.00 M M 4.8 12 320 M M 7 1 18 290
16 61 51 56 -2 9 0 0.00 M M 5.8 13 260 M M 8 128 17 310
17 59 50 55 -3 10 0 0.00 M M 5.8 13 330 M M 8 18 18 330
18 62 50 56 -2 9 0 0.00 M M 7.4 15 300 M M 7 18 23 300
19 61 51 56 -2 9 0 0.00 M M 8.2 14 280 M M 8 18 20 320
20 60 51 56 -2 9 0 0.00 M M 8.6 14 300 M M 9 1 20 280
21 60 52 56 -2 9 0 0.00 M M 7.3 13 290 M M 10 1 17 250
22 61 51 56 -2 9 0 0.00 M M 8.9 18 250 M M 9 1 25 230
23 62 52 57 -1 8 0 0.00 M M 10.4 23 260 M M 8 18 35 250
24 62 51 57 -1 8 0 0.00 M M 9.8 22 250 M M 8 1 33 240
25 60 50 55 -3 10 0 0.00 M M 7.4 15 240 M M 10 22 220
26 63 53 58 0 7 0 0.00 M M 7.3 16 260 M M 10 23 240
27 61 51 56 -2 9 0 0.00 M M 6.4 15 330 M M 9 1 21 320
28 58 51 55 -4 10 0 0.00 M M 6.7 13 270 M M 10 1 17 250
29 64 53 59 0 6 0 0.00 M M 7.8 22 240 M M 9 29 240
30 64 54 59 0 6 0 0.00 M M 5.8 16 250 M M 9 23 250
31 60 52 56 -3 9 0 0.01 M M 7.7 15 270 M M 9 1 21 260
================================================================================
SM 1886 1554 290 0 0.57 M 213.9 M 243
================================================================================
AV 60.8 50.1 6.9 FASTST M M 8 MAX(MPH)
MISC ----> 23 260 35 250
================================================================================
NOTES:
# LAST OF SEVERAL OCCURRENCES
COLUMN 17 PEAK WIND IN M.P.H.
PRELIMINARY LOCAL CLIMATOLOGICAL DATA (WS FORM: F-6) , PAGE 2
STATION: MONTEREY AIRPORT
MONTH: MAY
YEAR: 2023
LATITUDE: 36 34 N
LONGITUDE: 121 51 W
[TEMPERATURE DATA] [PRECIPITATION DATA] SYMBOLS USED IN COLUMN 16
AVERAGE MONTHLY: 55.5 TOTAL FOR MONTH: 0.57 1 = FOG OR MIST
DPTR FM NORMAL: -2.2 DPTR FM NORMAL: 0.06 2 = FOG REDUCING VISIBILITY
HIGHEST: 67 ON 14 GRTST 24HR 0.28 ON 1- 2 TO 1/4 MILE OR LESS
LOWEST: 46 ON 8, 4 3 = THUNDER
SNOW, ICE PELLETS, HAIL 4 = ICE PELLETS
TOTAL MONTH: M 5 = HAIL
GRTST 24HR M ON M 6 = FREEZING RAIN OR DRIZZLE
GRTST DEPTH: M ON M 7 = DUSTSTORM OR SANDSTORM:
VSBY 1/2 MILE OR LESS
8 = SMOKE OR HAZE
[NO. OF DAYS WITH] [WEATHER - DAYS WITH] 9 = BLOWING SNOW
X = TORNADO
MAX 32 OR BELOW: 0 0.01 INCH OR MORE: 5
MAX 90 OR ABOVE: 0 0.10 INCH OR MORE: 2
MIN 32 OR BELOW: 0 0.50 INCH OR MORE: 0
MIN 0 OR BELOW: 0 1.00 INCH OR MORE: 0
[HDD (BASE 65) ]
TOTAL THIS MO. 290 CLEAR (SCALE 0-3) 0
DPTR FM NORMAL 60 PTCLDY (SCALE 4-7) 16
TOTAL FM JUL 1 3200 CLOUDY (SCALE 8-10) 15
DPTR FM NORMAL 479
[CDD (BASE 65) ]
TOTAL THIS MO. 0
DPTR FM NORMAL -3 [PRESSURE DATA]
TOTAL FM JAN 1 0 HIGHEST SLP M ON M
DPTR FM NORMAL -6 LOWEST SLP 29.83 ON 3
[REMARKS]
#FINAL-05-23#