194
CXUS56 KMTR 010845
CF6MRY
PRELIMINARY LOCAL CLIMATOLOGICAL DATA (WS FORM: F-6)
STATION: MONTEREY AIRPORT
MONTH: NOVEMBER
YEAR: 2020
LATITUDE: 36 34 N
LONGITUDE: 121 51 W
TEMPERATURE IN F: :PCPN: SNOW: WIND :SUNSHINE: SKY :PK WND
================================================================================
1 2 3 4 5 6A 6B 7 8 9 10 11 12 13 14 15 16 17 18
12Z AVG MX 2MIN
DY MAX MIN AVG DEP HDD CDD WTR SNW DPTH SPD SPD DIR MIN PSBL S-S WX SPD DR
================================================================================
1 80 48 64 7 1 0 0.00 M M 3.1 8 340 M M 1 12 10 330
2 72 49 61 4 4 0 0.00 M M 3.4 10 310 M M 0 1 13 310
3 65 48 57 0 8 0 0.00 M M 4.3 13 320 M M 4 128 17 320
4 70 44 57 1 8 0 0.00 M M 3.6 12 300 M M 2 12 14 290
5 86 50 68 12 0 3 0.00 M M 3.9 12 310 M M 0 14 270
6 60 50 55 -1 10 0 0.06 M M 9.9 21 290 M M 5 1 27 290
7 58 45 52 -4 13 0 0.19 M M 7.4 17 290 M M 6 1 22 280
8 56 41 49 -7 16 0 T M M 14.3 28 300 M M 6 42 310
9 59 39 49 -7 16 0 0.00 M M 5.5 13 300 M M 0 15 130
10 62 37 50 -6 15 0 0.00 M M 5.1 12 130 M M 0 13 330
11 57 44 51 -4 14 0 0.00 M M 3.6 9 290 M M 4 11 320
12 61 44 53 -2 12 0 0.00 M M 5.4 15 290 M M 3 18 290
13 60 41 51 -4 14 0 0.02 M M 3.7 13 280 M M 6 18 16 260
14 60 46 53 -2 12 0 0.00 M M 5.0 10 310 M M 4 12 13 320
15 67 42 55 0 10 0 0.00 M M 4.2 9 130 M M 0 12 40
16 78 46 62 7 3 0 0.00 M M 4.0 12 120 M M 0 12 120
17 75 51 63 9 2 0 0.15 M M 5.4 18 220 M M 4 1 25 220
18 66 54 60 6 5 0 0.04 M M 4.3 13 260 M M 7 1 17 250
19 63 44 54 0 11 0 0.00 M M 4.1 9 90 M M 2 12 12 70
20 67 44 56 2 9 0 0.00 M M 6.4 14 70 M M 0 18 70
21 69 42 56 2 9 0 0.00 M M 4.5 12 120 M M 0 14 50
22 63 39 51 -3 14 0 0.00 M M 6.4 15 300 M M 1 19 290
23 58 47 53 -1 12 0 T M M 4.3 10 310 M M 5 18 13 320
24 62 41 52 -1 13 0 0.00 M M 3.9 9 280 M M 1 18 14 270
25 58 44 51 -2 14 0 0.00 M M 4.9 15 300 M M 3 19 280
26 64 39 52 -1 13 0 0.00 M M 4.8 10 80 M M 0 M M
27 69 39 54 1 11 0 0.00 M M 5.6 13 120 M M 0 14 130
28 66 38 52 -1 13 0 0.00 M M 3.9 9 110 M M 0 10 120
29 62 37 50 -3 15 0 0.00 M M 4.2 10 310 M M 0 13 310
30 64 37 51 -2 14 0 0.00 M M 4.6 12 130 M M 0 14 310
================================================================================
SM 1957 1310 311 3 0.46 M 153.7 M 64
================================================================================
AV 65.2 43.7 5.1 FASTST M M 2 MAX(MPH)
MISC ----> 28 300 42 310
================================================================================
NOTES:
# LAST OF SEVERAL OCCURRENCES
COLUMN 17 PEAK WIND IN M.P.H.
PRELIMINARY LOCAL CLIMATOLOGICAL DATA (WS FORM: F-6) , PAGE 2
STATION: MONTEREY AIRPORT
MONTH: NOVEMBER
YEAR: 2020
LATITUDE: 36 34 N
LONGITUDE: 121 51 W
[TEMPERATURE DATA] [PRECIPITATION DATA] SYMBOLS USED IN COLUMN 16
AVERAGE MONTHLY: 54.5 TOTAL FOR MONTH: 0.46 1 = FOG OR MIST
DPTR FM NORMAL: -0.3 DPTR FM NORMAL: -1.42 2 = FOG REDUCING VISIBILITY
HIGHEST: 86 ON 5 GRTST 24HR 0.25 ON 6- 7 TO 1/4 MILE OR LESS
LOWEST: 37 ON 30,29 3 = THUNDER
SNOW, ICE PELLETS, HAIL 4 = ICE PELLETS
TOTAL MONTH: M 5 = HAIL
GRTST 24HR M ON M 6 = FREEZING RAIN OR DRIZZLE
GRTST DEPTH: M ON M 7 = DUSTSTORM OR SANDSTORM:
VSBY 1/2 MILE OR LESS
8 = SMOKE OR HAZE
[NO. OF DAYS WITH] [WEATHER - DAYS WITH] 9 = BLOWING SNOW
X = TORNADO
MAX 32 OR BELOW: 0 0.01 INCH OR MORE: 5
MAX 90 OR ABOVE: 0 0.10 INCH OR MORE: 2
MIN 32 OR BELOW: 0 0.50 INCH OR MORE: 0
MIN 0 OR BELOW: 0 1.00 INCH OR MORE: 0
[HDD (BASE 65) ]
TOTAL THIS MO. 311 CLEAR (SCALE 0-3) 19
DPTR FM NORMAL 2 PTCLDY (SCALE 4-7) 11
TOTAL FM JUL 1 451 CLOUDY (SCALE 8-10) 0
DPTR FM NORMAL -447
[CDD (BASE 65) ]
TOTAL THIS MO. 3
DPTR FM NORMAL 1 [PRESSURE DATA]
TOTAL FM JAN 1 168 HIGHEST SLP M ON M
DPTR FM NORMAL 130 LOWEST SLP 29.69 ON 7
[REMARKS]
#FINAL-11-20#