000
CXUS56 KMTR 011814
CF6MRY
PRELIMINARY LOCAL CLIMATOLOGICAL DATA (WS FORM: F-6)
STATION: MONTEREY AIRPORT
MONTH: JUNE
YEAR: 2020
LATITUDE: 36 34 N
LONGITUDE: 121 51 W
TEMPERATURE IN F: :PCPN: SNOW: WIND :SUNSHINE: SKY :PK WND
================================================================================
1 2 3 4 5 6A 6B 7 8 9 10 11 12 13 14 15 16 17 18
12Z AVG MX 2MIN
DY MAX MIN AVG DEP HDD CDD WTR SNW DPTH SPD SPD DIR MIN PSBL S-S WX SPD DR
================================================================================
1 68 56 62 4 3 0 0.00 M M 5.6 14 280 M M 5 21 300
2 79 55 67 9 0 2 0.00 M M 3.3 9 350 M M 0 8 13 350
3 76 59 68 10 0 3 0.00 M M 3.6 10 10 M M 0 18 13 20
4 74 57 66 8 0 1 0.00 M M 5.8 18 250 M M 5 18 23 250
5 64 57 61 3 4 0 0.02 M M 8.1 17 270 M M 8 18 23 260
6 67 57 62 3 3 0 T M M 8.9 22 280 M M 4 18 28 290
7 65 54 60 1 5 0 0.00 M M 12.6 24 290 M M 1 34 290
8 69 48 59 0 6 0 0.00 M M 5.7 15 280 M M 0 21 280
9 75 49 62 3 3 0 0.00 M M 4.1 12 280 M M 0 14 270
10 72 54 63 4 2 0 0.00 M M 5.2 15 270 M M 2 18 18 270
11 74 53 64 5 1 0 0.00 M M 5.9 14 270 M M 2 12 19 280
12 71 57 64 5 1 0 0.00 M M 8.4 17 280 M M 5 23 310
13 67 54 61 2 4 0 0.00 M M 7.0 17 280 M M 2 23 270
14 68 58 63 4 2 0 0.00 M M 6.7 16 310 M M 4 20 300
15 71 55 63 4 2 0 0.00 M M 7.8 20 260 M M 2 25 270
16 67 56 62 2 3 0 0.00 M M 9.5 18 270 M M 2 27 280
17 74 50 62 2 3 0 0.00 M M 4.9 13 320 M M 0 8 16 310
18 85 53 69 9 0 4 0.00 M M 4.0 16 250 M M 0 8 20 250
19 70 53 62 2 3 0 0.00 M M 5.8 16 260 M M 6 18 20 260
20 68 55 62 2 3 0 0.00 M M 6.4 17 260 M M 9 18 21 270
21 70 57 64 4 1 0 0.00 M M 7.7 17 280 M M 6 1 23 280
22 67 57 62 2 3 0 0.00 M M 7.3 20 250 M M 8 1 25 240
23 72 56 64 4 1 0 0.00 M M 5.6 18 260 M M 5 22 250
24 67 57 62 2 3 0 0.00 M M 6.2 15 260 M M 9 1 19 260
25 67 57 62 2 3 0 0.00 M M 7.3 20 250 M M 9 18 25 250
26 72 57 65 5 0 0 0.00 M M 6.3 16 260 M M 7 1 20 250
27 69 56 63 3 2 0 0.00 M M 7.2 18 250 M M 8 1 23 270
28 64 57 61 1 4 0 0.00 M M 10.5 21 260 M M 10 8 26 260
29 71 50 61 1 4 0 0.00 M M 5.6 16 240 M M 2 18 22 250
30 74 54 64 4 1 0 0.00 M M 6.6 14 270 M M 6 128 18 250
================================================================================
SM 2117 1648 70 10 0.02 M 199.6 M 127
================================================================================
AV 70.6 54.9 6.7 FASTST M M 4 MAX(MPH)
MISC ----> 24 290 34 290
================================================================================
NOTES:
# LAST OF SEVERAL OCCURRENCES
COLUMN 17 PEAK WIND IN M.P.H.
PRELIMINARY LOCAL CLIMATOLOGICAL DATA (WS FORM: F-6) , PAGE 2
STATION: MONTEREY AIRPORT
MONTH: JUNE
YEAR: 2020
LATITUDE: 36 34 N
LONGITUDE: 121 51 W
[TEMPERATURE DATA] [PRECIPITATION DATA] SYMBOLS USED IN COLUMN 16
AVERAGE MONTHLY: 62.8 TOTAL FOR MONTH: 0.02 1 = FOG OR MIST
DPTR FM NORMAL: 3.5 DPTR FM NORMAL: -0.08 2 = FOG REDUCING VISIBILITY
HIGHEST: 85 ON 18 GRTST 24HR 0.02 ON 5- 5 TO 1/4 MILE OR LESS
LOWEST: 48 ON 8 3 = THUNDER
SNOW, ICE PELLETS, HAIL 4 = ICE PELLETS
TOTAL MONTH: M 5 = HAIL
GRTST 24HR M ON M 6 = FREEZING RAIN OR DRIZZLE
GRTST DEPTH: M ON M 7 = DUSTSTORM OR SANDSTORM:
VSBY 1/2 MILE OR LESS
8 = SMOKE OR HAZE
[NO. OF DAYS WITH] [WEATHER - DAYS WITH] 9 = BLOWING SNOW
X = TORNADO
MAX 32 OR BELOW: 0 0.01 INCH OR MORE: 1
MAX 90 OR ABOVE: 0 0.10 INCH OR MORE: 0
MIN 32 OR BELOW: 0 0.50 INCH OR MORE: 0
MIN 0 OR BELOW: 0 1.00 INCH OR MORE: 0
[HDD (BASE 65) ]
TOTAL THIS MO. 70 CLEAR (SCALE 0-3) 13
DPTR FM NORMAL -103 PTCLDY (SCALE 4-7) 12
TOTAL FM JUL 1 2182 CLOUDY (SCALE 8-10) 5
DPTR FM NORMAL -1043
[CDD (BASE 65) ]
TOTAL THIS MO. 10
DPTR FM NORMAL 6 [PRESSURE DATA]
TOTAL FM JAN 1 26 HIGHEST SLP 30.24 ON 8
DPTR FM NORMAL 20 LOWEST SLP 29.82 ON 4
[REMARKS]
#FINAL-06-20#