000
CXUS53 KMKX 010910
CF6MSN
PRELIMINARY LOCAL CLIMATOLOGICAL DATA (WS FORM: F-6)
STATION: MADISON WI
MONTH: SEPTEMBER
YEAR: 2020
LATITUDE: 43 7 N
LONGITUDE: 89 20 W
TEMPERATURE IN F: :PCPN: SNOW: WIND :SUNSHINE: SKY :PK WND
================================================================================
1 2 3 4 5 6A 6B 7 8 9 10 11 12 13 14 15 16 17 18
12Z AVG MX 2MIN
DY MAX MIN AVG DEP HDD CDD WTR SNW DPTH SPD SPD DIR MIN PSBL S-S WX SPD DR
================================================================================
1 71 46 59 -7 6 0 0.19 0.0 0 4.9 15 150 M M 7 1 21 150
2 81 57 69 3 0 4 0.01 0.0 0 4.7 15 290 M M 2 1 28 300
3 76 54 65 -1 0 0 0.00 0.0 0 8.9 21 290 M M 2 35 280
4 75 51 63 -3 2 0 T 0.0 0 4.5 15 310 M M 2 26 330
5 77 52 65 0 0 0 0.00 0.0 0 3.8 13 350 M M 2 21 320
6 78 53 66 1 0 1 0.38 0.0 0 11.1 40 170 M M 7 13 51 180
7 71 53 62 -3 3 0 0.01 0.0 0 8.4 17 20 M M 7 3 22 20
8 54 48 51 -13 14 0 0.78 0.0 0 12.7 21 20 M M 10 13 32 30
9 51 46 49 -15 16 0 0.35 0.0 0 13.0 18 40 M M 10 1 26 50
10 53 46 50 -14 15 0 0.28 0.0 0 7.8 13 20 M M 10 1 16 30
11 60 51 56 -7 9 0 0.98 0.0 0 7.8 15 110 M M 10 1 20 110
12 68 59 64 1 1 0 0.10 0.0 0 6.5 13 160 M M 9 1 18 170
13 72 52 62 0 3 0 0.00 0.0 0 3.7 14 330 M M 6 12 19 330
14 71 49 60 -2 5 0 0.00 0.0 0 5.0 13 120 M M 7 12 16 180
15 78 56 67 6 0 2 0.00 0.0 0 7.6 16 200 M M 5 25 190
16 75 55 65 4 0 0 0.00 0.0 0 6.2 14 320 M M 6 22 280
17 67 46 57 -3 8 0 0.00 0.0 0 4.9 12 20 M M 6 15 360
18 62 42 52 -8 13 0 0.00 0.0 0 4.9 14 40 M M 4 21 60
19 65 37 51 -9 14 0 0.00 0.0 0 3.4 14 170 M M 1 22 190
20 69 42 56 -3 9 0 0.00 0.0 0 7.4 18 170 M M 3 23 170
21 73 48 61 2 4 0 0.00 0.0 0 8.6 16 170 M M 3 21 180
22 78 53 66 8 0 1 0.00 0.0 0 2.4 10 190 M M 2 1 17 210
23 77 52 65 7 0 0 0.00 0.0 0 2.7 12 180 M M 4 1 17 210
24 73 54 64 7 1 0 0.04 0.0 0 5.3 16 180 M M 7 13 22 170
25 78 60 69 12 0 4 0.00 0.0 0 10.3 21 180 M M 3 31 190
26 75 63 69 13 0 4 0.00 0.0 0 10.8 23 180 M M 7 32 170
27 73 54 64 8 1 0 0.27 0.0 0 5.9 9 210 M M 8 1 17 210
28 59 46 53 -3 12 0 0.01 0.0 0 5.7 20 320 M M 7 1 31 330
29 56 42 49 -6 16 0 T 0.0 0 4.0 9 230 M M 6 19 280
30 59 46 53 -2 12 0 0.01 0.0 0 7.5 18 300 M M 5 1 36 310
================================================================================
SM 2075 1513 164 16 3.41 0.0 200.4 M 168
================================================================================
AV 69.2 50.4 6.7 FASTST M M 6 MAX(MPH)
MISC ----> # 40 170 # 51 180
================================================================================
NOTES:
# LAST OF SEVERAL OCCURRENCES
COLUMN 17 PEAK WIND IN M.P.H.
PRELIMINARY LOCAL CLIMATOLOGICAL DATA (WS FORM: F-6) , PAGE 2
STATION: MADISON WI
MONTH: SEPTEMBER
YEAR: 2020
LATITUDE: 43 7 N
LONGITUDE: 89 20 W
[TEMPERATURE DATA] [PRECIPITATION DATA] SYMBOLS USED IN COLUMN 16
AVERAGE MONTHLY: 59.8 TOTAL FOR MONTH: 3.41 1 = FOG OR MIST
DPTR FM NORMAL: -1.2 DPTR FM NORMAL: 0.28 2 = FOG REDUCING VISIBILITY
HIGHEST: 81 ON 2 GRTST 24HR 0.98 ON 11-11 TO 1/4 MILE OR LESS
LOWEST: 37 ON 19 3 = THUNDER
SNOW, ICE PELLETS, HAIL 4 = ICE PELLETS
TOTAL MONTH: 0.0 INCH 5 = HAIL
GRTST 24HR 0.0 6 = FREEZING RAIN OR DRIZZLE
GRTST DEPTH: 0 7 = DUSTSTORM OR SANDSTORM:
VSBY 1/2 MILE OR LESS
8 = SMOKE OR HAZE
[NO. OF DAYS WITH] [WEATHER - DAYS WITH] 9 = BLOWING SNOW
X = TORNADO
MAX 32 OR BELOW: 0 0.01 INCH OR MORE: 13
MAX 90 OR ABOVE: 0 0.10 INCH OR MORE: 8
MIN 32 OR BELOW: 0 0.50 INCH OR MORE: 2
MIN 0 OR BELOW: 0 1.00 INCH OR MORE: 0
[HDD (BASE 65) ]
TOTAL THIS MO. 164 CLEAR (SCALE 0-3) 7
DPTR FM NORMAL -7 PTCLDY (SCALE 4-7) 18
TOTAL FM JUL 1 175 CLOUDY (SCALE 8-10) 5
DPTR FM NORMAL -33
[CDD (BASE 65) ]
TOTAL THIS MO. 16
DPTR FM NORMAL -35 [PRESSURE DATA]
TOTAL FM JAN 1 728 HIGHEST SLP 30.44 ON 18
DPTR FM NORMAL 164 LOWEST SLP 29.50 ON 30
[REMARKS]
#FINAL-09-20#