000
CXUS55 KMSO 020407
CF6MSO
PRELIMINARY LOCAL CLIMATOLOGICAL DATA (WS FORM: F-6)
STATION: MISSOULA MT
MONTH: FEBRUARY
YEAR: 2024
LATITUDE: 46 55 N
LONGITUDE: 114 5 W
TEMPERATURE IN F: :PCPN: SNOW: WIND :SUNSHINE: SKY :PK WND
================================================================================
1 2 3 4 5 6A 6B 7 8 9 10 11 12 13 14 15 16 17 18
12Z AVG MX 2MIN
DY MAX MIN AVG DEP HDD CDD WTR SNW DPTH SPD SPD DIR MIN PSBL S-S WX SPD DR
================================================================================
1 36 24 30 4 35 0 0.00 0.0 T 1.2 8 260 M M 3 10 250
2 37 28 33 6 32 0 0.07 0.0 0 1.0 6 250 M M 9 1 7 140
3 38 33 36 9 29 0 0.45 0.0 0 0.3 6 120 M M 10 1 6 130
4 36 32 34 7 31 0 0.14 0.5 T 9.0 21 120 M M 8 1 26 120
5 41 27 34 7 31 0 T 0.1 T 11.4 22 130 M M 6 1 28 130
6 42 23 33 6 32 0 0.00 0.0 0 1.7 7 310 M M 2 12 9 150
7 34 27 31 4 34 0 0.01 0.1 0 2.7 12 20 M M 9 12 14 20
8 37 27 32 5 33 0 0.04 0.5 T 1.7 7 330 M M 10 1 11 330
9 39 29 34 6 31 0 0.02 0.4 T 2.8 13 290 M M 9 12 17 340
10 38 20 29 1 36 0 0.00 0.0 T 2.3 15 260 M M 4 1 19 260
11 36 28 32 4 33 0 T T 0 3.4 9 60 M M 10 11 160
12 43 31 37 9 28 0 T 0.1 T 1.5 9 230 M M 10 1 11 360
13 44 30 37 9 28 0 0.04 0.6 T 4.5 17 280 M M 9 12 21 270
14 30 24 27 -1 38 0 0.04 0.7 1 5.6 13 10 M M 10 18 18 10
15 27 22 25 -4 40 0 0.02 0.3 T 12.5 23 110 M M 10 18 30 110
16 23 14 19 -10 46 0 T 0.1 T 3.1 10 120 M M 7 M M
17 29 7 18 -11 47 0 0.00 0.0 0 3.4 8 130 M M 0 12 300
18 27 19 23 -7 42 0 0.10 0.9 0 0.6 7 130 M M 8 18 8 130
19 37 14 26 -4 39 0 0.00 0.0 1 1.2 9 240 M M 8 12 11 250
20 46 28 37 7 28 0 0.04 T T 3.2 16 320 M M 8 1 21 300
21 44 31 38 8 27 0 T 0.0 0 2.6 8 130 M M 8 12 M M
22 47 30 39 9 26 0 T 0.0 0 2.4 13 310 M M 9 1 16 310
23 51 24 38 7 27 0 0.00 0.0 0 2.7 18 280 M M 5 24 280
24 49 32 41 10 24 0 0.00 0.0 0 9.3 30 280 M M 8 52 310
25 52 39 46 15 19 0 0.03 0.0 0 6.4 22 250 M M 10 1 33 250
26 41 27 34 2 31 0 0.11 0.1 0 9.0 26 330 M M 9 18 39 340
27 32 21 27 -5 38 0 T T 0 6.2 24 320 M M 7 1 32 270
28 47 23 35 3 30 0 0.00 0.0 0 9.4 23 170 M M 9 30 170
29 55 34 45 12 20 0 T 0.0 0 12.2 41 270 M M 9 8 55 270
================================================================================
SM 1138 748 935 0 1.11 4.4 133.3 M 224
================================================================================
AV 39.2 25.8 4.6 FASTST M M 8 MAX(MPH)
MISC ----> 41 270 55 270
================================================================================
NOTES:
# LAST OF SEVERAL OCCURRENCES
COLUMN 17 PEAK WIND IN M.P.H.
PRELIMINARY LOCAL CLIMATOLOGICAL DATA (WS FORM: F-6) , PAGE 2
STATION: MISSOULA MT
MONTH: FEBRUARY
YEAR: 2024
LATITUDE: 46 55 N
LONGITUDE: 114 5 W
[TEMPERATURE DATA] [PRECIPITATION DATA] SYMBOLS USED IN COLUMN 16
AVERAGE MONTHLY: 32.5 TOTAL FOR MONTH: 1.11 1 = FOG OR MIST
DPTR FM NORMAL: 3.5 DPTR FM NORMAL: 0.23 2 = FOG REDUCING VISIBILITY
HIGHEST: 55 ON 29 GRTST 24HR 0.53 ON 3- 4 TO 1/4 MILE OR LESS
LOWEST: 7 ON 17 3 = THUNDER
SNOW, ICE PELLETS, HAIL 4 = ICE PELLETS
TOTAL MONTH: 4.4 INCHES 5 = HAIL
GRTST 24HR 0.9 ON 18-18 6 = FREEZING RAIN OR DRIZZLE
GRTST DEPTH: 1 ON 19,14 7 = DUSTSTORM OR SANDSTORM:
VSBY 1/2 MILE OR LESS
8 = SMOKE OR HAZE
[NO. OF DAYS WITH] [WEATHER - DAYS WITH] 9 = BLOWING SNOW
X = TORNADO
MAX 32 OR BELOW: 6 0.01 INCH OR MORE: 13
MAX 90 OR ABOVE: 0 0.10 INCH OR MORE: 4
MIN 32 OR BELOW: 26 0.50 INCH OR MORE: 0
MIN 0 OR BELOW: 0 1.00 INCH OR MORE: 0
[HDD (BASE 65) ]
TOTAL THIS MO. 935 CLEAR (SCALE 0-3) 2
DPTR FM NORMAL -74 PTCLDY (SCALE 4-7) 9
TOTAL FM JUL 1 4983 CLOUDY (SCALE 8-10) 18
DPTR FM NORMAL -553
[CDD (BASE 65) ]
TOTAL THIS MO. 0
DPTR FM NORMAL 0 [PRESSURE DATA]
TOTAL FM JAN 1 0 HIGHEST SLP 30.60 ON 17
DPTR FM NORMAL 0 LOWEST SLP 29.29 ON 29
[REMARKS]
#FINAL-02-24#