000
CXUS55 KMSO 020412
CLMMSO
CLIMATE REPORT
NATIONAL WEATHER SERVICE MISSOULA MT
912 PM MST FRI MAR 01 2024
...................................
...THE MISSOULA MT CLIMATE SUMMARY FOR THE MONTH OF FEBRUARY 2024...
CLIMATE NORMAL PERIOD 1991 TO 2020
CLIMATE RECORD PERIOD 1893 TO 2024
WEATHER OBSERVED NORMAL DEPART LAST YEAR`S
VALUE DATE(S) VALUE FROM VALUE
NORMAL
..............................................................
TEMPERATURE (F)
RECORD
HIGH 66 02/24/1995
LOW -28 02/10/1933
HIGHEST 55 02/29 MM MM 47
LOWEST 7 02/17 MM MM -2
AVG. MAXIMUM 39.2 37.0 2.2 36.2
AVG. MINIMUM 25.8 20.9 4.9 16.4
MEAN 32.5 29.0 3.5 26.3
DAYS MAX >= 90 0 0.0 0.0 0
DAYS MAX <= 32 6 6.3 -0.3 6
DAYS MIN <= 32 26 26.1 -0.1 26
DAYS MIN <= 0 0 1.4 -1.4 3
PRECIPITATION (INCHES)
RECORD
MAXIMUM 2.67 1936
MINIMUM 0.08 1934
TOTALS 1.11 0.88 0.23 0.49
DAILY AVG. 0.04 NAN NAN 0.02
DAYS >= .01 13 10.8 2.2 9
DAYS >= .10 4 2.8 1.2 2
DAYS >= .50 0 0.0 0.0 0
DAYS >= 1.00 0 0.0 0.0 0
GREATEST
24 HR. TOTAL 0.53 02/03 TO 02/04 0.18
SNOWFALL (INCHES)
TOTALS 4.4 8.5 -4.1 3.5
SINCE 7/1 22.5 36.4 -13.9 MM
DAYS >= TRACE 15 8.1 6.9 13
DAYS >= 1.0 0 2.8 -2.8 1
GREATEST
SNOW DEPTH 1 02/14 6
02/19
24 HR TOTAL MM MM
DEGREE DAYS
HEATING TOTAL 935 1009 -74
SINCE 7/1 4983 5536 -553
COOLING TOTAL 0 0 0
SINCE 1/1 0 0 0
..............................................................
WIND (MPH)
AVERAGE WIND SPEED 4.6
HIGHEST WIND SPEED/DIRECTION 41/270 DATE 02/29
HIGHEST GUST SPEED/DIRECTION 55/270 DATE 02/29
SKY COVER
POSSIBLE SUNSHINE (PERCENT) MM
AVERAGE SKY COVER 0.77
NUMBER OF DAYS FAIR 3
NUMBER OF DAYS PC 5
NUMBER OF DAYS CLOUDY 21
AVERAGE RH (PERCENT) 77
WEATHER CONDITIONS. NUMBER OF DAYS WITH
THUNDERSTORM 0 MIXED PRECIP 0
HEAVY RAIN 0 RAIN 2
LIGHT RAIN 7 FREEZING RAIN 0
LT FREEZING RAIN 0 HAIL 0
HEAVY SNOW 0 SNOW 1
LIGHT SNOW 14 SLEET 0
FOG 21 FOG W/VIS <= 1/4 MILE 6
HAZE 5
- INDICATES NEGATIVE NUMBERS.
R INDICATES RECORD WAS SET OR TIED.
MM INDICATES DATA IS MISSING.
T INDICATES TRACE AMOUNT.
$$