000
CXUS55 KGJT 011010
CF6MTJ
PRELIMINARY LOCAL CLIMATOLOGICAL DATA (WS FORM: F-6)
STATION: MONTROSE CO
MONTH: DECEMBER
YEAR: 2022
LATITUDE: 38 30 N
LONGITUDE: 107 53 W
TEMPERATURE IN F: :PCPN: SNOW: WIND :SUNSHINE: SKY :PK WND
================================================================================
1 2 3 4 5 6A 6B 7 8 9 10 11 12 13 14 15 16 17 18
12Z AVG MX 2MIN
DY MAX MIN AVG DEP HDD CDD WTR SNW DPTH SPD SPD DIR MIN PSBL S-S WX SPD DR
================================================================================
1 55 19 37 5 28 0 0.00 M M 10.0 30 190 M M 0 43 190
2 51 25 38 7 27 0 0.01 M M 12.5 44 210 M M 4 64 200
3 42 24 33 2 32 0 0.00 M M 3.5 14 40 M M 5 20 20
4 50 26 38 8 27 0 T M M 3.7 16 60 M M 4 22 60
5 51 35 43 13 22 0 0.01 M M 6.0 20 170 M M 5 23 180
6 38 31 35 5 30 0 0.28 M M 2.5 9 10 M M 9 12 14 350
7 39 29 34 5 31 0 0.11 M M 2.3 15 330 M M 8 12 20 250
8 40 24 32 3 33 0 T M M 5.8 15 230 M M 2 1 22 230
9 38 20 29 0 36 0 0.00 M M 6.2 21 80 M M 1 27 80
10 44 18 31 3 34 0 0.00 M M 3.9 18 70 M M 0 25 90
11 55 30 43 15 22 0 0.00 M M 9.6 20 120 M M 0 26 130
12 48 25 37 9 28 0 T M M 10.5 28 200 M M 6 18 41 200
13 29 15 22 -6 43 0 0.01 M M 5.9 14 330 M M 8 18 17 330
14 31 21 26 -1 39 0 T M M 3.8 12 140 M M 10 18 13 140
15 27 19 23 -4 42 0 0.01 M M 5.7 14 150 M M 9 18 17 150
16 24 9 17 -10 48 0 0.00 M M 5.8 15 140 M M 1 18 150
17 30 5 18 -8 47 0 0.00 M M 5.1 14 140 M M 0 17 150
18 30 8 19 -7 46 0 0.00 M M 5.6 13 150 M M 0 14 150
19 33 7 20 -6 45 0 0.00 M M 5.0 12 140 M M 0 12 150
20 33 10 22 -4 43 0 0.00 M M 5.4 12 170 M M 4 14 360
21 41 13 27 1 38 0 0.00 M M 3.8 12 140 M M 2 12 130
22 37 21 29 3 36 0 0.00 M M 5.3 16 250 M M 4 24 310
23 39 23 31 5 34 0 0.00 M M 3.1 10 150 M M 5 12 150
24 41 23 32 6 33 0 0.00 M M 3.5 10 160 M M 8 12 150
25 43 19 31 6 34 0 0.00 M M 5.4 12 330 M M 0 16 330
26 44 20 32 7 33 0 0.00 M M 4.2 10 160 M M 0 11 160
27 46 21 34 9 31 0 T M M 4.6 13 140 M M 4 17 260
28 41 29 35 10 30 0 0.21 M M 4.2 21 310 M M 10 1 26 320
29 32 15 24 -1 41 0 T M M 5.2 13 310 M M 7 1 18 310
30 33 23 28 3 37 0 0.01 M M 2.4 7 310 M M 9 1 8 300
31 48 28 38 13 27 0 0.00 M M 5.0 16 130 M M 10 27 140
================================================================================
SM 1233 635 1077 0 0.65 M 165.5 M 135
================================================================================
AV 39.8 20.5 5.3 FASTST M M 4 MAX(MPH)
MISC ----> 44 210 64 200
================================================================================
NOTES:
# LAST OF SEVERAL OCCURRENCES
COLUMN 17 PEAK WIND IN M.P.H.
PRELIMINARY LOCAL CLIMATOLOGICAL DATA (WS FORM: F-6) , PAGE 2
STATION: MONTROSE CO
MONTH: DECEMBER
YEAR: 2022
LATITUDE: 38 30 N
LONGITUDE: 107 53 W
[TEMPERATURE DATA] [PRECIPITATION DATA] SYMBOLS USED IN COLUMN 16
AVERAGE MONTHLY: 30.1 TOTAL FOR MONTH: 0.65 1 = FOG OR MIST
DPTR FM NORMAL: 2.8 DPTR FM NORMAL: 0.19 2 = FOG REDUCING VISIBILITY
HIGHEST: 55 ON 11, 1 GRTST 24HR 0.33 ON 6- 7 TO 1/4 MILE OR LESS
LOWEST: 5 ON 17 3 = THUNDER
SNOW, ICE PELLETS, HAIL 4 = ICE PELLETS
TOTAL MONTH: M 5 = HAIL
GRTST 24HR M ON M 6 = FREEZING RAIN OR DRIZZLE
GRTST DEPTH: M ON M 7 = DUSTSTORM OR SANDSTORM:
VSBY 1/2 MILE OR LESS
8 = SMOKE OR HAZE
[NO. OF DAYS WITH] [WEATHER - DAYS WITH] 9 = BLOWING SNOW
X = TORNADO
MAX 32 OR BELOW: 7 0.01 INCH OR MORE: 8
MAX 90 OR ABOVE: 0 0.10 INCH OR MORE: 3
MIN 32 OR BELOW: 30 0.50 INCH OR MORE: 0
MIN 0 OR BELOW: 0 1.00 INCH OR MORE: 0
[HDD (BASE 65) ]
TOTAL THIS MO. 1077 CLEAR (SCALE 0-3) 12
DPTR FM NORMAL -90 PTCLDY (SCALE 4-7) 11
TOTAL FM JUL 1 2492 CLOUDY (SCALE 8-10) 8
DPTR FM NORMAL -34
[CDD (BASE 65) ]
TOTAL THIS MO. 0
DPTR FM NORMAL 0 [PRESSURE DATA]
TOTAL FM JAN 1 871 HIGHEST SLP 30.57 ON 20
DPTR FM NORMAL 172 LOWEST SLP 29.44 ON 12
[REMARKS]
#FINAL-12-22#