000
CXUS55 KGJT 021809
CF6MTJ
PRELIMINARY LOCAL CLIMATOLOGICAL DATA (WS FORM: F-6)
STATION: MONTROSE CO
MONTH: OCTOBER
YEAR: 2020
LATITUDE: 38 30 N
LONGITUDE: 107 53 W
TEMPERATURE IN F: :PCPN: SNOW: WIND :SUNSHINE: SKY :PK WND
================================================================================
1 2 3 4 5 6A 6B 7 8 9 10 11 12 13 14 15 16 17 18
12Z AVG MX 2MIN
DY MAX MIN AVG DEP HDD CDD WTR SNW DPTH SPD SPD DIR MIN PSBL S-S WX SPD DR
================================================================================
1 77 41 59 3 6 0 0.00 M M 6.8 15 160 M M 0 19 160
2 76 41 59 3 6 0 0.00 M M 7.7 18 140 M M 0 23 140
3 76 39 58 3 7 0 0.00 M M 7.1 13 130 M M 0 15 140
4 78 40 59 4 6 0 0.00 M M 7.0 13 140 M M 0 15 140
5 78 40 59 5 6 0 0.00 M M 7.5 15 140 M M 0 17 140
6 79 38 59 5 6 0 0.00 M M 8.1 16 120 M M 0 19 160
7 80 39 60 6 5 0 0.00 M M 8.4 15 130 M M 0 17 140
8 82 39 61 8 4 0 0.00 M M 7.1 15 130 M M 0 18 300
9 81 43 62 9 3 0 0.00 M M 7.8 14 320 M M 0 17 320
10 81 45 63 11 2 0 0.00 M M 9.7 23 250 M M 0 35 270
11 71 40 56 4 9 0 T M M 12.7 36 320 M M 1 8 50 340
12 71 33 52 0 13 0 0.00 M M 5.4 13 140 M M 0 8 15 150
13 77 37 57 6 8 0 0.00 M M 6.5 12 140 M M 0 14 340
14 79 39 59 8 6 0 0.00 M M 7.7 24 300 M M 0 33 290
15 62 36 49 -1 16 0 0.00 M M 8.1 15 10 M M 0 20 310
16 66 30 48 -2 17 0 0.00 M M 6.7 15 310 M M 0 19 310
17 71 32 52 2 13 0 0.00 M M 6.4 15 330 M M 0 19 350
18 74 40 57 8 8 0 0.00 M M 6.9 14 150 M M 0 17 360
19 74 39 57 8 8 0 0.00 M M 6.7 14 140 M M 0 8 17 150
20 75 36 56 8 9 0 0.00 M M 6.7 15 150 M M 0 17 140
21 78 37 58 10 7 0 0.00 M M 8.1 20 260 M M 0 26 270
22 76 43 60 12 5 0 0.00 M M 11.3 23 260 M M 0 32 250
23 58 33 46 -1 19 0 0.00 M M 5.2 12 150 M M 0 12 150
24 71 34 53 6 12 0 0.00 M M 7.7 24 210 M M 0 34 250
25 67 16 42 -4 23 0 0.35 M M 15.4 36 310 M M 5 128 47 230
26 18 4 11 -35 54 0 0.07 M M 6.7 14 340 M M 8 1 20 340
27 30 1 16 -30 49 0 0.00 M M 3.3 9 120 M M 0 11 150
28 43 15 29 -16 36 0 0.00 M M 4.4 9 140 M M 0 1 12 140
29 55 27 41 -4 24 0 0.00 M M 4.8 13 140 M M 0 15 150
30 59 30 45 1 20 0 0.00 M M 5.7 13 150 M M 0 15 120
31 62 30 46 2 19 0 0.00 M M 6.3 12 140 M M 0 14 150
================================================================================
SM 2125 1037 426 0 0.42 M 229.9 M 14
================================================================================
AV 68.6 33.5 7.4 FASTST M M 0 MAX(MPH)
MISC ----> # 36 320 # 50 340
================================================================================
NOTES:
# LAST OF SEVERAL OCCURRENCES
COLUMN 17 PEAK WIND IN M.P.H.
PRELIMINARY LOCAL CLIMATOLOGICAL DATA (WS FORM: F-6) , PAGE 2
STATION: MONTROSE CO
MONTH: OCTOBER
YEAR: 2020
LATITUDE: 38 30 N
LONGITUDE: 107 53 W
[TEMPERATURE DATA] [PRECIPITATION DATA] SYMBOLS USED IN COLUMN 16
AVERAGE MONTHLY: 51.0 TOTAL FOR MONTH: 0.42 1 = FOG OR MIST
DPTR FM NORMAL: 1.0 DPTR FM NORMAL: -0.77 2 = FOG REDUCING VISIBILITY
HIGHEST: 82 ON 8 GRTST 24HR 0.35 ON 25-25 TO 1/4 MILE OR LESS
LOWEST: 1 ON 27 3 = THUNDER
SNOW, ICE PELLETS, HAIL 4 = ICE PELLETS
TOTAL MONTH: M 5 = HAIL
GRTST 24HR M ON M 6 = FREEZING RAIN OR DRIZZLE
GRTST DEPTH: M ON M 7 = DUSTSTORM OR SANDSTORM:
VSBY 1/2 MILE OR LESS
8 = SMOKE OR HAZE
[NO. OF DAYS WITH] [WEATHER - DAYS WITH] 9 = BLOWING SNOW
X = TORNADO
MAX 32 OR BELOW: 2 0.01 INCH OR MORE: 2
MAX 90 OR ABOVE: 0 0.10 INCH OR MORE: 1
MIN 32 OR BELOW: 9 0.50 INCH OR MORE: 0
MIN 0 OR BELOW: 0 1.00 INCH OR MORE: 0
[HDD (BASE 65) ]
TOTAL THIS MO. 426 CLEAR (SCALE 0-3) 29
DPTR FM NORMAL -38 PTCLDY (SCALE 4-7) 2
TOTAL FM JUL 1 541 CLOUDY (SCALE 8-10) 0
DPTR FM NORMAL -50
[CDD (BASE 65) ]
TOTAL THIS MO. 0
DPTR FM NORMAL 0 [PRESSURE DATA]
TOTAL FM JAN 1 896 HIGHEST SLP 30.49 ON 27
DPTR FM NORMAL 253 LOWEST SLP 29.34 ON 25
[REMARKS]
#FINAL-10-20#