000
CXUS53 KGRB 220714
CF6MTW
PRELIMINARY LOCAL CLIMATOLOGICAL DATA (WS FORM: F-6)
STATION: MANITOWOC AWOS
MONTH: OCTOBER
YEAR: 2020
LATITUDE: 44 7 N
LONGITUDE: 87 40 W
TEMPERATURE IN F: :PCPN: SNOW: WIND :SUNSHINE: SKY :PK WND
================================================================================
1 2 3 4 5 6A 6B 7 8 9 10 11 12 13 14 15 16 17 18
12Z AVG MX 2MIN
DY MAX MIN AVG DEP HDD CDD WTR SNW DPTH SPD SPD DIR MIN PSBL S-S WX SPD DR
================================================================================
1 56 41 49 M 16 0 T M 0 10.5 17 350 M M 7 24 340
2 47 34 41 M 24 0 0.00 0.0 0 5.0 10 350 M M 8 M M
3 47 39 43 M 22 0 0.17 M 0 3.8 10 330 M M 10 M M
4 53 36 45 M 20 0 T M 0 8.1 16 330 M M 7 24 330
5 59 34 47 M 18 0 0.00 0.0 0 10.4 23 180 M M 0 36 180
6 71 50 61 M 4 0 T 0.0 0 9.3 16 240 M M 1 21 270
7 67 43 55 M 10 0 0.03 M 0 8.8 18 290 M M 3 25 290
8 62 43 53 M 12 0 0.00 0.0 0 6.7 13 320 M M 0 20 320
9 73 45 59 M 6 0 0.00 0.0 0 10.7 17 180 M M 1 25 180
10 73 47 60 M 5 0 0.00 0.0 0 10.2 14 350 M M 0 23 250
11 59 46 53 M 12 0 0.00 0.0 0 9.3 14 140 M M 7 M M
12 59 49 54 M 11 0 0.18 M 0 11.6 22 150 M M 6 13 36 300
13 66 47 57 M 8 0 T M 0 10.0 20 270 M M 2 33 230
14 59 45 52 M 13 0 0.08 M 0 12.1 27 180 M M 3 37 180
15 57 34 46 M 19 0 0.00 0.0 0 14.5 25 280 M M 4 38 280
16 52 34 43 M 22 0 0.05 M 0 9.8 17 250 M M 3 21 270
17 57 28 43 M 22 0 0.01 M 0 10.9 24 160 M M 7 40 180
18 56 33 45 M 20 0 0.01 M 0 7.8 14 300 M M 4 21 300
19 40 27 34 M 31 0 M M M 6.1 13 340 M M 6 M M
20 45 29 37 M 28 0 0.09 M M 7.3 12 130 M M 4 1 M M
21 45 40 43 M 22 0 0.01 M M 8.2 18 270 M M 6 1 31 280
================================================================================
SM 1203 824 345 0 0.63 0.0 191.1 M 89
================================================================================
AV 57.3 39.2 9.1 FASTST M M 4 MAX(MPH)
MISC ----> 27 180 40 180
================================================================================
NOTES:
# LAST OF SEVERAL OCCURRENCES
COLUMN 17 PEAK WIND IN M.P.H.
PRELIMINARY LOCAL CLIMATOLOGICAL DATA (WS FORM: F-6) , PAGE 2
STATION: MANITOWOC AWOS
MONTH: OCTOBER
YEAR: 2020
LATITUDE: 44 7 N
LONGITUDE: 87 40 W
[TEMPERATURE DATA] [PRECIPITATION DATA] SYMBOLS USED IN COLUMN 16
AVERAGE MONTHLY: 48.3 TOTAL FOR MONTH: 0.63 1 = FOG OR MIST
DPTR FM NORMAL: 0.0 DPTR FM NORMAL: 0.63 2 = FOG REDUCING VISIBILITY
HIGHEST: 73 ON 10, 9 GRTST 24HR 0.18 ON 12-12 TO 1/4 MILE OR LESS
LOWEST: 27 ON 19 3 = THUNDER
SNOW, ICE PELLETS, HAIL 4 = ICE PELLETS
TOTAL MONTH: 0.0 INCH 5 = HAIL
GRTST 24HR 0.0 6 = FREEZING RAIN OR DRIZZLE
GRTST DEPTH: 0 7 = DUSTSTORM OR SANDSTORM:
VSBY 1/2 MILE OR LESS
8 = SMOKE OR HAZE
[NO. OF DAYS WITH] [WEATHER - DAYS WITH] 9 = BLOWING SNOW
X = TORNADO
MAX 32 OR BELOW: 0 0.01 INCH OR MORE: 9
MAX 90 OR ABOVE: 0 0.10 INCH OR MORE: 2
MIN 32 OR BELOW: 3 0.50 INCH OR MORE: 0
MIN 0 OR BELOW: 0 1.00 INCH OR MORE: 0
[HDD (BASE 65) ]
TOTAL THIS MO. 345 CLEAR (SCALE 0-3) 9
DPTR FM NORMAL M PTCLDY (SCALE 4-7) 11
TOTAL FM JUL 1 505 CLOUDY (SCALE 8-10) 1
DPTR FM NORMAL M
[CDD (BASE 65) ]
TOTAL THIS MO. 0
DPTR FM NORMAL M [PRESSURE DATA]
TOTAL FM JAN 1 475 HIGHEST SLP M ON M
DPTR FM NORMAL 475 LOWEST SLP M ON M
[REMARKS]