000
CXUS55 KBOI 011002
CF6MUO
PRELIMINARY LOCAL CLIMATOLOGICAL DATA (WS FORM: F-6)
STATION: MOUNTAIN HOME AFB
MONTH: MARCH
YEAR: 2021
LATITUDE: 43 2 N
LONGITUDE: 115 52 W
TEMPERATURE IN F: :PCPN: SNOW: WIND :SUNSHINE: SKY :PK WND
================================================================================
1 2 3 4 5 6A 6B 7 8 9 10 11 12 13 14 15 16 17 18
12Z AVG MX 2MIN
DY MAX MIN AVG DEP HDD CDD WTR SNW DPTH SPD SPD DIR MIN PSBL S-S WX SPD DR
================================================================================
1 51 25 38 -1 27 0 0.00 M M 17.5 31 110 M M 0 39 110
2 57 28 43 4 22 0 0.00 M M 12.7 23 120 M M 0 M M
3 61 28 45 6 20 0 0.00 M M 11.4 23 120 M M 0 22 110
4 61 24 43 3 22 0 0.00 M M 4.4 9 50 M M 0 M M
5 67 32 50 10 15 0 0.00 M M 21.4 32 100 M M 0 44 100
6 52 30 41 1 24 0 0.02 M M 13.5 32 100 M M 4 1 44 100
7 56 26 41 1 24 0 0.00 M M 8.0 16 110 M M 1 8 M M
8 54 29 42 1 23 0 T M M 4.8 24 280 M M 7 18 32 290
9 51 21 36 -5 29 0 T M M 3.4 12 110 M M 2 M M
10 52 19 36 -5 29 0 0.00 M M 6.1 12 40 M M 2 M M
11 54 20 37 -5 28 0 0.00 M M 3.7 10 320 M M 0 M M
12 53 20 37 -5 28 0 0.00 M M 5.4 12 320 M M 0 17 320
13 58 17 38 -4 27 0 0.00 M M 5.3 15 330 M M 0 22 330
14 65 24 45 3 20 0 0.00 M M 4.6 13 290 M M 1 M M
15 61 30 46 3 19 0 0.00 M M 10.9 28 320 M M 6 36 330
16 55 32 44 1 21 0 0.00 M M 14.3 21 310 M M 4 32 300
17 62 25 44 1 21 0 0.00 M M 7.3 16 110 M M 1 20 120
18 69 38 54 11 11 0 0.00 M M 11.8 20 120 M M 4 M M
19 57 41 49 5 16 0 0.04 M M 8.7 23 320 M M 7 30 330
20 52 34 43 -1 22 0 0.12 M M 15.2 30 320 M M 5 1 38 300
21 51 27 39 -5 26 0 0.00 M M 9.9 21 330 M M 1 25 290
22 49 31 40 -4 25 0 0.04 M M 10.4 29 310 M M 9 18 33 310
23 53 30 42 -3 23 0 0.00 M M 19.6 29 320 M M 1 38 320
24 49 23 36 -9 29 0 T M M 6.5 16 290 M M 5 M M
25 49 35 42 -3 23 0 0.06 M M 14.1 22 300 M M 7 32 300
26 54 31 43 -2 22 0 0.00 M M 18.0 27 320 M M 0 40 300
27 62 27 45 0 20 0 0.00 M M 4.8 13 320 M M 0 M M
28 76 34 55 9 10 0 0.00 M M 13.3 29 270 M M 0 45 260
29 64 30 47 1 18 0 T M M 23.4 52 330 M M 3 8 60 330
30 48 22 35 -11 30 0 0.00 M M 13.5 22 320 M M 1 33 300
31 58 19 39 -7 26 0 0.00 M M 8.1 14 110 M M 0 M M
================================================================================
SM 1761 852 700 0 0.28 M 332.0 M 71
================================================================================
AV 56.8 27.5 10.7 FASTST M M 2 MAX(MPH)
MISC ----> 52 330 60 330
================================================================================
NOTES:
# LAST OF SEVERAL OCCURRENCES
COLUMN 17 PEAK WIND IN M.P.H.
PRELIMINARY LOCAL CLIMATOLOGICAL DATA (WS FORM: F-6) , PAGE 2
STATION: MOUNTAIN HOME AFB
MONTH: MARCH
YEAR: 2021
LATITUDE: 43 2 N
LONGITUDE: 115 52 W
[TEMPERATURE DATA] [PRECIPITATION DATA] SYMBOLS USED IN COLUMN 16
AVERAGE MONTHLY: 42.1 TOTAL FOR MONTH: 0.28 1 = FOG OR MIST
DPTR FM NORMAL: -0.6 DPTR FM NORMAL: -0.92 2 = FOG REDUCING VISIBILITY
HIGHEST: 76 ON 28 GRTST 24HR 0.12 ON 20-20 TO 1/4 MILE OR LESS
LOWEST: 17 ON 13 3 = THUNDER
SNOW, ICE PELLETS, HAIL 4 = ICE PELLETS
TOTAL MONTH: M 5 = HAIL
GRTST 24HR M ON M 6 = FREEZING RAIN OR DRIZZLE
GRTST DEPTH: M ON M 7 = DUSTSTORM OR SANDSTORM:
VSBY 1/2 MILE OR LESS
8 = SMOKE OR HAZE
[NO. OF DAYS WITH] [WEATHER - DAYS WITH] 9 = BLOWING SNOW
X = TORNADO
MAX 32 OR BELOW: 0 0.01 INCH OR MORE: 5
MAX 90 OR ABOVE: 0 0.10 INCH OR MORE: 1
MIN 32 OR BELOW: 26 0.50 INCH OR MORE: 0
MIN 0 OR BELOW: 0 1.00 INCH OR MORE: 0
[HDD (BASE 65) ]
TOTAL THIS MO. 700 CLEAR (SCALE 0-3) 20
DPTR FM NORMAL 3 PTCLDY (SCALE 4-7) 10
TOTAL FM JUL 1 4739 CLOUDY (SCALE 8-10) 1
DPTR FM NORMAL -294
[CDD (BASE 65) ]
TOTAL THIS MO. 0
DPTR FM NORMAL 0 [PRESSURE DATA]
TOTAL FM JAN 1 0 HIGHEST SLP M ON M
DPTR FM NORMAL 0 LOWEST SLP M ON M
[REMARKS]
#FINAL-03-21#